{"id":677,"date":"2017-11-01T15:08:42","date_gmt":"2017-11-01T17:08:42","guid":{"rendered":"http:\/\/extensao.ifg.edu.br\/projetosanearcidades\/?page_id=677"},"modified":"2017-12-04T10:20:40","modified_gmt":"2017-12-04T12:20:40","slug":"polo-uruacu","status":"publish","type":"page","link":"https:\/\/extensao.ifg.edu.br\/projetosanearcidades\/polo-uruacu\/","title":{"rendered":"Polo Urua\u00e7u"},"content":{"rendered":"<p style=\"text-align: center;\"><strong>Evento de Chamamento<\/strong><\/p>\n<p><a href=\"http:\/\/extensao.ifg.edu.br\/projetosanearcidades\/wp-content\/uploads\/sites\/5\/2017\/12\/Eventos-de-Chamamento-Polo-urua\u00e7u-versao-6-.png\"><img decoding=\"async\" class=\"alignnone size-full wp-image-682\" src=\"http:\/\/extensao.ifg.edu.br\/projetosanearcidades\/wp-content\/uploads\/sites\/5\/2017\/12\/Eventos-de-Chamamento-Polo-urua\u00e7u-versao-6-.png\" alt=\"Datas-dos-eventos-de-chamamento-Municipios-Polo-Uruacu\" width=\"100%\" \/><\/a><\/p>\n<p style=\"text-align: center;\"><strong>Cronograma de visitas t\u00e9cnicas<\/strong><\/p>\n<p><a href=\"http:\/\/extensao.ifg.edu.br\/projetosanearcidades\/wp-content\/uploads\/sites\/5\/2017\/11\/Cronograma-visitas-tecnicas-Polo-Uruacu-versao-3.png\"><img decoding=\"async\" class=\"alignnone size-full wp-image-657\" src=\"http:\/\/extensao.ifg.edu.br\/projetosanearcidades\/wp-content\/uploads\/sites\/5\/2017\/11\/Cronograma-visitas-tecnicas-Polo-Uruacu-versao-3.png\" alt=\"Cronograma-visitas-tecnicas-Polo-Uruacu\" width=\"100%\" \/><\/a><\/p>\n<p style=\"text-align: center;\"><strong>\u00c1gua Fria de Goi\u00e1s<\/strong><\/p>\n<p><a href=\"http:\/\/extensao.ifg.edu.br\/projetosanearcidades\/wp-content\/uploads\/sites\/5\/2017\/11\/Cronograma-de-Visita-Agua-Fria-de-Goias.png\"><img decoding=\"async\" class=\"alignnone size-full wp-image-657\" src=\"http:\/\/extensao.ifg.edu.br\/projetosanearcidades\/wp-content\/uploads\/sites\/5\/2017\/11\/Cronograma-de-Visita-Agua-Fria-de-Goias.png\" alt=\"Cronograma-de-Visita-Agua-Fria-de-Goias\" width=\"100%\" \/><\/a><\/p>\n<p style=\"text-align: center;\"><strong>Padre Bernardo<\/strong><\/p>\n<p><a href=\"http:\/\/extensao.ifg.edu.br\/projetosanearcidades\/wp-content\/uploads\/sites\/5\/2017\/11\/Cronograma-de-Visita-Padre-Bernardo.png\"><img decoding=\"async\" class=\"alignnone size-full wp-image-657\" src=\"http:\/\/extensao.ifg.edu.br\/projetosanearcidades\/wp-content\/uploads\/sites\/5\/2017\/11\/Cronograma-de-Visita-Padre-Bernardo.png\" alt=\"Cronograma-de-Visita-Padre-Bernardo\" width=\"100%\" \/><\/a><\/p>\n","protected":false},"excerpt":{"rendered":"<p>Evento de Chamamento Cronograma de visitas t\u00e9cnicas \u00c1gua Fria de Goi\u00e1s Padre Bernardo<\/p>\n","protected":false},"author":4,"featured_media":0,"parent":0,"menu_order":0,"comment_status":"closed","ping_status":"closed","template":"","meta":{"_links_to":"","_links_to_type":0,"footnotes":""},"class_list":["post-677","page","type-page","status-publish","hentry"],"_links":{"self":[{"href":"https:\/\/extensao.ifg.edu.br\/projetosanearcidades\/wp-json\/wp\/v2\/pages\/677"}],"collection":[{"href":"https:\/\/extensao.ifg.edu.br\/projetosanearcidades\/wp-json\/wp\/v2\/pages"}],"about":[{"href":"https:\/\/extensao.ifg.edu.br\/projetosanearcidades\/wp-json\/wp\/v2\/types\/page"}],"author":[{"embeddable":true,"href":"https:\/\/extensao.ifg.edu.br\/projetosanearcidades\/wp-json\/wp\/v2\/users\/4"}],"replies":[{"embeddable":true,"href":"https:\/\/extensao.ifg.edu.br\/projetosanearcidades\/wp-json\/wp\/v2\/comments?post=677"}],"version-history":[{"count":17,"href":"https:\/\/extensao.ifg.edu.br\/projetosanearcidades\/wp-json\/wp\/v2\/pages\/677\/revisions"}],"predecessor-version":[{"id":864,"href":"https:\/\/extensao.ifg.edu.br\/projetosanearcidades\/wp-json\/wp\/v2\/pages\/677\/revisions\/864"}],"wp:attachment":[{"href":"https:\/\/extensao.ifg.edu.br\/projetosanearcidades\/wp-json\/wp\/v2\/media?parent=677"}],"curies":[{"name":"wp","href":"https:\/\/api.w.org\/{rel}","templated":true}]}}