{"id":60,"date":"2017-03-22T14:12:28","date_gmt":"2017-03-22T17:12:28","guid":{"rendered":"http:\/\/extensao.ifg.edu.br\/projetosanearcidades\/?page_id=60"},"modified":"2017-03-24T12:37:13","modified_gmt":"2017-03-24T15:37:13","slug":"sugestao-de-hoteis-restaurantes","status":"publish","type":"page","link":"https:\/\/extensao.ifg.edu.br\/projetosanearcidades\/sugestao-de-hoteis-restaurantes\/","title":{"rendered":"Sugest\u00e3o de Hot\u00e9is \/ Restaurantes"},"content":{"rendered":"<p><a href=\"http:\/\/extensao.ifg.edu.br\/projetosanearcidades\/polo-aparecida-de-goiania\/\">Polo Aparecida de Goi\u00e2nia<\/a><\/p>\n<p><a href=\"http:\/\/extensao.ifg.edu.br\/projetosanearcidades\/polo-goiania\/\">Polo Goi\u00e2nia<\/a><\/p>\n<p><a href=\"http:\/\/extensao.ifg.edu.br\/projetosanearcidades\/polo-uruacu\/\">Polo Urua\u00e7u<\/a><\/p>\n","protected":false},"excerpt":{"rendered":"<p>Polo Aparecida de Goi\u00e2nia Polo Goi\u00e2nia Polo Urua\u00e7u<\/p>\n","protected":false},"author":4,"featured_media":0,"parent":0,"menu_order":0,"comment_status":"closed","ping_status":"closed","template":"","meta":{"_links_to":"","_links_to_type":0,"footnotes":""},"class_list":["post-60","page","type-page","status-publish","hentry"],"_links":{"self":[{"href":"https:\/\/extensao.ifg.edu.br\/projetosanearcidades\/wp-json\/wp\/v2\/pages\/60"}],"collection":[{"href":"https:\/\/extensao.ifg.edu.br\/projetosanearcidades\/wp-json\/wp\/v2\/pages"}],"about":[{"href":"https:\/\/extensao.ifg.edu.br\/projetosanearcidades\/wp-json\/wp\/v2\/types\/page"}],"author":[{"embeddable":true,"href":"https:\/\/extensao.ifg.edu.br\/projetosanearcidades\/wp-json\/wp\/v2\/users\/4"}],"replies":[{"embeddable":true,"href":"https:\/\/extensao.ifg.edu.br\/projetosanearcidades\/wp-json\/wp\/v2\/comments?post=60"}],"version-history":[{"count":3,"href":"https:\/\/extensao.ifg.edu.br\/projetosanearcidades\/wp-json\/wp\/v2\/pages\/60\/revisions"}],"predecessor-version":[{"id":316,"href":"https:\/\/extensao.ifg.edu.br\/projetosanearcidades\/wp-json\/wp\/v2\/pages\/60\/revisions\/316"}],"wp:attachment":[{"href":"https:\/\/extensao.ifg.edu.br\/projetosanearcidades\/wp-json\/wp\/v2\/media?parent=60"}],"curies":[{"name":"wp","href":"https:\/\/api.w.org\/{rel}","templated":true}]}}