{"id":40,"date":"2017-03-22T12:48:13","date_gmt":"2017-03-22T15:48:13","guid":{"rendered":"http:\/\/extensao.ifg.edu.br\/projetosanearcidades\/?page_id=40"},"modified":"2017-03-22T14:08:50","modified_gmt":"2017-03-22T17:08:50","slug":"estrutura","status":"publish","type":"page","link":"https:\/\/extensao.ifg.edu.br\/projetosanearcidades\/estrutura\/","title":{"rendered":"Estrutura"},"content":{"rendered":"<p>O Projeto SanearCidades foi estruturado em atividades de capacita\u00e7\u00e3o na forma presencial por meio da realiza\u00e7\u00e3o de <span class=\"Apple-style-span\" style=\"font-weight: bold;\">Evento de Alinhamento<\/span> e <span class=\"Apple-style-span\" style=\"font-weight: bold;\">Oficinas de Capacita\u00e7\u00e3o<\/span>, e a dist\u00e2ncia utilizando o <a href=\"http:\/\/extensao.ead.ifg.edu.br\/\">ambiente virtual Moodle do IFG<\/a>.<\/p>\n<p>A estrutura\u00e7\u00e3o do processo de capacita\u00e7\u00e3o pedag\u00f3gica e assessoria aos munic\u00edpios aderidos ser\u00e1 realizada por meio de <span class=\"Apple-style-span\" style=\"font-weight: bold;\">4 (quatro) eventos presenciais e 3 (tr\u00eas) momentos de acompanhamento<\/span> (assist\u00eancia t\u00e9cnica) na forma presencial e a dist\u00e2ncia, conforme descrito no Quadro 01.<\/p>\n<p><span class=\"Apple-style-span\" style=\"font-weight: bold;\">Quadro 01. Etapas do processo de capacita\u00e7\u00e3o e assist\u00eancia t\u00e9cnica aos munic\u00edpios.<\/span><\/p>\n<p><a href=\"http:\/\/extensao.ifg.edu.br\/projetosanearcidades\/wp-content\/uploads\/sites\/5\/2017\/03\/Estrutura-do-Projeto-SanearCidades-quadro-1.png\"><img loading=\"lazy\" decoding=\"async\" class=\"alignnone size-full wp-image-41\" src=\"http:\/\/extensao.ifg.edu.br\/projetosanearcidades\/wp-content\/uploads\/sites\/5\/2017\/03\/Estrutura-do-Projeto-SanearCidades-quadro-1.png\" alt=\"Estrutura-do-Projeto-SanearCidades--quadro-1\" width=\"989\" height=\"756\" \/><\/a><br \/>\n<strong>NOTAS<\/strong>: (1) Carga hor\u00e1ria m\u00ednima que o munic\u00edpio deve cumprir durante as atividades a dist\u00e2ncia, entre as Oficinas de Capacita\u00e7\u00e3o para fins de certifica\u00e7\u00e3o.<\/p>\n","protected":false},"excerpt":{"rendered":"<p>O Projeto SanearCidades foi estruturado em atividades de capacita\u00e7\u00e3o na forma presencial por meio da realiza\u00e7\u00e3o de Evento de Alinhamento e Oficinas de Capacita\u00e7\u00e3o, e a dist\u00e2ncia utilizando o ambiente virtual Moodle do IFG. A estrutura\u00e7\u00e3o do processo de capacita\u00e7\u00e3o pedag\u00f3gica e assessoria aos munic\u00edpios aderidos ser\u00e1 realizada por meio de 4 (quatro) eventos presenciais [&hellip;]<\/p>\n","protected":false},"author":4,"featured_media":0,"parent":0,"menu_order":0,"comment_status":"closed","ping_status":"closed","template":"","meta":{"_links_to":"","_links_to_type":0,"footnotes":""},"class_list":["post-40","page","type-page","status-publish","hentry"],"_links":{"self":[{"href":"https:\/\/extensao.ifg.edu.br\/projetosanearcidades\/wp-json\/wp\/v2\/pages\/40"}],"collection":[{"href":"https:\/\/extensao.ifg.edu.br\/projetosanearcidades\/wp-json\/wp\/v2\/pages"}],"about":[{"href":"https:\/\/extensao.ifg.edu.br\/projetosanearcidades\/wp-json\/wp\/v2\/types\/page"}],"author":[{"embeddable":true,"href":"https:\/\/extensao.ifg.edu.br\/projetosanearcidades\/wp-json\/wp\/v2\/users\/4"}],"replies":[{"embeddable":true,"href":"https:\/\/extensao.ifg.edu.br\/projetosanearcidades\/wp-json\/wp\/v2\/comments?post=40"}],"version-history":[{"count":5,"href":"https:\/\/extensao.ifg.edu.br\/projetosanearcidades\/wp-json\/wp\/v2\/pages\/40\/revisions"}],"predecessor-version":[{"id":58,"href":"https:\/\/extensao.ifg.edu.br\/projetosanearcidades\/wp-json\/wp\/v2\/pages\/40\/revisions\/58"}],"wp:attachment":[{"href":"https:\/\/extensao.ifg.edu.br\/projetosanearcidades\/wp-json\/wp\/v2\/media?parent=40"}],"curies":[{"name":"wp","href":"https:\/\/api.w.org\/{rel}","templated":true}]}}