{"id":270,"date":"2017-03-23T17:14:42","date_gmt":"2017-03-23T20:14:42","guid":{"rendered":"http:\/\/extensao.ifg.edu.br\/projetosanearcidades\/?page_id=270"},"modified":"2017-11-01T15:06:39","modified_gmt":"2017-11-01T17:06:39","slug":"goiania","status":"publish","type":"page","link":"https:\/\/extensao.ifg.edu.br\/projetosanearcidades\/goiania\/","title":{"rendered":"Goi\u00e2nia"},"content":{"rendered":"<p><a href=\"http:\/\/extensao.ifg.edu.br\/projetosanearcidades\/contatos\/\">Contatos do Polo<\/a><\/p>\n<p>&nbsp;<\/p>\n<p><strong>Hot\u00e9is<\/strong><\/p>\n<p>1 &#8211; <a href=\"http:\/\/www.alliahotels.com.br\/nossos-hoteis\/plaza-inn\/plaza-inn-augustus-hotel?checkin=21\/03\/2017&amp;checkout=28\/03\/2017\">Plaza Inn Augustus Hotel <\/a><br \/>\n<a href=\"https:\/\/www.google.com.br\/maps\/dir\/''\/Plaza+Inn+Augustus+Hotel\/@-16.6690321,-49.2565633,16.69z\/data=!4m8!4m7!1m0!1m5!1m1!1s0x935ef3d9cda63b59:0x6d19b9d2822261e!2m2!1d-49.254164!2d-16.672332\">Endere\u00e7o: Rua 4, 149 &#8211; St. Central, Goi\u00e2nia &#8211; GO, 74020-045<\/a><br \/>\nTelefone: <a href=\"tel:6232166666\">(62) 3216-6666<\/a> <\/p>\n<p>2 &#8211; <a href=\"http:\/\/www.atlanticahotels.com.br\/hotel\/goiania\/comfort-hotel-goiania\">Comfort Hotel Goi\u00e2nia<\/a><br \/>\n<a href=\"https:\/\/www.google.com.br\/maps\/dir\/''\/comfort+hotel+goi%C3%A2nia\/@-16.6705324,-49.2668458,15.78z\/data=!4m8!4m7!1m0!1m5!1m1!1s0x935ef3e05d8a23f7:0xf1e674340abe700e!2m2!1d-49.2652395!2d-16.6740892\">Endere\u00e7o: Av. Dr. Ismerino Soares de Carvalho, 52 &#8211; St. Aeroporto, Goi\u00e2nia &#8211; GO, 74075-040<\/a><br \/>\nTelefone: <a href=\"tel:6238781500\">(62) 3878-1500<\/a><\/p>\n<p>3 &#8211; <a href=\"http:\/\/www.alliahotels.com.br\/nossos-hoteis\/plaza-inn\/plaza-inn-paineiras-flat?checkin=21\/03\/2017&amp;checkout=28\/03\/2017\">Plaza Inn Paineiras Flat<\/a><br \/>\n<a href=\"https:\/\/www.google.com.br\/maps\/dir\/''\/Plaza+Inn+Paineiras+Flat\/@-16.6686548,-49.2588432,15.91z\/data=!4m8!4m7!1m0!1m5!1m1!1s0x935ef164ea7d11d1:0xce4a33c429a0b538!2m2!1d-49.2546434!2d-16.6720703\">Endere\u00e7o: Rua 20, 930 &#8211; St. Central, Goi\u00e2nia &#8211; GO, 74020-170<\/a><br \/>\nTelefone: <a href=\"tel:6240053636\">(62) 4005-3636<\/a><\/p>\n<p>&nbsp;<\/p>\n<p><strong>Restaurantes<\/strong><\/p>\n<p>1 &#8211; Restaurante Cheiro Verde<br \/>\nEndere\u00e7o: Rua 75 (quase esquina com a Rua 68), n. 535, Setor Central, Goi\u00e2nia \u2013 GO. CEP: 74055-110<\/p>\n<p>2 &#8211; Restaurante Mandakar\u00fa<br \/>\n<a href=\"https:\/\/www.google.com.br\/maps\/dir\/''\/Restaurante+Mandacaru+goiania\/@-16.6652172,-49.2559097,17.73z\/data=!4m8!4m7!1m0!1m5!1m1!1s0x935ef3da84951dd3:0x59998e72bdf06afd!2m2!1d-49.2540661!2d-16.6655521\">Endere\u00e7o: ao lado do IFG \u2013 Campus Goi\u00e2nia<\/a><\/p>\n<p>3 &#8211; <a href=\"http:\/\/www.araguaiashopping.com.br\/\">Pra\u00e7a de Alimenta\u00e7\u00e3o do Araguaia Shopping (localizado na rodovi\u00e1ria de Goi\u00e2nia)<\/a><br \/>\n<a href=\"https:\/\/www.google.com.br\/maps\/dir\/''\/araguaia+shopping\/@-16.662691,-49.2578954,16.64z\/data=!4m8!4m7!1m0!1m5!1m1!1s0x935ef3c6b0800001:0x8820e9d1bcf9a7b0!2m2!1d-49.259642!2d-16.659386\">Endere\u00e7o: Rua 44, n. 399, Setor Central, Goi\u00e2nia \u2013 GO. CEP: 74063-010<\/a><\/p>\n","protected":false},"excerpt":{"rendered":"<p>Contatos do Polo &nbsp; Hot\u00e9is 1 &#8211; Plaza Inn Augustus Hotel Endere\u00e7o: Rua 4, 149 &#8211; St. Central, Goi\u00e2nia &#8211; GO, 74020-045 Telefone: (62) 3216-6666 2 &#8211; Comfort Hotel Goi\u00e2nia Endere\u00e7o: Av. Dr. Ismerino Soares de Carvalho, 52 &#8211; St. Aeroporto, Goi\u00e2nia &#8211; GO, 74075-040 Telefone: (62) 3878-1500 3 &#8211; Plaza Inn Paineiras Flat Endere\u00e7o: [&hellip;]<\/p>\n","protected":false},"author":4,"featured_media":0,"parent":0,"menu_order":0,"comment_status":"closed","ping_status":"closed","template":"","meta":{"_links_to":"","_links_to_type":0,"footnotes":""},"class_list":["post-270","page","type-page","status-publish","hentry"],"_links":{"self":[{"href":"https:\/\/extensao.ifg.edu.br\/projetosanearcidades\/wp-json\/wp\/v2\/pages\/270"}],"collection":[{"href":"https:\/\/extensao.ifg.edu.br\/projetosanearcidades\/wp-json\/wp\/v2\/pages"}],"about":[{"href":"https:\/\/extensao.ifg.edu.br\/projetosanearcidades\/wp-json\/wp\/v2\/types\/page"}],"author":[{"embeddable":true,"href":"https:\/\/extensao.ifg.edu.br\/projetosanearcidades\/wp-json\/wp\/v2\/users\/4"}],"replies":[{"embeddable":true,"href":"https:\/\/extensao.ifg.edu.br\/projetosanearcidades\/wp-json\/wp\/v2\/comments?post=270"}],"version-history":[{"count":14,"href":"https:\/\/extensao.ifg.edu.br\/projetosanearcidades\/wp-json\/wp\/v2\/pages\/270\/revisions"}],"predecessor-version":[{"id":671,"href":"https:\/\/extensao.ifg.edu.br\/projetosanearcidades\/wp-json\/wp\/v2\/pages\/270\/revisions\/671"}],"wp:attachment":[{"href":"https:\/\/extensao.ifg.edu.br\/projetosanearcidades\/wp-json\/wp\/v2\/media?parent=270"}],"curies":[{"name":"wp","href":"https:\/\/api.w.org\/{rel}","templated":true}]}}