{"id":51,"date":"2023-12-18T17:52:42","date_gmt":"2023-12-18T20:52:42","guid":{"rendered":"http:\/\/extensao.ifg.edu.br\/programa-atena\/?page_id=51"},"modified":"2025-01-04T10:05:50","modified_gmt":"2025-01-04T13:05:50","slug":"programa-atena","status":"publish","type":"page","link":"https:\/\/extensao.ifg.edu.br\/programa-atena\/","title":{"rendered":"Programa Atena"},"content":{"rendered":"<p><strong> SOBRE O PROGRAMA ATENA<\/strong><\/p>\n<p style=\"text-align: left\"><span style=\"font-weight: 400\">Tra\u00e7ando caminhos para leitura, socializa\u00e7\u00e3o, cultura e forma\u00e7\u00e3o possui um car\u00e1ter org\u00e2nico-institucional e compreende em seu cronograma anual de execu\u00e7\u00e3o um conjunto de a\u00e7\u00f5es de extens\u00e3o vinculadas entre si, sendo elas: Projeto, Evento e Curso.<\/span><\/p>\n<p><span style=\"font-weight: 400\">O <strong>objetivo<\/strong> do Programa \u00e9 promover a cultura da leitura e escrita com impacto no desenvolvimento humano integral da comunidade participante da a\u00e7\u00e3o.<\/span><\/p>\n<p>\u00a0A gest\u00e3o do Programa \u00e9 realizada pela Equipe da Biblioteca Atena do IFG &#8211; C\u00e2mpus Inhumas. A Biblioteca Atena exerce um importante papel como centro disseminador de conhecimento e disponibiliza atendimento, n\u00e3o s\u00f3 a alunos e servidores do IFG, como a toda comunidade de Inhumas e regi\u00e3o.<\/p>\n<p>\u00a0<\/p>\n<p>\u00a0<\/p>\n\n","protected":false},"excerpt":{"rendered":"<p>SOBRE O PROGRAMA ATENA Tra\u00e7ando caminhos para leitura, socializa\u00e7\u00e3o, cultura e forma\u00e7\u00e3o possui um car\u00e1ter org\u00e2nico-institucional e compreende em seu cronograma anual de execu\u00e7\u00e3o um conjunto de a\u00e7\u00f5es de extens\u00e3o vinculadas entre si, sendo elas: Projeto, Evento e Curso. O objetivo do Programa \u00e9 promover a cultura da leitura e escrita com impacto no desenvolvimento [&hellip;]<\/p>\n","protected":false},"author":113,"featured_media":0,"parent":0,"menu_order":0,"comment_status":"closed","ping_status":"closed","template":"","meta":{"_links_to":"","_links_to_type":0,"footnotes":""},"class_list":["post-51","page","type-page","status-publish","hentry"],"_links":{"self":[{"href":"https:\/\/extensao.ifg.edu.br\/programa-atena\/wp-json\/wp\/v2\/pages\/51"}],"collection":[{"href":"https:\/\/extensao.ifg.edu.br\/programa-atena\/wp-json\/wp\/v2\/pages"}],"about":[{"href":"https:\/\/extensao.ifg.edu.br\/programa-atena\/wp-json\/wp\/v2\/types\/page"}],"author":[{"embeddable":true,"href":"https:\/\/extensao.ifg.edu.br\/programa-atena\/wp-json\/wp\/v2\/users\/113"}],"replies":[{"embeddable":true,"href":"https:\/\/extensao.ifg.edu.br\/programa-atena\/wp-json\/wp\/v2\/comments?post=51"}],"version-history":[{"count":27,"href":"https:\/\/extensao.ifg.edu.br\/programa-atena\/wp-json\/wp\/v2\/pages\/51\/revisions"}],"predecessor-version":[{"id":370,"href":"https:\/\/extensao.ifg.edu.br\/programa-atena\/wp-json\/wp\/v2\/pages\/51\/revisions\/370"}],"wp:attachment":[{"href":"https:\/\/extensao.ifg.edu.br\/programa-atena\/wp-json\/wp\/v2\/media?parent=51"}],"curies":[{"name":"wp","href":"https:\/\/api.w.org\/{rel}","templated":true}]}}