{"id":50,"date":"2016-11-19T00:31:52","date_gmt":"2016-11-19T02:31:52","guid":{"rendered":"http:\/\/extensao.ifg.edu.br\/presencriearte\/?page_id=50"},"modified":"2016-11-19T00:36:02","modified_gmt":"2016-11-19T02:36:02","slug":"sobre-artes","status":"publish","type":"page","link":"https:\/\/extensao.ifg.edu.br\/presencriearte\/sobre-artes\/","title":{"rendered":"Sobre Artes"},"content":{"rendered":"<p>O Programa Presencrie Arte, al\u00e9m de ter apresenta\u00e7\u00f5es art\u00edsticas, oficinas e cria\u00e7\u00e3o de grupos musicais, tamb\u00e9m conta com uma equipe de bolsistas que fazem pesquisa sobre integra\u00e7\u00e3o das artes. Os bolsistas contemplados no edital s\u00e3o:<\/p>\n<hr \/>\n<ul>\n<li><strong><a href=\"http:\/\/www.ifg.edu.br\/anapolis\/\">C\u00e2mpus\u00a0An\u00e1polis<\/a><\/strong>\n<ul>\n<li>Ana Carolina Carvalh\u00eado Morais<\/li>\n<li>Camila Lopes Rodrigues<\/li>\n<li>Daniel de Oliveira Braga<\/li>\n<li>Josiene Chrystina Ribeiro Cardoso<\/li>\n<li>Leandro Fortes Soares<\/li>\n<li>Rafaela Andrade do Vale<\/li>\n<li>Victor Silvestre de Matos<\/li>\n<\/ul>\n<\/li>\n<\/ul>\n<ul>\n<li><strong><a href=\"http:\/\/www.ifg.edu.br\/inhumas\/\">C\u00e2mpus\u00a0Inhumas\u00a0<\/a><\/strong>\n<ul>\n<li>Cristiano Dias dos Reis<\/li>\n<li>Hiorrana C\u00e1ssia Faria<\/li>\n<li>Liliana Correa da Silva<\/li>\n<li>Mayla Cristina Silva Costa<\/li>\n<li>Pedro Henrique Barbosa Rodrigues<\/li>\n<li>Rodrigo Porf\u00edrio dos Santos<\/li>\n<\/ul>\n<\/li>\n<\/ul>\n<hr \/>\n<p>Disponibilizaremos aqui, para quem estiver acompanhando a programa\u00e7\u00e3o art\u00edstica e ficar interessado, algumas informa\u00e7\u00f5es em textos e videos sobre as linguagens art\u00edsticas.<\/p>\n<p>&nbsp;<\/p>\n<p>Mapa pesquisa Elza An\u00e1polis<\/p>\n<p>Mapa pesquisa M\u00f4nica Inhumas<\/p>\n<p>Linguagens art\u00edsticas<\/p>\n<p>Video-aula<\/p>\n<p>Sites iinterativos de artes<\/p>\n","protected":false},"excerpt":{"rendered":"<p>O Programa Presencrie Arte, al\u00e9m de ter apresenta\u00e7\u00f5es art\u00edsticas, oficinas e cria\u00e7\u00e3o de grupos musicais, tamb\u00e9m conta com uma equipe de bolsistas que fazem pesquisa sobre integra\u00e7\u00e3o das artes. Os bolsistas contemplados no edital s\u00e3o: C\u00e2mpus\u00a0An\u00e1polis Ana Carolina Carvalh\u00eado Morais Camila Lopes Rodrigues Daniel de Oliveira Braga Josiene Chrystina Ribeiro Cardoso Leandro Fortes Soares Rafaela [&hellip;]<\/p>\n","protected":false},"author":12,"featured_media":0,"parent":0,"menu_order":6,"comment_status":"closed","ping_status":"closed","template":"","meta":{"_links_to":"","_links_to_type":0,"footnotes":""},"class_list":["post-50","page","type-page","status-publish","hentry"],"_links":{"self":[{"href":"https:\/\/extensao.ifg.edu.br\/presencriearte\/wp-json\/wp\/v2\/pages\/50"}],"collection":[{"href":"https:\/\/extensao.ifg.edu.br\/presencriearte\/wp-json\/wp\/v2\/pages"}],"about":[{"href":"https:\/\/extensao.ifg.edu.br\/presencriearte\/wp-json\/wp\/v2\/types\/page"}],"author":[{"embeddable":true,"href":"https:\/\/extensao.ifg.edu.br\/presencriearte\/wp-json\/wp\/v2\/users\/12"}],"replies":[{"embeddable":true,"href":"https:\/\/extensao.ifg.edu.br\/presencriearte\/wp-json\/wp\/v2\/comments?post=50"}],"version-history":[{"count":1,"href":"https:\/\/extensao.ifg.edu.br\/presencriearte\/wp-json\/wp\/v2\/pages\/50\/revisions"}],"predecessor-version":[{"id":51,"href":"https:\/\/extensao.ifg.edu.br\/presencriearte\/wp-json\/wp\/v2\/pages\/50\/revisions\/51"}],"wp:attachment":[{"href":"https:\/\/extensao.ifg.edu.br\/presencriearte\/wp-json\/wp\/v2\/media?parent=50"}],"curies":[{"name":"wp","href":"https:\/\/api.w.org\/{rel}","templated":true}]}}

<p>O Programa Presencrie Arte, além de ter apresentações artísticas, oficinas e criação de grupos musicais, também conta com uma equipe de bolsistas que fazem pesquisa sobre integração das artes. Os bolsistas contemplados no edital são:</p>
<hr />
<ul>
<li><strong><a href="http://www.ifg.edu.br/anapolis/">Câmpus Anápolis</a></strong>
<ul>
<li>Ana Carolina Carvalhêdo Morais</li>
<li>Camila Lopes Rodrigues</li>
<li>Daniel de Oliveira Braga</li>
<li>Josiene Chrystina Ribeiro Cardoso</li>
<li>Leandro Fortes Soares</li>
<li>Rafaela Andrade do Vale</li>
<li>Victor Silvestre de Matos</li>
</ul>
</li>
</ul>
<ul>
<li><strong><a href="http://www.ifg.edu.br/inhumas/">Câmpus Inhumas </a></strong>
<ul>
<li>Cristiano Dias dos Reis</li>
<li>Hiorrana Cássia Faria</li>
<li>Liliana Correa da Silva</li>
<li>Mayla Cristina Silva Costa</li>
<li>Pedro Henrique Barbosa Rodrigues</li>
<li>Rodrigo Porfírio dos Santos</li>
</ul>
</li>
</ul>
<hr />
<p>Disponibilizaremos aqui, para quem estiver acompanhando a programação artística e ficar interessado, algumas informações em textos e videos sobre as linguagens artísticas.</p>
<p>&nbsp;</p>
<p>Mapa pesquisa Elza Anápolis</p>
<p>Mapa pesquisa Mônica Inhumas</p>
<p>Linguagens artísticas</p>
<p>Video-aula</p>
<p>Sites iinterativos de artes</p>

<p>O Programa Presencrie Arte, além de ter apresentações artísticas, oficinas e criação de grupos musicais, também conta com uma equipe de bolsistas que fazem pesquisa sobre integração das artes. Os bolsistas contemplados no edital são: Câmpus Anápolis Ana Carolina Carvalhêdo Morais Camila Lopes Rodrigues Daniel de Oliveira Braga Josiene Chrystina Ribeiro Cardoso Leandro Fortes Soares Rafaela [&hellip;]</p>
