{"id":25,"date":"2016-10-22T21:35:38","date_gmt":"2016-10-22T23:35:38","guid":{"rendered":"http:\/\/extensao.ifg.edu.br\/presencriearte\/?page_id=25"},"modified":"2016-11-19T00:41:55","modified_gmt":"2016-11-19T02:41:55","slug":"noticias","status":"publish","type":"page","link":"https:\/\/extensao.ifg.edu.br\/presencriearte\/noticias\/","title":{"rendered":"Not\u00edcias"},"content":{"rendered":"<div id=\"attachment_26\" style=\"width: 1042px\" class=\"wp-caption alignnone\"><img loading=\"lazy\" decoding=\"async\" aria-describedby=\"caption-attachment-26\" class=\"size-full wp-image-26\" src=\"http:\/\/extensao.ifg.edu.br\/presencriearte\/wp-content\/uploads\/sites\/4\/2016\/10\/WhatsApp-Image-2016-10-14-at-20.36.54.jpeg\" alt=\"An\u00e1polis - 14.10 - Exposi\u00e7\u00e3o visual de artista Jos\u00e9 Loures\" width=\"1032\" height=\"774\" \/><p id=\"caption-attachment-26\" class=\"wp-caption-text\">An\u00e1polis &#8211; 14.10 &#8211; Exposi\u00e7\u00e3o visual de artista Jos\u00e9 Loures<\/p><\/div>\n","protected":false},"excerpt":{"rendered":"","protected":false},"author":12,"featured_media":0,"parent":0,"menu_order":7,"comment_status":"closed","ping_status":"closed","template":"","meta":{"_links_to":"","_links_to_type":0,"footnotes":""},"class_list":["post-25","page","type-page","status-publish","hentry"],"_links":{"self":[{"href":"https:\/\/extensao.ifg.edu.br\/presencriearte\/wp-json\/wp\/v2\/pages\/25"}],"collection":[{"href":"https:\/\/extensao.ifg.edu.br\/presencriearte\/wp-json\/wp\/v2\/pages"}],"about":[{"href":"https:\/\/extensao.ifg.edu.br\/presencriearte\/wp-json\/wp\/v2\/types\/page"}],"author":[{"embeddable":true,"href":"https:\/\/extensao.ifg.edu.br\/presencriearte\/wp-json\/wp\/v2\/users\/12"}],"replies":[{"embeddable":true,"href":"https:\/\/extensao.ifg.edu.br\/presencriearte\/wp-json\/wp\/v2\/comments?post=25"}],"version-history":[{"count":1,"href":"https:\/\/extensao.ifg.edu.br\/presencriearte\/wp-json\/wp\/v2\/pages\/25\/revisions"}],"predecessor-version":[{"id":27,"href":"https:\/\/extensao.ifg.edu.br\/presencriearte\/wp-json\/wp\/v2\/pages\/25\/revisions\/27"}],"wp:attachment":[{"href":"https:\/\/extensao.ifg.edu.br\/presencriearte\/wp-json\/wp\/v2\/media?parent=25"}],"curies":[{"name":"wp","href":"https:\/\/api.w.org\/{rel}","templated":true}]}}