{"id":21,"date":"2016-10-19T21:17:38","date_gmt":"2016-10-19T23:17:38","guid":{"rendered":"http:\/\/extensao.ifg.edu.br\/presencriearte\/?page_id=21"},"modified":"2016-10-22T21:56:00","modified_gmt":"2016-10-22T23:56:00","slug":"sobre-os-artistas","status":"publish","type":"page","link":"https:\/\/extensao.ifg.edu.br\/presencriearte\/sobre-os-artistas\/","title":{"rendered":"Sobre os Artistas"},"content":{"rendered":"<p><strong>An\u00e1polis<\/strong><\/p>\n<p>GruLape e Grupo de viol\u00f5es<\/p>\n<p>Jos\u00e9 Loures<\/p>\n<p>mulher 1<\/p>\n<p>Boca do Lixo<\/p>\n<p>mulher 2<\/p>\n<p>Companhia Anapolina de teatro, pe\u00e7a \u2018O castelo de mulumi\u2019<\/p>\n<p>Tem sim sinh\u00f4<\/p>\n<p>Vida Seca<\/p>\n<p>Duo de flauta e clarinete<\/p>\n<p>Cor\u00f3 de Pau<\/p>\n<p>Cineclube X\u00edcara da Silva e Malaco filmes<\/p>\n<p>Corpo de Baile do teatro municipal de An\u00e1polis<\/p>\n<p><strong>Inhumas:<\/strong><\/p>\n<p>Grupo ou artista13<\/p>\n<p>Grupo ou artista14<\/p>\n<p>Grupo ou artista 15<\/p>\n<p>Grupo ou artista 16<\/p>\n<p>Grupo ou artista17<\/p>\n<p>Grupo ou artista18<\/p>\n<p>Grupo ou artista19<\/p>\n<p>Grupo ou artista20<\/p>\n","protected":false},"excerpt":{"rendered":"<p>An\u00e1polis GruLape e Grupo de viol\u00f5es Jos\u00e9 Loures mulher 1 Boca do Lixo mulher 2 Companhia Anapolina de teatro, pe\u00e7a \u2018O castelo de mulumi\u2019 Tem sim sinh\u00f4 Vida Seca Duo de flauta e clarinete Cor\u00f3 de Pau Cineclube X\u00edcara da Silva e Malaco filmes Corpo de Baile do teatro municipal de An\u00e1polis Inhumas: Grupo ou [&hellip;]<\/p>\n","protected":false},"author":12,"featured_media":0,"parent":0,"menu_order":4,"comment_status":"closed","ping_status":"closed","template":"","meta":{"_links_to":"","_links_to_type":0,"footnotes":""},"class_list":["post-21","page","type-page","status-publish","hentry"],"_links":{"self":[{"href":"https:\/\/extensao.ifg.edu.br\/presencriearte\/wp-json\/wp\/v2\/pages\/21"}],"collection":[{"href":"https:\/\/extensao.ifg.edu.br\/presencriearte\/wp-json\/wp\/v2\/pages"}],"about":[{"href":"https:\/\/extensao.ifg.edu.br\/presencriearte\/wp-json\/wp\/v2\/types\/page"}],"author":[{"embeddable":true,"href":"https:\/\/extensao.ifg.edu.br\/presencriearte\/wp-json\/wp\/v2\/users\/12"}],"replies":[{"embeddable":true,"href":"https:\/\/extensao.ifg.edu.br\/presencriearte\/wp-json\/wp\/v2\/comments?post=21"}],"version-history":[{"count":1,"href":"https:\/\/extensao.ifg.edu.br\/presencriearte\/wp-json\/wp\/v2\/pages\/21\/revisions"}],"predecessor-version":[{"id":22,"href":"https:\/\/extensao.ifg.edu.br\/presencriearte\/wp-json\/wp\/v2\/pages\/21\/revisions\/22"}],"wp:attachment":[{"href":"https:\/\/extensao.ifg.edu.br\/presencriearte\/wp-json\/wp\/v2\/media?parent=21"}],"curies":[{"name":"wp","href":"https:\/\/api.w.org\/{rel}","templated":true}]}}

<p><strong>Anápolis</strong></p>
<p>GruLape e Grupo de violões</p>
<p>José Loures</p>
<p>mulher 1</p>
<p>Boca do Lixo</p>
<p>mulher 2</p>
<p>Companhia Anapolina de teatro, peça ‘O castelo de mulumi’</p>
<p>Tem sim sinhô</p>
<p>Vida Seca</p>
<p>Duo de flauta e clarinete</p>
<p>Coró de Pau</p>
<p>Cineclube Xícara da Silva e Malaco filmes</p>
<p>Corpo de Baile do teatro municipal de Anápolis</p>
<p><strong>Inhumas:</strong></p>
<p>Grupo ou artista13</p>
<p>Grupo ou artista14</p>
<p>Grupo ou artista 15</p>
<p>Grupo ou artista 16</p>
<p>Grupo ou artista17</p>
<p>Grupo ou artista18</p>
<p>Grupo ou artista19</p>
<p>Grupo ou artista20</p>

<p>Anápolis GruLape e Grupo de violões José Loures mulher 1 Boca do Lixo mulher 2 Companhia Anapolina de teatro, peça ‘O castelo de mulumi’ Tem sim sinhô Vida Seca Duo de flauta e clarinete Coró de Pau Cineclube Xícara da Silva e Malaco filmes Corpo de Baile do teatro municipal de Anápolis Inhumas: Grupo ou [&hellip;]</p>
