{"id":2,"date":"2016-08-25T11:35:36","date_gmt":"2016-08-25T14:35:36","guid":{"rendered":"http:\/\/extensao.ifg.edu.br\/presencriearte\/?page_id=2"},"modified":"2016-11-23T14:48:02","modified_gmt":"2016-11-23T16:48:02","slug":"pagina-exemplo","status":"publish","type":"page","link":"https:\/\/extensao.ifg.edu.br\/presencriearte\/pagina-exemplo\/","title":{"rendered":"Apresenta\u00e7\u00e3o"},"content":{"rendered":"<p style=\"text-align: justify\"><img loading=\"lazy\" decoding=\"async\" class=\"alignleft wp-image-33\" src=\"http:\/\/extensao.ifg.edu.br\/presencriearte\/wp-content\/uploads\/sites\/4\/2016\/11\/LOGO-Presencrie-Arte-Illustrator-02.jpg\" alt=\"logo-presencrie-arte-illustrator-02\" width=\"253\" height=\"179\" \/>Programa de extens\u00e3o que pretende impulsionar a vida cultural dos campus <strong>An\u00e1polis<\/strong> e <strong>Inhumas<\/strong>. Atrav\u00e9s do Programa, o IFG (An\u00e1polis e Inhumas) receber\u00e1 em 2016 e 2017 incr\u00edveis grupos musicais nacionais e regionais, al\u00e9m de estreitar la\u00e7os com as manifesta\u00e7\u00f5es art\u00edsticas locais. A vinda de oficineiros de diferentes vertentes percussivas plantar\u00e1 a semente da cria\u00e7\u00e3o nos campus An\u00e1polis e Inhumas, que no decorrer do Programa ter\u00e3o formalizados seus pr\u00f3prios grupos musicais: Percuss\u00e3o Corporal, Percuss\u00e3o alternativa, Bateria de escola de samba e Percuss\u00e3o contempor\u00e2nea. Vida, agito e conex\u00e3o com o munic\u00edpio formam a identidade deste Programa que vir\u00e1 para transformar a oferta de espet\u00e1culos art\u00edsticos no IFG. Esta p\u00e1gina trar\u00e1 as novidades e convites para eventos durante 2016 e 2017.<\/p>\n<p style=\"text-align: justify\">O Programa foi originalmente intitulado \u201cConstru\u00e7\u00e3o de uma rede intermunicipal de artes: implementa\u00e7\u00e3o, circula\u00e7\u00e3o e socializa\u00e7\u00e3o de conhecimentos populares, folcl\u00f3ricos e eruditos\u201d via edital ProExt2016. Apesar de ser um nome que definiu o objetivo e teor das a\u00e7\u00f5es para envio ao edital ProExt, \u00e9 um nome de dif\u00edcil memoriza\u00e7\u00e3o.<\/p>\n<p style=\"text-align: justify\">&#8220;Presencrie Arte&#8221; \u00e9 o nome fantasia do Programa, tendo em vista que seria invi\u00e1vel fazer a logo e site institucional com o t\u00edtulo real do programa. Este nome, curto e po\u00e9tico, auxilia a divulga\u00e7\u00e3o de forma curta, clara e direta.<\/p>\n<p style=\"text-align: justify\">Por que Presencrie Arte? Este nome contem os termos &#8216;Presencie arte&#8217; (convidando a comunidade a ser plat\u00e9ia nos espet\u00e1culos), &#8216;Criar arte&#8217; (convidando a comunidade a tocar nos grupos musicais do IFG) e as letras do t\u00edtulo formam a palavra &#8216;Sinta&#8217; (j\u00e1 que auxiliaremos no contato com as artes, com espet\u00e1culos regulares), &#8216;Ria&#8217; (pois ser\u00e1 uma experi\u00eancia positiva pra todos os envolvidos), &#8216;Terra&#8217; (ressaltando a cultura local que traremos para o palco do IFG ou ainda, a met\u00e1fora do espa\u00e7o c\u00eanico, que \u00e9 onde tudo acontece nos espet\u00e1culos) e &#8216;Ar&#8217; (o meio em que os sons do Programa e dos grupos musicais se propagam).<\/p>\n","protected":false},"excerpt":{"rendered":"<p>Programa de extens\u00e3o que pretende impulsionar a vida cultural dos campus An\u00e1polis e Inhumas. Atrav\u00e9s do Programa, o IFG (An\u00e1polis e Inhumas) receber\u00e1 em 2016 e 2017 incr\u00edveis grupos musicais nacionais e regionais, al\u00e9m de estreitar la\u00e7os com as manifesta\u00e7\u00f5es art\u00edsticas locais. A vinda de oficineiros de diferentes vertentes percussivas plantar\u00e1 a semente da cria\u00e7\u00e3o [&hellip;]<\/p>\n","protected":false},"author":8,"featured_media":0,"parent":0,"menu_order":0,"comment_status":"closed","ping_status":"closed","template":"","meta":{"_links_to":"","_links_to_type":0,"footnotes":""},"class_list":["post-2","page","type-page","status-publish","hentry"],"_links":{"self":[{"href":"https:\/\/extensao.ifg.edu.br\/presencriearte\/wp-json\/wp\/v2\/pages\/2"}],"collection":[{"href":"https:\/\/extensao.ifg.edu.br\/presencriearte\/wp-json\/wp\/v2\/pages"}],"about":[{"href":"https:\/\/extensao.ifg.edu.br\/presencriearte\/wp-json\/wp\/v2\/types\/page"}],"author":[{"embeddable":true,"href":"https:\/\/extensao.ifg.edu.br\/presencriearte\/wp-json\/wp\/v2\/users\/8"}],"replies":[{"embeddable":true,"href":"https:\/\/extensao.ifg.edu.br\/presencriearte\/wp-json\/wp\/v2\/comments?post=2"}],"version-history":[{"count":5,"href":"https:\/\/extensao.ifg.edu.br\/presencriearte\/wp-json\/wp\/v2\/pages\/2\/revisions"}],"predecessor-version":[{"id":85,"href":"https:\/\/extensao.ifg.edu.br\/presencriearte\/wp-json\/wp\/v2\/pages\/2\/revisions\/85"}],"wp:attachment":[{"href":"https:\/\/extensao.ifg.edu.br\/presencriearte\/wp-json\/wp\/v2\/media?parent=2"}],"curies":[{"name":"wp","href":"https:\/\/api.w.org\/{rel}","templated":true}]}}

Apresentação

<p style="text-align: justify"><img loading="lazy" decoding="async" class="alignleft wp-image-33" src="http://extensao.ifg.edu.br/presencriearte/wp-content/uploads/sites/4/2016/11/LOGO-Presencrie-Arte-Illustrator-02.jpg" alt="logo-presencrie-arte-illustrator-02" width="253" height="179" />Programa de extensão que pretende impulsionar a vida cultural dos campus <strong>Anápolis</strong> e <strong>Inhumas</strong>. Através do Programa, o IFG (Anápolis e Inhumas) receberá em 2016 e 2017 incríveis grupos musicais nacionais e regionais, além de estreitar laços com as manifestações artísticas locais. A vinda de oficineiros de diferentes vertentes percussivas plantará a semente da criação nos campus Anápolis e Inhumas, que no decorrer do Programa terão formalizados seus próprios grupos musicais: Percussão Corporal, Percussão alternativa, Bateria de escola de samba e Percussão contemporânea. Vida, agito e conexão com o município formam a identidade deste Programa que virá para transformar a oferta de espetáculos artísticos no IFG. Esta página trará as novidades e convites para eventos durante 2016 e 2017.</p>
<p style="text-align: justify">O Programa foi originalmente intitulado “Construção de uma rede intermunicipal de artes: implementação, circulação e socialização de conhecimentos populares, folclóricos e eruditos” via edital ProExt2016. Apesar de ser um nome que definiu o objetivo e teor das ações para envio ao edital ProExt, é um nome de difícil memorização.</p>
<p style="text-align: justify">&#8220;Presencrie Arte&#8221; é o nome fantasia do Programa, tendo em vista que seria inviável fazer a logo e site institucional com o título real do programa. Este nome, curto e poético, auxilia a divulgação de forma curta, clara e direta.</p>
<p style="text-align: justify">Por que Presencrie Arte? Este nome contem os termos &#8216;Presencie arte&#8217; (convidando a comunidade a ser platéia nos espetáculos), &#8216;Criar arte&#8217; (convidando a comunidade a tocar nos grupos musicais do IFG) e as letras do título formam a palavra &#8216;Sinta&#8217; (já que auxiliaremos no contato com as artes, com espetáculos regulares), &#8216;Ria&#8217; (pois será uma experiência positiva pra todos os envolvidos), &#8216;Terra&#8217; (ressaltando a cultura local que traremos para o palco do IFG ou ainda, a metáfora do espaço cênico, que é onde tudo acontece nos espetáculos) e &#8216;Ar&#8217; (o meio em que os sons do Programa e dos grupos musicais se propagam).</p>

<p>Programa de extensão que pretende impulsionar a vida cultural dos campus Anápolis e Inhumas. Através do Programa, o IFG (Anápolis e Inhumas) receberá em 2016 e 2017 incríveis grupos musicais nacionais e regionais, além de estreitar laços com as manifestações artísticas locais. A vinda de oficineiros de diferentes vertentes percussivas plantará a semente da criação [&hellip;]</p>
