{"id":17,"date":"2016-10-19T21:15:49","date_gmt":"2016-10-19T23:15:49","guid":{"rendered":"http:\/\/extensao.ifg.edu.br\/presencriearte\/?page_id=17"},"modified":"2016-11-23T14:50:47","modified_gmt":"2016-11-23T16:50:47","slug":"agenda-anapolis","status":"publish","type":"page","link":"https:\/\/extensao.ifg.edu.br\/presencriearte\/agenda-anapolis\/","title":{"rendered":"Agenda An\u00e1polis"},"content":{"rendered":"<p><span style=\"color: #f25822\"><strong>Pr\u00f3ximos Shows:<\/strong><\/span><\/p>\n<ul>\n<li><em><span style=\"color: #f25822\"><strong>22.11<\/strong><\/span>\u00a0&#8211; Audiovisual com Cineclube X\u00edcara da Silva e Malaco filmes<\/em><\/li>\n<li><em><span style=\"color: #f25822\"><strong>25.11<\/strong>\u00a0<\/span>&#8211; Show do Cor\u00f3 de Pau<\/em><\/li>\n<li><em><span style=\"color: #f25822\"><strong>07.12<\/strong><\/span>\u00a0&#8211; Apresenta\u00e7\u00e3o do Corpo de Baile do teatro municipal de An\u00e1polis<\/em><\/li>\n<li><em>(data a confirmar) &#8211; Companhia Anapolina de teatro, pe\u00e7a \u2018O castelo de mulumi\u2019<\/em><\/li>\n<li><em>(data a confirmar) &#8211; Exposi\u00e7\u00e3o\/apresenta\u00e7\u00e3o de obras de mulheres artistas<\/em><\/li>\n<\/ul>\n<hr \/>\n<p><span style=\"color: #f25822\"><strong>J\u00e1 realizados:<\/strong><\/span><\/p>\n<ul>\n<li><em>18.11<\/em>\u00a0&#8211; Duo de flauta e clarinete<\/li>\n<li><em>16.11 &#8211; <\/em>Apresenta\u00e7\u00e3o de circo do Tem sim sinh\u00f4<\/li>\n<li><em>08.11<\/em> &#8211; Show do Vida Seca<\/li>\n<li><em>21.10<\/em> &#8211; Show do Boca do Lixo<\/li>\n<li><em>14.10<\/em> &#8211; Exposi\u00e7\u00e3o visual de artista Jos\u00e9 Loures<\/li>\n<li><em>19.09<\/em> &#8211; GruLape e Grupo de viol\u00f5es<\/li>\n<\/ul>\n","protected":false},"excerpt":{"rendered":"<p>Pr\u00f3ximos Shows: 22.11\u00a0&#8211; Audiovisual com Cineclube X\u00edcara da Silva e Malaco filmes 25.11\u00a0&#8211; Show do Cor\u00f3 de Pau 07.12\u00a0&#8211; Apresenta\u00e7\u00e3o do Corpo de Baile do teatro municipal de An\u00e1polis (data a confirmar) &#8211; Companhia Anapolina de teatro, pe\u00e7a \u2018O castelo de mulumi\u2019 (data a confirmar) &#8211; Exposi\u00e7\u00e3o\/apresenta\u00e7\u00e3o de obras de mulheres artistas J\u00e1 realizados: 18.11\u00a0&#8211; [&hellip;]<\/p>\n","protected":false},"author":12,"featured_media":0,"parent":0,"menu_order":2,"comment_status":"closed","ping_status":"closed","template":"","meta":{"_links_to":"","_links_to_type":0,"footnotes":""},"class_list":["post-17","page","type-page","status-publish","hentry"],"_links":{"self":[{"href":"https:\/\/extensao.ifg.edu.br\/presencriearte\/wp-json\/wp\/v2\/pages\/17"}],"collection":[{"href":"https:\/\/extensao.ifg.edu.br\/presencriearte\/wp-json\/wp\/v2\/pages"}],"about":[{"href":"https:\/\/extensao.ifg.edu.br\/presencriearte\/wp-json\/wp\/v2\/types\/page"}],"author":[{"embeddable":true,"href":"https:\/\/extensao.ifg.edu.br\/presencriearte\/wp-json\/wp\/v2\/users\/12"}],"replies":[{"embeddable":true,"href":"https:\/\/extensao.ifg.edu.br\/presencriearte\/wp-json\/wp\/v2\/comments?post=17"}],"version-history":[{"count":7,"href":"https:\/\/extensao.ifg.edu.br\/presencriearte\/wp-json\/wp\/v2\/pages\/17\/revisions"}],"predecessor-version":[{"id":86,"href":"https:\/\/extensao.ifg.edu.br\/presencriearte\/wp-json\/wp\/v2\/pages\/17\/revisions\/86"}],"wp:attachment":[{"href":"https:\/\/extensao.ifg.edu.br\/presencriearte\/wp-json\/wp\/v2\/media?parent=17"}],"curies":[{"name":"wp","href":"https:\/\/api.w.org\/{rel}","templated":true}]}}

Agenda Anápolis

<p><span style="color: #f25822"><strong>Próximos Shows:</strong></span></p>
<ul>
<li><em><span style="color: #f25822"><strong>22.11</strong></span> &#8211; Audiovisual com Cineclube Xícara da Silva e Malaco filmes</em></li>
<li><em><span style="color: #f25822"><strong>25.11</strong> </span>&#8211; Show do Coró de Pau</em></li>
<li><em><span style="color: #f25822"><strong>07.12</strong></span> &#8211; Apresentação do Corpo de Baile do teatro municipal de Anápolis</em></li>
<li><em>(data a confirmar) &#8211; Companhia Anapolina de teatro, peça ‘O castelo de mulumi’</em></li>
<li><em>(data a confirmar) &#8211; Exposição/apresentação de obras de mulheres artistas</em></li>
</ul>
<hr />
<p><span style="color: #f25822"><strong>Já realizados:</strong></span></p>
<ul>
<li><em>18.11</em> &#8211; Duo de flauta e clarinete</li>
<li><em>16.11 &#8211; </em>Apresentação de circo do Tem sim sinhô</li>
<li><em>08.11</em> &#8211; Show do Vida Seca</li>
<li><em>21.10</em> &#8211; Show do Boca do Lixo</li>
<li><em>14.10</em> &#8211; Exposição visual de artista José Loures</li>
<li><em>19.09</em> &#8211; GruLape e Grupo de violões</li>
</ul>

<p>Próximos Shows: 22.11 &#8211; Audiovisual com Cineclube Xícara da Silva e Malaco filmes 25.11 &#8211; Show do Coró de Pau 07.12 &#8211; Apresentação do Corpo de Baile do teatro municipal de Anápolis (data a confirmar) &#8211; Companhia Anapolina de teatro, peça ‘O castelo de mulumi’ (data a confirmar) &#8211; Exposição/apresentação de obras de mulheres artistas Já realizados: 18.11 &#8211; [&hellip;]</p>
