{"id":22,"date":"2022-06-27T17:11:10","date_gmt":"2022-06-27T20:11:10","guid":{"rendered":"http:\/\/extensao.ifg.edu.br\/pmmsc\/?page_id=22"},"modified":"2023-02-08T09:32:38","modified_gmt":"2023-02-08T12:32:38","slug":"o-que-e-planmob","status":"publish","type":"page","link":"https:\/\/extensao.ifg.edu.br\/pmmsc\/o-que-e-planmob\/","title":{"rendered":"O QUE \u00c9 PLANMOB?"},"content":{"rendered":"<p style=\"text-align: justify\"><strong>O Plano de Mobilidade Urbana Senador Canedo \u2013 PlanMob Senador Canedo \u2013 <\/strong>\u00e9 um plano de mobilidade urbana que est\u00e1 sendo elaborado pela<strong> Prefeitura atrav\u00e9s da\u00a0<strong>Secretaria de Seguran\u00e7a P\u00fablica e Mobilidade \u2013 SSPMU<\/strong>\u00a0<\/strong>em parceria com o<strong>\u00a0<strong>Instituto Federal de Goi\u00e1s \u2013 C\u00e2mpus Goi\u00e2nia<\/strong>\u00a0<\/strong>e com a\u00a0<strong><strong>Funda\u00e7\u00e3o R\u00e1dio e Televis\u00e3o Educativa e Cultural (RTVE)<\/strong>.\u00a0<\/strong><\/p>\n<p style=\"text-align: justify\">Mobilidade urbana pode ser definida como a capacidade de deslocamento de pessoas dentro do espa\u00e7o urbano, por motivos sociais, econ\u00f4micos e pessoais. Neste contexto, Plano de Mobilidade Urbana (PMU) \u00e9 um instrumento de planejamento de a\u00e7\u00f5es de curto, m\u00e9dio e longo prazo que abrangem medidas urbanas a serem implementadas para a melhoria das condi\u00e7\u00f5es de circula\u00e7\u00e3o de pessoas e de cargas no territ\u00f3rio municipal, por meio de uma pol\u00edtica de mobilidade guiado pelo desenvolvimento urbano, com gest\u00e3o democr\u00e1tica, participa\u00e7\u00e3o social e amplo acesso \u00e0 informa\u00e7\u00e3o.<\/p>\n<p style=\"text-align: justify\">A Pol\u00edtica Nacional de Mobilidade Urbana \u2013 PNMU (Lei Federal n\u00ba 12.587, de 3 de janeiro de 2012, alterada pela Lei n\u00ba 14.000, de 2020), determina que devem apresentar seu Plano de Mobilidade Urbana como condi\u00e7\u00e3o para receber recursos or\u00e7ament\u00e1rios federais destinados \u00e0 mobilidade urbana os munic\u00edpios com mais de 20 mil habitantes at\u00e9 12 de abril de 2023, para Munic\u00edpios com at\u00e9 250.000 (duzentos e cinquenta mil) habitantes<\/p>\n<p style=\"text-align: justify\">O Plano faz parte do Programa de Mobilidade Urbana em desenvolvimento na cidade, que busca promover a mobilidade urbana por meio da implanta\u00e7\u00e3o de um sistema de transporte multimodal e integrado, que priorize modais ativos e coletivos e integre os centros urbanos municipais e regionais. Tudo isso para melhorar o bem-estar e a qualidade de vida das pessoas, ampliando o acesso a oportunidades de educa\u00e7\u00e3o, emprego, sa\u00fade e lazer.<\/p>\n<p style=\"text-align: justify\">O PlanMob tem como principal objetivo proporcionar o acesso \u00e0 toda a popula\u00e7\u00e3o as oportunidades que a cidade oferece, com a oferta de condi\u00e7\u00f5es adequadas ao exerc\u00edcio da mobilidade da popula\u00e7\u00e3o e da log\u00edstica de circula\u00e7\u00e3o de bens e servi\u00e7os.<\/p>\n<p style=\"text-align: justify\">O PlanMob deve ainda ser entendido como um elemento necess\u00e1rio e fundamental para a alimenta\u00e7\u00e3o de um processo continuado de planejamento e gest\u00e3o da mobilidade urbana, isto \u00e9, o Plano n\u00e3o \u00e9 apenas o ponto final de um trabalho de reflex\u00e3o e planejamento, mas tamb\u00e9m \u00e9 ponto de partida para a Administra\u00e7\u00e3o Municipal implementar suas pol\u00edticas, e reavaliar e atualizar continuamente as propostas formuladas.<\/p>\n<p style=\"text-align: justify\">O PlanMob de Senador Canedo foi iniciado em abril\u00a0de 2022, com previs\u00e3o de t\u00e9rmino em abril de 2023, totalizando 12 meses de trabalho.<\/p>\n<p>&nbsp;<\/p>\n<p><img loading=\"lazy\" decoding=\"async\" class=\"alignnone size-full wp-image-438\" src=\"http:\/\/extensao.ifg.edu.br\/pmmsc\/wp-content\/uploads\/sites\/24\/2022\/06\/WhatsApp-Image-2022-08-09-at-08.57.13.jpeg\" alt=\"WhatsApp Image 2022-08-09 at 08.57.13\" width=\"1280\" height=\"476\" \/><\/p>\n","protected":false},"excerpt":{"rendered":"<p>O Plano de Mobilidade Urbana Senador Canedo \u2013 PlanMob Senador Canedo \u2013 \u00e9 um plano de mobilidade urbana que est\u00e1 sendo elaborado pela Prefeitura atrav\u00e9s da\u00a0Secretaria de Seguran\u00e7a P\u00fablica e Mobilidade \u2013 SSPMU\u00a0em parceria com o\u00a0Instituto Federal de Goi\u00e1s \u2013 C\u00e2mpus Goi\u00e2nia\u00a0e com a\u00a0Funda\u00e7\u00e3o R\u00e1dio e Televis\u00e3o Educativa e Cultural (RTVE).\u00a0 Mobilidade urbana pode ser [&hellip;]<\/p>\n","protected":false},"author":99,"featured_media":0,"parent":0,"menu_order":0,"comment_status":"closed","ping_status":"closed","template":"","meta":{"_links_to":"","_links_to_type":0,"footnotes":""},"class_list":["post-22","page","type-page","status-publish","hentry"],"_links":{"self":[{"href":"https:\/\/extensao.ifg.edu.br\/pmmsc\/wp-json\/wp\/v2\/pages\/22"}],"collection":[{"href":"https:\/\/extensao.ifg.edu.br\/pmmsc\/wp-json\/wp\/v2\/pages"}],"about":[{"href":"https:\/\/extensao.ifg.edu.br\/pmmsc\/wp-json\/wp\/v2\/types\/page"}],"author":[{"embeddable":true,"href":"https:\/\/extensao.ifg.edu.br\/pmmsc\/wp-json\/wp\/v2\/users\/99"}],"replies":[{"embeddable":true,"href":"https:\/\/extensao.ifg.edu.br\/pmmsc\/wp-json\/wp\/v2\/comments?post=22"}],"version-history":[{"count":38,"href":"https:\/\/extensao.ifg.edu.br\/pmmsc\/wp-json\/wp\/v2\/pages\/22\/revisions"}],"predecessor-version":[{"id":571,"href":"https:\/\/extensao.ifg.edu.br\/pmmsc\/wp-json\/wp\/v2\/pages\/22\/revisions\/571"}],"wp:attachment":[{"href":"https:\/\/extensao.ifg.edu.br\/pmmsc\/wp-json\/wp\/v2\/media?parent=22"}],"curies":[{"name":"wp","href":"https:\/\/api.w.org\/{rel}","templated":true}]}}

O QUE É PLANMOB?

<p style="text-align: justify"><strong>O Plano de Mobilidade Urbana Senador Canedo – PlanMob Senador Canedo – </strong>é um plano de mobilidade urbana que está sendo elaborado pela<strong> Prefeitura através da <strong>Secretaria de Segurança Pública e Mobilidade – SSPMU</strong> </strong>em parceria com o<strong> <strong>Instituto Federal de Goiás – Câmpus Goiânia</strong> </strong>e com a <strong><strong>Fundação Rádio e Televisão Educativa e Cultural (RTVE)</strong>. </strong></p>
<p style="text-align: justify">Mobilidade urbana pode ser definida como a capacidade de deslocamento de pessoas dentro do espaço urbano, por motivos sociais, econômicos e pessoais. Neste contexto, Plano de Mobilidade Urbana (PMU) é um instrumento de planejamento de ações de curto, médio e longo prazo que abrangem medidas urbanas a serem implementadas para a melhoria das condições de circulação de pessoas e de cargas no território municipal, por meio de uma política de mobilidade guiado pelo desenvolvimento urbano, com gestão democrática, participação social e amplo acesso à informação.</p>
<p style="text-align: justify">A Política Nacional de Mobilidade Urbana – PNMU (Lei Federal nº 12.587, de 3 de janeiro de 2012, alterada pela Lei nº 14.000, de 2020), determina que devem apresentar seu Plano de Mobilidade Urbana como condição para receber recursos orçamentários federais destinados à mobilidade urbana os municípios com mais de 20 mil habitantes até 12 de abril de 2023, para Municípios com até 250.000 (duzentos e cinquenta mil) habitantes</p>
<p style="text-align: justify">O Plano faz parte do Programa de Mobilidade Urbana em desenvolvimento na cidade, que busca promover a mobilidade urbana por meio da implantação de um sistema de transporte multimodal e integrado, que priorize modais ativos e coletivos e integre os centros urbanos municipais e regionais. Tudo isso para melhorar o bem-estar e a qualidade de vida das pessoas, ampliando o acesso a oportunidades de educação, emprego, saúde e lazer.</p>
<p style="text-align: justify">O PlanMob tem como principal objetivo proporcionar o acesso à toda a população as oportunidades que a cidade oferece, com a oferta de condições adequadas ao exercício da mobilidade da população e da logística de circulação de bens e serviços.</p>
<p style="text-align: justify">O PlanMob deve ainda ser entendido como um elemento necessário e fundamental para a alimentação de um processo continuado de planejamento e gestão da mobilidade urbana, isto é, o Plano não é apenas o ponto final de um trabalho de reflexão e planejamento, mas também é ponto de partida para a Administração Municipal implementar suas políticas, e reavaliar e atualizar continuamente as propostas formuladas.</p>
<p style="text-align: justify">O PlanMob de Senador Canedo foi iniciado em abril de 2022, com previsão de término em abril de 2023, totalizando 12 meses de trabalho.</p>
<p>&nbsp;</p>
<p><img loading="lazy" decoding="async" class="alignnone size-full wp-image-438" src="http://extensao.ifg.edu.br/pmmsc/wp-content/uploads/sites/24/2022/06/WhatsApp-Image-2022-08-09-at-08.57.13.jpeg" alt="WhatsApp Image 2022-08-09 at 08.57.13" width="1280" height="476" /></p>

<p>O Plano de Mobilidade Urbana Senador Canedo – PlanMob Senador Canedo – é um plano de mobilidade urbana que está sendo elaborado pela Prefeitura através da Secretaria de Segurança Pública e Mobilidade – SSPMU em parceria com o Instituto Federal de Goiás – Câmpus Goiânia e com a Fundação Rádio e Televisão Educativa e Cultural (RTVE).  Mobilidade urbana pode ser [&hellip;]</p>
