{"id":112,"date":"2022-06-27T22:41:47","date_gmt":"2022-06-28T01:41:47","guid":{"rendered":"http:\/\/extensao.ifg.edu.br\/pmmsc\/?page_id=112"},"modified":"2022-06-27T22:45:12","modified_gmt":"2022-06-28T01:45:12","slug":"documentos-tecnicos","status":"publish","type":"page","link":"https:\/\/extensao.ifg.edu.br\/pmmsc\/documentos-tecnicos\/","title":{"rendered":"Documentos T\u00e9cnicos"},"content":{"rendered":"<p>Aqui ser\u00e3o apresentados os Relat\u00f3rios T\u00e9cnicos<\/p>\n","protected":false},"excerpt":{"rendered":"<p>Aqui ser\u00e3o apresentados os Relat\u00f3rios T\u00e9cnicos<\/p>\n","protected":false},"author":99,"featured_media":0,"parent":0,"menu_order":3,"comment_status":"closed","ping_status":"closed","template":"","meta":{"_links_to":"","_links_to_type":0,"footnotes":""},"class_list":["post-112","page","type-page","status-publish","hentry"],"_links":{"self":[{"href":"https:\/\/extensao.ifg.edu.br\/pmmsc\/wp-json\/wp\/v2\/pages\/112"}],"collection":[{"href":"https:\/\/extensao.ifg.edu.br\/pmmsc\/wp-json\/wp\/v2\/pages"}],"about":[{"href":"https:\/\/extensao.ifg.edu.br\/pmmsc\/wp-json\/wp\/v2\/types\/page"}],"author":[{"embeddable":true,"href":"https:\/\/extensao.ifg.edu.br\/pmmsc\/wp-json\/wp\/v2\/users\/99"}],"replies":[{"embeddable":true,"href":"https:\/\/extensao.ifg.edu.br\/pmmsc\/wp-json\/wp\/v2\/comments?post=112"}],"version-history":[{"count":2,"href":"https:\/\/extensao.ifg.edu.br\/pmmsc\/wp-json\/wp\/v2\/pages\/112\/revisions"}],"predecessor-version":[{"id":114,"href":"https:\/\/extensao.ifg.edu.br\/pmmsc\/wp-json\/wp\/v2\/pages\/112\/revisions\/114"}],"wp:attachment":[{"href":"https:\/\/extensao.ifg.edu.br\/pmmsc\/wp-json\/wp\/v2\/media?parent=112"}],"curies":[{"name":"wp","href":"https:\/\/api.w.org\/{rel}","templated":true}]}}