{"id":92,"date":"2025-04-11T08:01:20","date_gmt":"2025-04-11T11:01:20","guid":{"rendered":"https:\/\/extensao.ifg.edu.br\/nucleo-incubador-inhumas\/?page_id=92"},"modified":"2025-10-21T15:47:42","modified_gmt":"2025-10-21T18:47:42","slug":"o-que-oferecemos","status":"publish","type":"page","link":"https:\/\/extensao.ifg.edu.br\/nucleo-incubador-inhumas\/o-que-oferecemos\/","title":{"rendered":"O que oferecemos"},"content":{"rendered":"\n<div class=\"wp-block-group has-global-padding is-layout-constrained wp-container-core-group-is-layout-1 wp-block-group-is-layout-constrained\">\n<p>Oportunidades de forma\u00e7\u00e3o sobre temas como empreendedorismo social, cooperativismo, economia solid\u00e1ria e outras pr\u00e1ticas que estimulam a colabora\u00e7\u00e3o, a autogest\u00e3o e o desenvolvimento sustent\u00e1vel das comunidades.<\/p>\n<\/div>\n\n\n\n<div class=\"wp-block-group alignfull has-global-padding is-content-justification-left is-layout-constrained wp-container-core-group-is-layout-3 wp-block-group-is-layout-constrained\">\n<div class=\"wp-block-group alignfull has-global-padding is-layout-constrained wp-container-core-group-is-layout-2 wp-block-group-is-layout-constrained\" style=\"margin-top:0;margin-bottom:0;padding-top:var(--wp--preset--spacing--50);padding-right:var(--wp--preset--spacing--50);padding-bottom:var(--wp--preset--spacing--50);padding-left:var(--wp--preset--spacing--50)\">\n<div class=\"wp-block-columns alignwide is-layout-flex wp-container-core-columns-is-layout-1 wp-block-columns-is-layout-flex\" style=\"margin-top:0;margin-bottom:0;padding-top:0;padding-bottom:var(--wp--preset--spacing--40)\">\n<div class=\"wp-block-column is-vertically-aligned-center is-layout-flow wp-block-column-is-layout-flow\" style=\"flex-basis:60%\">\n<figure class=\"wp-block-image aligncenter size-full is-resized is-style-rounded wp-duotone-unset-1 is-style-rounded--a4728e814d153ebe665aaf41db2e6639\"><img loading=\"lazy\" decoding=\"async\" width=\"1910\" height=\"1211\" src=\"https:\/\/extensao.ifg.edu.br\/nucleo-incubador-inhumas\/wp-content\/uploads\/sites\/36\/2025\/08\/oficina-bordana-2.jpeg\" alt=\"\" class=\"wp-image-246\" style=\"object-fit:cover;width:547px;height:auto\" srcset=\"https:\/\/extensao.ifg.edu.br\/nucleo-incubador-inhumas\/wp-content\/uploads\/sites\/36\/2025\/08\/oficina-bordana-2.jpeg 1910w, https:\/\/extensao.ifg.edu.br\/nucleo-incubador-inhumas\/wp-content\/uploads\/sites\/36\/2025\/08\/oficina-bordana-2-300x190.jpeg 300w, https:\/\/extensao.ifg.edu.br\/nucleo-incubador-inhumas\/wp-content\/uploads\/sites\/36\/2025\/08\/oficina-bordana-2-1024x649.jpeg 1024w, https:\/\/extensao.ifg.edu.br\/nucleo-incubador-inhumas\/wp-content\/uploads\/sites\/36\/2025\/08\/oficina-bordana-2-768x487.jpeg 768w, https:\/\/extensao.ifg.edu.br\/nucleo-incubador-inhumas\/wp-content\/uploads\/sites\/36\/2025\/08\/oficina-bordana-2-1536x974.jpeg 1536w\" sizes=\"(max-width: 1910px) 100vw, 1910px\" \/><\/figure>\n<\/div>\n\n\n\n<div class=\"wp-block-column is-layout-flow wp-block-column-is-layout-flow\" style=\"flex-basis:40%\">\n<h2 class=\"wp-block-heading\">Oficinas<\/h2>\n\n\n\n<p>Nossas oficinas s\u00e3o momentos de troca, cria\u00e7\u00e3o e aprendizado coletivo. Nos encontros, cada participante compartilha o que sabe e aprende com o outro, fortalecendo o esp\u00edrito da Economia Solid\u00e1ria. <\/p>\n\n\n\n<p><\/p>\n<\/div>\n<\/div>\n\n\n\n<div class=\"wp-block-columns alignwide are-vertically-aligned-top is-layout-flex wp-container-core-columns-is-layout-2 wp-block-columns-is-layout-flex\" style=\"margin-top:0;margin-bottom:0;padding-top:0;padding-bottom:var(--wp--preset--spacing--40)\">\n<div class=\"wp-block-column is-vertically-aligned-top is-layout-flow wp-block-column-is-layout-flow\" style=\"flex-basis:60%\">\n<figure class=\"wp-block-image aligncenter size-full is-resized is-style-rounded wp-duotone-unset-2 is-style-rounded--8e50b5176d956d375cf397be12b4e4c4\"><img loading=\"lazy\" decoding=\"async\" width=\"1205\" height=\"828\" src=\"https:\/\/extensao.ifg.edu.br\/nucleo-incubador-inhumas\/wp-content\/uploads\/sites\/36\/2025\/08\/palestra-empreendedorismo-social-1.jpg\" alt=\"\" class=\"wp-image-247\" style=\"object-fit:cover;width:547px;height:auto\" srcset=\"https:\/\/extensao.ifg.edu.br\/nucleo-incubador-inhumas\/wp-content\/uploads\/sites\/36\/2025\/08\/palestra-empreendedorismo-social-1.jpg 1205w, https:\/\/extensao.ifg.edu.br\/nucleo-incubador-inhumas\/wp-content\/uploads\/sites\/36\/2025\/08\/palestra-empreendedorismo-social-1-300x206.jpg 300w, https:\/\/extensao.ifg.edu.br\/nucleo-incubador-inhumas\/wp-content\/uploads\/sites\/36\/2025\/08\/palestra-empreendedorismo-social-1-1024x704.jpg 1024w, https:\/\/extensao.ifg.edu.br\/nucleo-incubador-inhumas\/wp-content\/uploads\/sites\/36\/2025\/08\/palestra-empreendedorismo-social-1-768x528.jpg 768w\" sizes=\"(max-width: 1205px) 100vw, 1205px\" \/><\/figure>\n<\/div>\n\n\n\n<div class=\"wp-block-column is-vertically-aligned-top is-layout-flow wp-container-core-column-is-layout-4 wp-block-column-is-layout-flow\" style=\"padding-top:0px;padding-bottom:0px;flex-basis:40%\">\n<h2 class=\"wp-block-heading\">Palestras<\/h2>\n\n\n\n<p style=\"writing-mode:horizontal-tb\">As palestras do N\u00facleo Incubador re\u00fanem pessoas que acreditam na for\u00e7a da coopera\u00e7\u00e3o e da inova\u00e7\u00e3o social. S\u00e3o momentos para conhecer experi\u00eancias, aprender novos conceitos e refletir sobre formas mais humanas de produzir, trabalhar e crescer juntos. <\/p>\n\n\n\n<p><\/p>\n<\/div>\n<\/div>\n\n\n\n<div class=\"wp-block-columns alignwide is-layout-flex wp-container-core-columns-is-layout-3 wp-block-columns-is-layout-flex\" style=\"margin-top:0;margin-bottom:0;padding-top:0;padding-bottom:var(--wp--preset--spacing--40)\">\n<div class=\"wp-block-column is-vertically-aligned-center is-layout-flow wp-block-column-is-layout-flow\" style=\"flex-basis:60%\">\n<figure class=\"wp-block-image aligncenter size-full is-resized is-style-rounded wp-duotone-unset-3 is-style-rounded--55798eefa3b1c122779302591a7004ba\"><img loading=\"lazy\" decoding=\"async\" width=\"1076\" height=\"723\" src=\"https:\/\/extensao.ifg.edu.br\/nucleo-incubador-inhumas\/wp-content\/uploads\/sites\/36\/2025\/08\/roda-de-conversa-mulheres-mil.jpeg\" alt=\"\" class=\"wp-image-243\" style=\"object-fit:cover;width:547px;height:auto\" srcset=\"https:\/\/extensao.ifg.edu.br\/nucleo-incubador-inhumas\/wp-content\/uploads\/sites\/36\/2025\/08\/roda-de-conversa-mulheres-mil.jpeg 1076w, https:\/\/extensao.ifg.edu.br\/nucleo-incubador-inhumas\/wp-content\/uploads\/sites\/36\/2025\/08\/roda-de-conversa-mulheres-mil-300x202.jpeg 300w, https:\/\/extensao.ifg.edu.br\/nucleo-incubador-inhumas\/wp-content\/uploads\/sites\/36\/2025\/08\/roda-de-conversa-mulheres-mil-1024x688.jpeg 1024w, https:\/\/extensao.ifg.edu.br\/nucleo-incubador-inhumas\/wp-content\/uploads\/sites\/36\/2025\/08\/roda-de-conversa-mulheres-mil-768x516.jpeg 768w\" sizes=\"(max-width: 1076px) 100vw, 1076px\" \/><\/figure>\n<\/div>\n\n\n\n<div class=\"wp-block-column is-layout-flow wp-block-column-is-layout-flow\" style=\"flex-basis:40%\">\n<h2 class=\"wp-block-heading\">Rodas de Conversa<\/h2>\n\n\n\n<p>As rodas de conversa s\u00e3o espa\u00e7os de escuta, acolhimento e constru\u00e7\u00e3o coletiva. Nelas, todos t\u00eam voz. \u00c9 o momento de partilhar viv\u00eancias, desafios e conquistas, fortalecendo os la\u00e7os entre quem acredita em um futuro mais colaborativo. <\/p>\n<\/div>\n<\/div>\n<\/div>\n<\/div>\n\n\n\n<div class=\"wp-block-group alignfull has-base-color has-contrast-background-color has-text-color has-background has-global-padding is-layout-constrained wp-container-core-group-is-layout-6 wp-block-group-is-layout-constrained\" style=\"margin-top:0;margin-bottom:0;padding-top:var(--wp--preset--spacing--60);padding-right:var(--wp--preset--spacing--60);padding-bottom:var(--wp--preset--spacing--60);padding-left:var(--wp--preset--spacing--60)\">\n<div class=\"wp-block-group has-global-padding is-layout-constrained wp-block-group-is-layout-constrained\">\n<p class=\"has-text-align-center has-base-color has-text-color has-heading-font-family has-x-large-font-size\" style=\"line-height:1.2\"><em>\u201cTudo o que um sonho precisa para ser realizado \u00e9 algu\u00e9m que acredite que ele possa ser realizado.\u201d<\/em><\/p>\n\n\n\n<div style=\"height:var(--wp--preset--spacing--10)\" aria-hidden=\"true\" class=\"wp-block-spacer\"><\/div>\n\n\n\n<div class=\"wp-block-group is-vertical is-content-justification-center is-nowrap is-layout-flex wp-container-core-group-is-layout-4 wp-block-group-is-layout-flex\">\n<p class=\"has-text-align-center\" style=\"margin-top:var(--wp--preset--spacing--10);margin-bottom:0\">Roberto Shinyashiki<\/p>\n\n\n\n<p class=\"has-text-align-center has-contrast-3-color has-text-color has-small-font-size\" style=\"font-style:normal;font-weight:300\">M\u00e9dico brasileiro<\/p>\n<\/div>\n<\/div>\n<\/div>\n\n\n\n<p><\/p>\n\n\n\n<p><\/p>\n","protected":false},"excerpt":{"rendered":"<p>Oportunidades de forma\u00e7\u00e3o sobre temas como empreendedorismo social, cooperativismo, economia solid\u00e1ria e outras pr\u00e1ticas que estimulam a colabora\u00e7\u00e3o, a autogest\u00e3o e o desenvolvimento sustent\u00e1vel das comunidades. Oficinas Nossas oficinas s\u00e3o momentos de troca, cria\u00e7\u00e3o e aprendizado coletivo. Nos encontros, cada participante compartilha o que sabe e aprende com o outro, fortalecendo o esp\u00edrito da Economia [&hellip;]<\/p>\n","protected":false},"author":123,"featured_media":0,"parent":0,"menu_order":0,"comment_status":"closed","ping_status":"closed","template":"","meta":{"_links_to":"","_links_to_type":0,"footnotes":""},"class_list":["post-92","page","type-page","status-publish","hentry"],"_links":{"self":[{"href":"https:\/\/extensao.ifg.edu.br\/nucleo-incubador-inhumas\/wp-json\/wp\/v2\/pages\/92"}],"collection":[{"href":"https:\/\/extensao.ifg.edu.br\/nucleo-incubador-inhumas\/wp-json\/wp\/v2\/pages"}],"about":[{"href":"https:\/\/extensao.ifg.edu.br\/nucleo-incubador-inhumas\/wp-json\/wp\/v2\/types\/page"}],"author":[{"embeddable":true,"href":"https:\/\/extensao.ifg.edu.br\/nucleo-incubador-inhumas\/wp-json\/wp\/v2\/users\/123"}],"replies":[{"embeddable":true,"href":"https:\/\/extensao.ifg.edu.br\/nucleo-incubador-inhumas\/wp-json\/wp\/v2\/comments?post=92"}],"version-history":[{"count":35,"href":"https:\/\/extensao.ifg.edu.br\/nucleo-incubador-inhumas\/wp-json\/wp\/v2\/pages\/92\/revisions"}],"predecessor-version":[{"id":362,"href":"https:\/\/extensao.ifg.edu.br\/nucleo-incubador-inhumas\/wp-json\/wp\/v2\/pages\/92\/revisions\/362"}],"wp:attachment":[{"href":"https:\/\/extensao.ifg.edu.br\/nucleo-incubador-inhumas\/wp-json\/wp\/v2\/media?parent=92"}],"curies":[{"name":"wp","href":"https:\/\/api.w.org\/{rel}","templated":true}]}}