{"id":22,"date":"2025-02-12T17:09:39","date_gmt":"2025-02-12T20:09:39","guid":{"rendered":"https:\/\/extensao.ifg.edu.br\/nucleo-incubador-inhumas\/?page_id=22"},"modified":"2026-04-07T09:57:20","modified_gmt":"2026-04-07T12:57:20","slug":"quem-somos","status":"publish","type":"page","link":"https:\/\/extensao.ifg.edu.br\/nucleo-incubador-inhumas\/quem-somos\/","title":{"rendered":"Quem somos"},"content":{"rendered":"\n<div class=\"wp-block-group alignfull has-global-padding is-layout-constrained wp-container-core-group-is-layout-3 wp-block-group-is-layout-constrained\" style=\"margin-top:0;margin-bottom:0;padding-top:var(--wp--preset--spacing--50);padding-right:var(--wp--preset--spacing--50);padding-bottom:var(--wp--preset--spacing--50);padding-left:var(--wp--preset--spacing--50)\">\n<div class=\"wp-block-columns alignwide is-layout-flex wp-container-core-columns-is-layout-1 wp-block-columns-is-layout-flex\">\n<div class=\"wp-block-column is-vertically-aligned-stretch is-layout-flow wp-block-column-is-layout-flow\" style=\"flex-basis:50%\">\n<div class=\"wp-block-group is-vertical is-content-justification-stretch is-layout-flex wp-container-core-group-is-layout-2 wp-block-group-is-layout-flex\" style=\"min-height:100%\">\n<p class=\"has-heading-font-family has-large-font-size\"><strong>Somos o N\u00facleo Incubador do IFG- C\u00e2mpus Inhumas<\/strong>, um grupo formado por servidores, estudantes e colaboradores, que tem como objetivo atender e acompanhar coletivos ou grupos interessados em desenvolver cooperativas de trabalho nos diversos segmentos de produ\u00e7\u00e3o e servi\u00e7os que podem ser ofertados para a sociedade civil.<\/p>\n\n\n\n<p class=\"has-heading-font-family has-x-large-font-size\" style=\"line-height:1.2\"><\/p>\n\n\n\n<div class=\"wp-block-group has-global-padding is-content-justification-left is-layout-constrained wp-container-core-group-is-layout-1 wp-block-group-is-layout-constrained\">\n<div class=\"wp-block-buttons is-layout-flex wp-block-buttons-is-layout-flex\"><\/div>\n<\/div>\n<\/div>\n<\/div>\n\n\n\n<div class=\"wp-block-column is-vertically-aligned-center is-layout-flow wp-block-column-is-layout-flow\" style=\"flex-basis:50%\">\n<figure class=\"wp-block-image size-full is-resized is-style-rounded is-style-rounded--a0dcb627ea9c89279e334ee1fd41d9f7\"><img loading=\"lazy\" decoding=\"async\" width=\"853\" height=\"1280\" src=\"https:\/\/extensao.ifg.edu.br\/nucleo-incubador-inhumas\/wp-content\/uploads\/sites\/36\/2025\/08\/img-maos-unidas.jpeg\" alt=\"\" class=\"wp-image-250\" style=\"aspect-ratio:0.75;object-fit:cover;width:370px;height:auto\" srcset=\"https:\/\/extensao.ifg.edu.br\/nucleo-incubador-inhumas\/wp-content\/uploads\/sites\/36\/2025\/08\/img-maos-unidas.jpeg 853w, https:\/\/extensao.ifg.edu.br\/nucleo-incubador-inhumas\/wp-content\/uploads\/sites\/36\/2025\/08\/img-maos-unidas-200x300.jpeg 200w, https:\/\/extensao.ifg.edu.br\/nucleo-incubador-inhumas\/wp-content\/uploads\/sites\/36\/2025\/08\/img-maos-unidas-682x1024.jpeg 682w, https:\/\/extensao.ifg.edu.br\/nucleo-incubador-inhumas\/wp-content\/uploads\/sites\/36\/2025\/08\/img-maos-unidas-768x1152.jpeg 768w\" sizes=\"(max-width: 853px) 100vw, 853px\" \/><\/figure>\n<\/div>\n<\/div>\n<\/div>\n\n\n\n<div class=\"wp-block-group alignfull has-base-background-color has-background has-global-padding is-layout-constrained wp-container-core-group-is-layout-4 wp-block-group-is-layout-constrained\" style=\"margin-top:0;margin-bottom:0;padding-top:60px;padding-right:var(--wp--preset--spacing--50);padding-bottom:60px;padding-left:var(--wp--preset--spacing--50)\">\n<div class=\"wp-block-columns alignwide is-layout-flex wp-container-core-columns-is-layout-2 wp-block-columns-is-layout-flex\">\n<div class=\"wp-block-column is-layout-flow wp-block-column-is-layout-flow\">\n<p class=\"has-heading-font-family has-large-font-size\">O nosso grupo est\u00e1 em permanente debate em reuni\u00f5es quinzenais de estudos, pelo contato com autores e autoras que possuem uma biografia voltada para a cria\u00e7\u00e3o, desenvolvimento e consolida\u00e7\u00e3o da economia solid\u00e1ria. <\/p>\n<\/div>\n<\/div>\n<\/div>\n\n\n\n<div class=\"wp-block-group alignfull has-accent-2-background-color has-background has-global-padding is-layout-constrained wp-container-core-group-is-layout-6 wp-block-group-is-layout-constrained\" style=\"margin-top:0;margin-bottom:0;padding-top:var(--wp--preset--spacing--50);padding-right:var(--wp--preset--spacing--50);padding-bottom:var(--wp--preset--spacing--50);padding-left:var(--wp--preset--spacing--50)\">\n<div class=\"wp-block-group alignwide has-global-padding is-content-justification-left is-layout-constrained wp-container-core-group-is-layout-5 wp-block-group-is-layout-constrained\">\n<div class=\"wp-block-columns alignwide is-layout-flex wp-container-core-columns-is-layout-3 wp-block-columns-is-layout-flex\">\n<div class=\"wp-block-column is-vertically-aligned-center is-layout-flow wp-block-column-is-layout-flow\" style=\"flex-basis:60%\">\n<figure class=\"wp-block-image size-full is-style-rounded is-style-rounded--f21a27c38fa83bd5ec7a8dd4a65817f7\"><img loading=\"lazy\" decoding=\"async\" width=\"1280\" height=\"960\" src=\"http:\/\/extensao.ifg.edu.br\/nucleo-incubador-inhumas\/wp-content\/uploads\/sites\/36\/2024\/12\/visita_cooperativa.jpeg\" alt=\"\" class=\"wp-image-18\" style=\"aspect-ratio:4\/3;object-fit:cover\" srcset=\"https:\/\/extensao.ifg.edu.br\/nucleo-incubador-inhumas\/wp-content\/uploads\/sites\/36\/2024\/12\/visita_cooperativa.jpeg 1280w, https:\/\/extensao.ifg.edu.br\/nucleo-incubador-inhumas\/wp-content\/uploads\/sites\/36\/2024\/12\/visita_cooperativa-300x225.jpeg 300w, https:\/\/extensao.ifg.edu.br\/nucleo-incubador-inhumas\/wp-content\/uploads\/sites\/36\/2024\/12\/visita_cooperativa-1024x768.jpeg 1024w, https:\/\/extensao.ifg.edu.br\/nucleo-incubador-inhumas\/wp-content\/uploads\/sites\/36\/2024\/12\/visita_cooperativa-768x576.jpeg 768w\" sizes=\"(max-width: 1280px) 100vw, 1280px\" \/><\/figure>\n<\/div>\n\n\n\n<div class=\"wp-block-column is-layout-flow wp-block-column-is-layout-flow\" style=\"flex-basis:40%\">\n<h2 class=\"wp-block-heading\" style=\"font-size:clamp(1.502rem, 1.502rem + ((1vw - 0.2rem) * 1.663), 2.5rem);\"><strong>Nossa hist\u00f3ria<\/strong><\/h2>\n\n\n\n<p style=\"font-size:clamp(0.875rem, 0.875rem + ((1vw - 0.2rem) * 0.708), 1.3rem);\">Iniciamos nossos trabalhos em 2022, com uma visita t\u00e9cnica \u00e0 cooperativa Recicla Tudo na cidade de Goi\u00e1s. Podemos destacar alguns marcos ao longo desse tempo:<\/p>\n\n\n\n<ul class=\"wp-block-list\">\n<li style=\"font-size:clamp(0.875rem, 0.875rem + ((1vw - 0.2rem) * 0.708), 1.3rem);\">Concurso de fotografia Olhar,<\/li>\n\n\n\n<li style=\"font-size:clamp(0.875rem, 0.875rem + ((1vw - 0.2rem) * 0.708), 1.3rem);\">Apoio \u00e0 Associa\u00e7\u00e3o Pestalozzi de Inhumas,<\/li>\n\n\n\n<li style=\"font-size:clamp(0.875rem, 0.875rem + ((1vw - 0.2rem) * 0.708), 1.3rem);\">Articula\u00e7\u00e3o para cria\u00e7\u00e3o do site da cooperativa de trabalho Bordana.<\/li>\n<\/ul>\n<\/div>\n<\/div>\n\n\n\n<p>Conhe\u00e7a a nossa hist\u00f3ria<\/p>\n\n\n\n<div class=\"wp-block-buttons is-layout-flex wp-block-buttons-is-layout-flex\">\n<div class=\"wp-block-button\"><a class=\"wp-block-button__link wp-element-button\" href=\"https:\/\/extensao.ifg.edu.br\/nucleo-incubador-inhumas\/nossa-historia\/\">Nossa hist\u00f3ria<\/a><\/div>\n<\/div>\n<\/div>\n<\/div>\n\n\n\n<div class=\"wp-block-group alignfull has-global-padding is-layout-constrained wp-container-core-group-is-layout-8 wp-block-group-is-layout-constrained\" style=\"margin-top:0;margin-bottom:0;padding-top:var(--wp--preset--spacing--50);padding-right:var(--wp--preset--spacing--50);padding-bottom:var(--wp--preset--spacing--50);padding-left:var(--wp--preset--spacing--50)\">\n<div class=\"wp-block-group alignwide has-global-padding is-content-justification-left is-layout-constrained wp-container-core-group-is-layout-7 wp-block-group-is-layout-constrained\">\n<div class=\"wp-block-columns alignwide is-layout-flex wp-container-core-columns-is-layout-4 wp-block-columns-is-layout-flex\">\n<div class=\"wp-block-column is-vertically-aligned-center is-layout-flow wp-block-column-is-layout-flow\" style=\"flex-basis:60%\">\n<figure class=\"wp-block-image size-full is-resized is-style-rounded is-style-rounded--54ac7c6364d2d618310bf82c7c277221\"><img loading=\"lazy\" decoding=\"async\" width=\"767\" height=\"590\" src=\"https:\/\/extensao.ifg.edu.br\/nucleo-incubador-inhumas\/wp-content\/uploads\/sites\/36\/2025\/08\/roda_vista_superior3.jpeg\" alt=\"\" class=\"wp-image-252\" style=\"aspect-ratio:1.3333333333333333;object-fit:cover;width:624px;height:auto\" srcset=\"https:\/\/extensao.ifg.edu.br\/nucleo-incubador-inhumas\/wp-content\/uploads\/sites\/36\/2025\/08\/roda_vista_superior3.jpeg 767w, https:\/\/extensao.ifg.edu.br\/nucleo-incubador-inhumas\/wp-content\/uploads\/sites\/36\/2025\/08\/roda_vista_superior3-300x231.jpeg 300w\" sizes=\"(max-width: 767px) 100vw, 767px\" \/><\/figure>\n<\/div>\n\n\n\n<div class=\"wp-block-column is-layout-flow wp-block-column-is-layout-flow\" style=\"flex-basis:40%\">\n<h2 class=\"wp-block-heading\" style=\"font-size:clamp(1.502rem, 1.502rem + ((1vw - 0.2rem) * 1.663), 2.5rem);\"><strong>O que oferecemos<\/strong><\/h2>\n\n\n\n<p style=\"font-size:clamp(0.875rem, 0.875rem + ((1vw - 0.2rem) * 0.708), 1.3rem);\">Ofertamos momentos formativos para o fortalecimento das atividades dos coletivos apoiados por nossa equipe, por meio de:<\/p>\n\n\n\n<ul class=\"wp-block-list\">\n<li style=\"font-size:clamp(0.875rem, 0.875rem + ((1vw - 0.2rem) * 0.708), 1.3rem);\">Oficinas,<\/li>\n\n\n\n<li style=\"font-size:clamp(0.875rem, 0.875rem + ((1vw - 0.2rem) * 0.708), 1.3rem);\">Palestras,<\/li>\n\n\n\n<li style=\"font-size:clamp(0.875rem, 0.875rem + ((1vw - 0.2rem) * 0.708), 1.3rem);\">Rodas de conversa.<\/li>\n<\/ul>\n<\/div>\n<\/div>\n\n\n\n<p>Conhe\u00e7a nosso trabalho<\/p>\n\n\n\n<div class=\"wp-block-buttons is-layout-flex wp-block-buttons-is-layout-flex\">\n<div class=\"wp-block-button\"><a class=\"wp-block-button__link wp-element-button\" href=\"https:\/\/extensao.ifg.edu.br\/nucleo-incubador-inhumas\/o-que-oferecemos\/\">O que oferecemos<\/a><\/div>\n<\/div>\n<\/div>\n<\/div>\n\n\n\n<p><\/p>\n","protected":false},"excerpt":{"rendered":"<p>Somos o N\u00facleo Incubador do IFG- C\u00e2mpus Inhumas, um grupo formado por servidores, estudantes e colaboradores, que tem como objetivo atender e acompanhar coletivos ou grupos interessados em desenvolver cooperativas de trabalho nos diversos segmentos de produ\u00e7\u00e3o e servi\u00e7os que podem ser ofertados para a sociedade civil. O nosso grupo est\u00e1 em permanente debate em [&hellip;]<\/p>\n","protected":false},"author":122,"featured_media":0,"parent":0,"menu_order":0,"comment_status":"closed","ping_status":"closed","template":"","meta":{"_links_to":"","_links_to_type":0,"footnotes":""},"class_list":["post-22","page","type-page","status-publish","hentry"],"_links":{"self":[{"href":"https:\/\/extensao.ifg.edu.br\/nucleo-incubador-inhumas\/wp-json\/wp\/v2\/pages\/22"}],"collection":[{"href":"https:\/\/extensao.ifg.edu.br\/nucleo-incubador-inhumas\/wp-json\/wp\/v2\/pages"}],"about":[{"href":"https:\/\/extensao.ifg.edu.br\/nucleo-incubador-inhumas\/wp-json\/wp\/v2\/types\/page"}],"author":[{"embeddable":true,"href":"https:\/\/extensao.ifg.edu.br\/nucleo-incubador-inhumas\/wp-json\/wp\/v2\/users\/122"}],"replies":[{"embeddable":true,"href":"https:\/\/extensao.ifg.edu.br\/nucleo-incubador-inhumas\/wp-json\/wp\/v2\/comments?post=22"}],"version-history":[{"count":51,"href":"https:\/\/extensao.ifg.edu.br\/nucleo-incubador-inhumas\/wp-json\/wp\/v2\/pages\/22\/revisions"}],"predecessor-version":[{"id":371,"href":"https:\/\/extensao.ifg.edu.br\/nucleo-incubador-inhumas\/wp-json\/wp\/v2\/pages\/22\/revisions\/371"}],"wp:attachment":[{"href":"https:\/\/extensao.ifg.edu.br\/nucleo-incubador-inhumas\/wp-json\/wp\/v2\/media?parent=22"}],"curies":[{"name":"wp","href":"https:\/\/api.w.org\/{rel}","templated":true}]}}