{"id":25,"date":"2019-10-10T16:49:21","date_gmt":"2019-10-10T19:49:21","guid":{"rendered":"http:\/\/extensao.ifg.edu.br\/npdgoias\/?page_id=25"},"modified":"2022-02-24T17:11:15","modified_gmt":"2022-02-24T20:11:15","slug":"formacao-audiovisual","status":"publish","type":"page","link":"https:\/\/extensao.ifg.edu.br\/npdgoias\/formacao-audiovisual\/","title":{"rendered":"Forma\u00e7\u00e3o Audiovisual"},"content":{"rendered":"<p>O Instituto Federal de Educa\u00e7\u00e3o, Ci\u00eancia e Tecnologia de Goi\u00e1s &#8211; IFG Campus Cidade de Goi\u00e1s oferece Forma\u00e7\u00e3o Superior em\u00a0 Cinema e Ensino M\u00e9dio\/T\u00e9cnico em \u00c1udio e V\u00eddeo, confira!<\/p>\n<p style=\"text-align: left\"><a href=\"https:\/\/npdgoias.wixsite.com\/cinemaifg\/bachareladocinema\" rel=\"attachment wp-att-89\"><img loading=\"lazy\" decoding=\"async\" class=\"alignnone wp-image-89\" src=\"http:\/\/extensao.ifg.edu.br\/npdgoias\/wp-content\/uploads\/sites\/15\/2019\/10\/Indie-Summer-Film-Fest.png\" alt=\"Indie Summer Film Fest\" width=\"409\" height=\"579\" \/><span style=\"color: #333300\"><em>Clique para saber mais!<\/em><\/span><\/a><\/p>\n<p style=\"text-align: left\"><a href=\"https:\/\/npdgoias.wixsite.com\/cinemaifg\/producaoaudiovideo\" rel=\"attachment wp-att-91\"><img loading=\"lazy\" decoding=\"async\" class=\"alignnone wp-image-91\" src=\"http:\/\/extensao.ifg.edu.br\/npdgoias\/wp-content\/uploads\/sites\/15\/2019\/10\/Indie-Summer-Film-Fest-1.png\" alt=\"Indie Summer Film Fest (1)\" width=\"405\" height=\"573\" \/><\/a><span style=\"color: #333300\"><a style=\"color: #333300\" href=\"http:\/\/extensao.ifg.edu.br\/npdgoias\/formacao-audiovisual\/indie-summer-film-fest\/\" rel=\"attachment wp-att-89\"><em>Clique para saber mais!<\/em><\/a><\/span><\/p>\n<h6 style=\"text-align: center\">Saiba se existe processos seletivos abertos e fa\u00e7a sua inscri\u00e7\u00e3o no site do IFG:<br \/>\n<a href=\"http:\/\/www.ifg.edu.br\/selecao\/\">http:\/\/www.ifg.edu.br\/selecao\/<\/a><\/h6>\n<p>&nbsp;<\/p>\n","protected":false},"excerpt":{"rendered":"<p>O Instituto Federal de Educa\u00e7\u00e3o, Ci\u00eancia e Tecnologia de Goi\u00e1s &#8211; IFG Campus Cidade de Goi\u00e1s oferece Forma\u00e7\u00e3o Superior em\u00a0 Cinema e Ensino M\u00e9dio\/T\u00e9cnico em \u00c1udio e V\u00eddeo, confira! Clique para saber mais! Clique para saber mais! Saiba se existe processos seletivos abertos e fa\u00e7a sua inscri\u00e7\u00e3o no site do IFG: http:\/\/www.ifg.edu.br\/selecao\/ &nbsp;<\/p>\n","protected":false},"author":51,"featured_media":0,"parent":0,"menu_order":0,"comment_status":"closed","ping_status":"closed","template":"","meta":{"_links_to":"","_links_to_type":0,"footnotes":""},"class_list":["post-25","page","type-page","status-publish","hentry"],"_links":{"self":[{"href":"https:\/\/extensao.ifg.edu.br\/npdgoias\/wp-json\/wp\/v2\/pages\/25"}],"collection":[{"href":"https:\/\/extensao.ifg.edu.br\/npdgoias\/wp-json\/wp\/v2\/pages"}],"about":[{"href":"https:\/\/extensao.ifg.edu.br\/npdgoias\/wp-json\/wp\/v2\/types\/page"}],"author":[{"embeddable":true,"href":"https:\/\/extensao.ifg.edu.br\/npdgoias\/wp-json\/wp\/v2\/users\/51"}],"replies":[{"embeddable":true,"href":"https:\/\/extensao.ifg.edu.br\/npdgoias\/wp-json\/wp\/v2\/comments?post=25"}],"version-history":[{"count":8,"href":"https:\/\/extensao.ifg.edu.br\/npdgoias\/wp-json\/wp\/v2\/pages\/25\/revisions"}],"predecessor-version":[{"id":119,"href":"https:\/\/extensao.ifg.edu.br\/npdgoias\/wp-json\/wp\/v2\/pages\/25\/revisions\/119"}],"wp:attachment":[{"href":"https:\/\/extensao.ifg.edu.br\/npdgoias\/wp-json\/wp\/v2\/media?parent=25"}],"curies":[{"name":"wp","href":"https:\/\/api.w.org\/{rel}","templated":true}]}}