{"id":57,"date":"2021-09-21T22:36:14","date_gmt":"2021-09-22T01:36:14","guid":{"rendered":"http:\/\/extensao.ifg.edu.br\/msi\/?page_id=57"},"modified":"2021-09-21T22:36:14","modified_gmt":"2021-09-22T01:36:14","slug":"girl-power","status":"publish","type":"page","link":"https:\/\/extensao.ifg.edu.br\/msi\/girl-power\/","title":{"rendered":"Girl Power"},"content":{"rendered":"<p><img loading=\"lazy\" decoding=\"async\" class=\"alignnone size-full wp-image-58\" src=\"http:\/\/extensao.ifg.edu.br\/msi\/wp-content\/uploads\/sites\/17\/2021\/09\/Anima\u00e7\u00f5es-com-Scratch-4.png\" alt=\"Anima\u00e7\u00f5es com Scratch (4)\" width=\"1640\" height=\"924\" \/><\/p>\n<h1>A\u00e7\u00e3o: Girl Power<\/h1>\n<p><strong>Objetivo:<\/strong> Inentivar garotas para estudarem na \u00e1rea da ci~encia da computa\u00e7\u00e3o.<\/p>\n<p>Mais informa\u00e7\u00f5es em breve.<\/p>\n<p>&nbsp;<\/p>\n","protected":false},"excerpt":{"rendered":"<p>A\u00e7\u00e3o: Girl Power Objetivo: Inentivar garotas para estudarem na \u00e1rea da ci~encia da computa\u00e7\u00e3o. Mais informa\u00e7\u00f5es em breve. &nbsp;<\/p>\n","protected":false},"author":65,"featured_media":0,"parent":0,"menu_order":0,"comment_status":"closed","ping_status":"closed","template":"","meta":{"_links_to":"","_links_to_type":0,"footnotes":""},"class_list":["post-57","page","type-page","status-publish","hentry"],"_links":{"self":[{"href":"https:\/\/extensao.ifg.edu.br\/msi\/wp-json\/wp\/v2\/pages\/57"}],"collection":[{"href":"https:\/\/extensao.ifg.edu.br\/msi\/wp-json\/wp\/v2\/pages"}],"about":[{"href":"https:\/\/extensao.ifg.edu.br\/msi\/wp-json\/wp\/v2\/types\/page"}],"author":[{"embeddable":true,"href":"https:\/\/extensao.ifg.edu.br\/msi\/wp-json\/wp\/v2\/users\/65"}],"replies":[{"embeddable":true,"href":"https:\/\/extensao.ifg.edu.br\/msi\/wp-json\/wp\/v2\/comments?post=57"}],"version-history":[{"count":1,"href":"https:\/\/extensao.ifg.edu.br\/msi\/wp-json\/wp\/v2\/pages\/57\/revisions"}],"predecessor-version":[{"id":59,"href":"https:\/\/extensao.ifg.edu.br\/msi\/wp-json\/wp\/v2\/pages\/57\/revisions\/59"}],"wp:attachment":[{"href":"https:\/\/extensao.ifg.edu.br\/msi\/wp-json\/wp\/v2\/media?parent=57"}],"curies":[{"name":"wp","href":"https:\/\/api.w.org\/{rel}","templated":true}]}}