{"id":472,"date":"2025-10-01T11:46:40","date_gmt":"2025-10-01T14:46:40","guid":{"rendered":"https:\/\/extensao.ifg.edu.br\/meninas-nas-ceec-inhumas\/?page_id=472"},"modified":"2025-10-11T18:17:03","modified_gmt":"2025-10-11T21:17:03","slug":"publicacoes","status":"publish","type":"page","link":"https:\/\/extensao.ifg.edu.br\/meninasceec\/publicacoes\/","title":{"rendered":"Publica\u00e7\u00f5es"},"content":{"rendered":"\n<div class=\"wp-block-group alignwide has-base-color has-text-color has-background has-link-color wp-elements-e340728c084139e20fab87e1d74128c6 has-global-padding is-content-justification-center is-layout-constrained wp-container-core-group-is-layout-14 wp-block-group-is-layout-constrained\" style=\"background-color:#402b43;padding-top:var(--wp--preset--spacing--50);padding-right:var(--wp--preset--spacing--50);padding-bottom:var(--wp--preset--spacing--50);padding-left:var(--wp--preset--spacing--50)\"><form role=\"search\" method=\"get\" action=\"https:\/\/extensao.ifg.edu.br\/meninasceec\/\" class=\"wp-block-search__button-only wp-block-search__searchfield-hidden wp-block-search__icon-button wp-block-search\" \n\t\t data-wp-interactive=\"core\/search\"data-wp-context='{\"isSearchInputVisible\":false,\"inputId\":\"wp-block-search__input-1\",\"ariaLabelExpanded\":\"Enviar pesquisa\",\"ariaLabelCollapsed\":\"Expandir campo de pesquisa\"}'data-wp-class--wp-block-search__searchfield-hidden=\"!context.isSearchInputVisible\"\n\t\t data-wp-on-async--keydown=\"actions.handleSearchKeydown\"\n\t\t data-wp-on-async--focusout=\"actions.handleSearchFocusout\"\n\t\t><label class=\"wp-block-search__label screen-reader-text\" for=\"wp-block-search__input-1\" >Pesquisar<\/label><div class=\"wp-block-search__inside-wrapper \" ><input aria-hidden=\"true\" class=\"wp-block-search__input\" data-wp-bind--aria-hidden=\"!context.isSearchInputVisible\" data-wp-bind--tabindex=\"state.tabindex\" id=\"wp-block-search__input-1\" placeholder=\"Encontrar em Publica\u00e7\u00f5es\"  value=\"\" type=\"search\" name=\"s\" required \/><button  aria-expanded=\"false\"  class=\"wp-block-search__button has-background has-icon wp-element-button\" data-wp-bind--aria-controls=\"state.ariaControls\" data-wp-bind--aria-expanded=\"context.isSearchInputVisible\" data-wp-bind--aria-label=\"state.ariaLabel\" data-wp-bind--type=\"state.type\" data-wp-on--click=\"actions.openSearchInput\"   style=\"background-color: #707a8c\"><svg class=\"search-icon\" viewBox=\"0 0 24 24\" width=\"24\" height=\"24\">\n\t\t\t\t\t<path d=\"M13 5c-3.3 0-6 2.7-6 6 0 1.4.5 2.7 1.3 3.7l-3.8 3.8 1.1 1.1 3.8-3.8c1 .8 2.3 1.3 3.7 1.3 3.3 0 6-2.7 6-6S16.3 5 13 5zm0 10.5c-2.5 0-4.5-2-4.5-4.5s2-4.5 4.5-4.5 4.5 2 4.5 4.5-2 4.5-4.5 4.5z\"><\/path>\n\t\t\t\t<\/svg><\/button><\/div><\/form>\n\n<div style=\"font-style:normal;font-weight:400;line-height:1.2; padding-right:0;padding-left:0;padding-top:0;padding-bottom:0;\" class=\"wp-block-categories-dropdown wp-block-categories has-small-font-size\"><label class=\"screen-reader-text\" for=\"wp-block-categories-1\">Categorias<\/label><select  name='cat' id='wp-block-categories-1' class='postform'>\n\t<option value='-1'>Selecionar categoria<\/option>\n\t<option class=\"level-0\" value=\"14\">Informa\u00e7\u00e3o&nbsp;&nbsp;(1)<\/option>\n\t<option class=\"level-0\" value=\"12\">Mulheres em Movimento&nbsp;&nbsp;(2)<\/option>\n\t<option class=\"level-0\" value=\"5\">Participa\u00e7\u00e3o em Eventos Externos&nbsp;&nbsp;(1)<\/option>\n<\/select><script>\n\t\n\t( function() {\n\t\tvar dropdown = document.getElementById( 'wp-block-categories-1' );\n\t\tfunction onCatChange() {\n\t\t\tif ( dropdown.options[ dropdown.selectedIndex ].value > 0 ) {\n\t\t\t\tlocation.href = \"https:\/\/extensao.ifg.edu.br\/meninasceec\/?cat=\" + dropdown.options[ dropdown.selectedIndex ].value;\n\t\t\t}\n\t\t}\n\t\tdropdown.onchange = onCatChange;\n\t})();\n\t\n\t\n<\/script>\n\n<\/div>\n\n\n<div class=\"wp-block-query has-global-padding is-layout-constrained wp-block-query-is-layout-constrained\">\n<hr class=\"wp-block-separator has-text-color has-base-color has-alpha-channel-opacity has-base-background-color has-background is-style-wide\" \/>\n\n\n\n<div class=\"wp-block-group is-layout-flow wp-container-core-group-is-layout-13 wp-block-group-is-layout-flow\" style=\"margin-top:0;margin-bottom:0;padding-top:var(--wp--preset--spacing--40);padding-right:0;padding-bottom:var(--wp--preset--spacing--40);padding-left:0\">\n<div style=\"height:40px\" aria-hidden=\"true\" class=\"wp-block-spacer\"><\/div>\n\n\n\n<div class=\"wp-block-group is-horizontal is-content-justification-left is-layout-flex wp-container-core-group-is-layout-2 wp-block-group-is-layout-flex\" style=\"border-style:none;border-width:0px;border-radius:13px;min-height:0rem;margin-bottom:0;padding-top:0;padding-bottom:0\">\n<div class=\"wp-block-group is-vertical is-content-justification-left is-layout-flex wp-container-core-group-is-layout-1 wp-block-group-is-layout-flex\" style=\"margin-bottom:0;padding-top:0.7rem;padding-right:0;padding-bottom:0.7rem;padding-left:0\">\n<figure class=\"wp-block-image size-full is-resized is-style-default\"><img loading=\"lazy\" decoding=\"async\" width=\"640\" height=\"640\" src=\"https:\/\/extensao.ifg.edu.br\/meninas-nas-ceec-inhumas\/wp-content\/uploads\/sites\/37\/2025\/10\/newspaper-svgrepo-com-5.png\" alt=\"\" class=\"wp-image-557\" style=\"width:62px;height:auto\" srcset=\"https:\/\/extensao.ifg.edu.br\/meninasceec\/wp-content\/uploads\/sites\/37\/2025\/10\/newspaper-svgrepo-com-5.png 640w, https:\/\/extensao.ifg.edu.br\/meninasceec\/wp-content\/uploads\/sites\/37\/2025\/10\/newspaper-svgrepo-com-5-300x300.png 300w, https:\/\/extensao.ifg.edu.br\/meninasceec\/wp-content\/uploads\/sites\/37\/2025\/10\/newspaper-svgrepo-com-5-150x150.png 150w, https:\/\/extensao.ifg.edu.br\/meninasceec\/wp-content\/uploads\/sites\/37\/2025\/10\/newspaper-svgrepo-com-5-500x500.png 500w, https:\/\/extensao.ifg.edu.br\/meninasceec\/wp-content\/uploads\/sites\/37\/2025\/10\/newspaper-svgrepo-com-5-400x400.png 400w\" sizes=\"(max-width: 640px) 100vw, 640px\" \/><\/figure>\n\n\n\n<h2 class=\"wp-block-heading has-text-align-left is-style-default has-base-color has-text-color has-link-color has-body-font-family wp-elements-1c195225d88e1a2f0483648638591737\" style=\"margin-top:0;margin-bottom:0;padding-top:0rem;padding-bottom:0rem;font-size:clamp(1.301rem, 1.301rem + ((1vw - 0.2rem) * 1.332), 2.1rem);font-style:normal;font-weight:300;letter-spacing:0.07rem\">\u00daltimas Publica\u00e7\u00f5es<\/h2>\n<\/div>\n<\/div>\n\n\n\n<div class=\"wp-block-group has-global-padding is-content-justification-left is-layout-constrained wp-container-core-group-is-layout-3 wp-block-group-is-layout-constrained\">\n<hr class=\"wp-block-separator has-text-color has-base-color has-alpha-channel-opacity has-base-background-color has-background is-style-default\" style=\"margin-top:0;margin-bottom:var(--wp--preset--spacing--40)\" \/>\n<\/div>\n\n\n\n<div style=\"height:19px\" aria-hidden=\"true\" class=\"wp-block-spacer\"><\/div>\n\n\n<ul class=\"alignfull wp-block-post-template is-layout-flow wp-container-core-post-template-is-layout-1 wp-block-post-template-is-layout-flow\"><li class=\"wp-block-post post-726 post type-post status-publish format-standard has-post-thumbnail hentry category-mulheres-em-movimento tag-ciclo-de-palestras-mulheres-em-movimento tag-ensino tag-inovacao tag-palestra\">\n<figure style=\"aspect-ratio:3\/2; margin-bottom:var(--wp--preset--spacing--20);\" class=\"wp-block-post-featured-image\"><a href=\"https:\/\/extensao.ifg.edu.br\/meninasceec\/2026\/04\/08\/palestra-inovacao-mulheres-ceec\/\" target=\"_self\"  ><img loading=\"lazy\" decoding=\"async\" width=\"1600\" height=\"1200\" src=\"https:\/\/extensao.ifg.edu.br\/meninasceec\/wp-content\/uploads\/sites\/37\/2026\/04\/WhatsApp-Image-2026-04-02-at-07.43.183-3.jpeg\" class=\"attachment-post-thumbnail size-post-thumbnail wp-post-image\" alt=\"Trajet\u00f3ria profissional na \u00e1rea de inova\u00e7\u00e3o \u00e9 destaque em palestra do ciclo Mulheres em Movimento\" style=\"width:100%;height:100%;object-fit:cover;\" srcset=\"https:\/\/extensao.ifg.edu.br\/meninasceec\/wp-content\/uploads\/sites\/37\/2026\/04\/WhatsApp-Image-2026-04-02-at-07.43.183-3.jpeg 1600w, https:\/\/extensao.ifg.edu.br\/meninasceec\/wp-content\/uploads\/sites\/37\/2026\/04\/WhatsApp-Image-2026-04-02-at-07.43.183-3-300x225.jpeg 300w, https:\/\/extensao.ifg.edu.br\/meninasceec\/wp-content\/uploads\/sites\/37\/2026\/04\/WhatsApp-Image-2026-04-02-at-07.43.183-3-1024x768.jpeg 1024w, https:\/\/extensao.ifg.edu.br\/meninasceec\/wp-content\/uploads\/sites\/37\/2026\/04\/WhatsApp-Image-2026-04-02-at-07.43.183-3-768x576.jpeg 768w, https:\/\/extensao.ifg.edu.br\/meninasceec\/wp-content\/uploads\/sites\/37\/2026\/04\/WhatsApp-Image-2026-04-02-at-07.43.183-3-1536x1152.jpeg 1536w\" sizes=\"(max-width: 1600px) 100vw, 1600px\" \/><\/a><\/figure>\n\n\n<div class=\"wp-block-group is-vertical is-nowrap is-layout-flex wp-container-core-group-is-layout-6 wp-block-group-is-layout-flex\"><h2 style=\"font-size:clamp(1.352rem, 1.352rem + ((1vw - 0.2rem) * 1.413), 2.2rem); margin-bottom:0;\" class=\"wp-block-post-title\"><a href=\"https:\/\/extensao.ifg.edu.br\/meninasceec\/2026\/04\/08\/palestra-inovacao-mulheres-ceec\/\" target=\"_self\" >Trajet\u00f3ria profissional na \u00e1rea de inova\u00e7\u00e3o \u00e9 destaque em palestra do ciclo Mulheres em Movimento<\/a><\/h2>\n\n<div class=\"wp-block-template-part\">\n\n<div class=\"wp-block-group has-global-padding is-layout-constrained wp-block-group-is-layout-constrained\">\n\t\n\t<div class=\"wp-block-group is-content-justification-left is-layout-flex wp-container-core-group-is-layout-4 wp-block-group-is-layout-flex\">\n\t\t<div class=\"wp-block-post-date\"><time datetime=\"2026-04-08T15:17:45-03:00\"><a href=\"https:\/\/extensao.ifg.edu.br\/meninasceec\/2026\/04\/08\/palestra-inovacao-mulheres-ceec\/\">abr 8, 2026<\/a><\/time><\/div>\n\n\t\t\n\t\t<p class=\"has-contrast-2-color has-text-color\">\u2014<\/p>\n\t\t\n\n\t\t\n\t\t<p class=\"has-small-font-size has-contrast-2-color has-text-color\">por<\/p>\n\t\t\n\n\t\t<div class=\"wp-block-post-author-name\"><a href=\"https:\/\/extensao.ifg.edu.br\/meninasceec\/author\/20221030180109\/\" target=\"_self\" class=\"wp-block-post-author-name__link\">20221030180109<\/a><\/div>\n\n\t\t<div class=\"taxonomy-category wp-block-post-terms\"><span class=\"wp-block-post-terms__prefix\">em <\/span><a href=\"https:\/\/extensao.ifg.edu.br\/meninasceec\/category\/mulheres-em-movimento\/\" rel=\"tag\">Mulheres em Movimento<\/a><\/div>\n\n\t<\/div>\n\t\n<\/div>\n\n\n<\/div>\n\n<div class=\"wp-block-post-excerpt has-small-font-size\"><p class=\"wp-block-post-excerpt__excerpt\">No dia 16 de outubro de 2025, o Projeto Meninas CEEC promoveu a segunda palestra do &#8220;Ciclo Mulheres em&hellip;<\/p><p class=\"wp-block-post-excerpt__more-text\"><a class=\"wp-block-post-excerpt__more-link\" href=\"https:\/\/extensao.ifg.edu.br\/meninasceec\/2026\/04\/08\/palestra-inovacao-mulheres-ceec\/\">Leia mais<\/a><\/p><\/div>\n\n\n<div style=\"height:0px\" aria-hidden=\"true\" class=\"wp-block-spacer wp-container-content-3\"><\/div>\n<\/div>\n\n<\/li><li class=\"wp-block-post post-602 post type-post status-publish format-standard has-post-thumbnail hentry category-informacao tag-cartilha tag-computacao tag-engenharia-de-software tag-seguranca tag-tecnologia\">\n<figure style=\"aspect-ratio:3\/2; margin-bottom:var(--wp--preset--spacing--20);\" class=\"wp-block-post-featured-image\"><a href=\"https:\/\/extensao.ifg.edu.br\/meninasceec\/2025\/10\/11\/conecte-se-com-seguranca-cartilha-informativa-sobre-prevencao-de-golpes-digitais\/\" target=\"_self\"  ><img loading=\"lazy\" decoding=\"async\" width=\"766\" height=\"769\" src=\"https:\/\/extensao.ifg.edu.br\/meninasceec\/wp-content\/uploads\/sites\/37\/2025\/10\/image.png\" class=\"attachment-post-thumbnail size-post-thumbnail wp-post-image\" alt=\"Conecte-se com seguran\u00e7a: cartilha informativa sobre preven\u00e7\u00e3o de golpes digitais\" style=\"width:100%;height:100%;object-fit:cover;\" srcset=\"https:\/\/extensao.ifg.edu.br\/meninasceec\/wp-content\/uploads\/sites\/37\/2025\/10\/image.png 766w, https:\/\/extensao.ifg.edu.br\/meninasceec\/wp-content\/uploads\/sites\/37\/2025\/10\/image-300x300.png 300w, https:\/\/extensao.ifg.edu.br\/meninasceec\/wp-content\/uploads\/sites\/37\/2025\/10\/image-150x150.png 150w\" sizes=\"(max-width: 766px) 100vw, 766px\" \/><\/a><\/figure>\n\n\n<div class=\"wp-block-group is-vertical is-nowrap is-layout-flex wp-container-core-group-is-layout-9 wp-block-group-is-layout-flex\"><h2 style=\"font-size:clamp(1.352rem, 1.352rem + ((1vw - 0.2rem) * 1.413), 2.2rem); margin-bottom:0;\" class=\"wp-block-post-title\"><a href=\"https:\/\/extensao.ifg.edu.br\/meninasceec\/2025\/10\/11\/conecte-se-com-seguranca-cartilha-informativa-sobre-prevencao-de-golpes-digitais\/\" target=\"_self\" >Conecte-se com seguran\u00e7a: cartilha informativa sobre preven\u00e7\u00e3o de golpes digitais<\/a><\/h2>\n\n<div class=\"wp-block-template-part\">\n\n<div class=\"wp-block-group has-global-padding is-layout-constrained wp-block-group-is-layout-constrained\">\n\t\n\t<div class=\"wp-block-group is-content-justification-left is-layout-flex wp-container-core-group-is-layout-7 wp-block-group-is-layout-flex\">\n\t\t<div class=\"wp-block-post-date\"><time datetime=\"2025-10-11T17:12:54-03:00\"><a href=\"https:\/\/extensao.ifg.edu.br\/meninasceec\/2025\/10\/11\/conecte-se-com-seguranca-cartilha-informativa-sobre-prevencao-de-golpes-digitais\/\">out 11, 2025<\/a><\/time><\/div>\n\n\t\t\n\t\t<p class=\"has-contrast-2-color has-text-color\">\u2014<\/p>\n\t\t\n\n\t\t\n\t\t<p class=\"has-small-font-size has-contrast-2-color has-text-color\">por<\/p>\n\t\t\n\n\t\t<div class=\"wp-block-post-author-name\"><a href=\"https:\/\/extensao.ifg.edu.br\/meninasceec\/author\/20211030180195\/\" target=\"_self\" class=\"wp-block-post-author-name__link\">20211030180195<\/a><\/div>\n\n\t\t<div class=\"taxonomy-category wp-block-post-terms\"><span class=\"wp-block-post-terms__prefix\">em <\/span><a href=\"https:\/\/extensao.ifg.edu.br\/meninasceec\/category\/informacao\/\" rel=\"tag\">Informa\u00e7\u00e3o<\/a><\/div>\n\n\t<\/div>\n\t\n<\/div>\n\n\n<\/div>\n\n<div class=\"wp-block-post-excerpt has-small-font-size\"><p class=\"wp-block-post-excerpt__excerpt\">Em um cen\u00e1rio cada vez mais conectado, a seguran\u00e7a digital tornou-se uma preocupa\u00e7\u00e3o essencial. Golpes virtuais, clonagem de contas,&hellip;<\/p><p class=\"wp-block-post-excerpt__more-text\"><a class=\"wp-block-post-excerpt__more-link\" href=\"https:\/\/extensao.ifg.edu.br\/meninasceec\/2025\/10\/11\/conecte-se-com-seguranca-cartilha-informativa-sobre-prevencao-de-golpes-digitais\/\">Leia mais<\/a><\/p><\/div>\n\n\n<div style=\"height:0px\" aria-hidden=\"true\" class=\"wp-block-spacer wp-container-content-5\"><\/div>\n<\/div>\n\n<\/li><li class=\"wp-block-post post-510 post type-post status-publish format-standard has-post-thumbnail hentry category-mulheres-em-movimento tag-ciclo-de-palestras-mulheres-em-movimento tag-cientista tag-ensino tag-palestra\">\n<figure style=\"aspect-ratio:3\/2; margin-bottom:var(--wp--preset--spacing--20);\" class=\"wp-block-post-featured-image\"><a href=\"https:\/\/extensao.ifg.edu.br\/meninasceec\/2025\/10\/01\/trajetoria-profissional-como-cientista-e-o-assunto-inicial-do-ciclo-de-palestras-mulheres-em-movimento\/\" target=\"_self\"  ><img loading=\"lazy\" decoding=\"async\" width=\"2560\" height=\"2062\" src=\"https:\/\/extensao.ifg.edu.br\/meninasceec\/wp-content\/uploads\/sites\/37\/2025\/10\/marcella_palestra_capa-scaled.jpg\" class=\"attachment-post-thumbnail size-post-thumbnail wp-post-image\" alt=\"Trajet\u00f3ria profissional como cientista \u00e9 o assunto inicial do ciclo de palestras Mulheres\u00a0em\u00a0Movimento\" style=\"width:100%;height:100%;object-fit:cover;\" srcset=\"https:\/\/extensao.ifg.edu.br\/meninasceec\/wp-content\/uploads\/sites\/37\/2025\/10\/marcella_palestra_capa-scaled.jpg 2560w, https:\/\/extensao.ifg.edu.br\/meninasceec\/wp-content\/uploads\/sites\/37\/2025\/10\/marcella_palestra_capa-300x242.jpg 300w, https:\/\/extensao.ifg.edu.br\/meninasceec\/wp-content\/uploads\/sites\/37\/2025\/10\/marcella_palestra_capa-1024x825.jpg 1024w, https:\/\/extensao.ifg.edu.br\/meninasceec\/wp-content\/uploads\/sites\/37\/2025\/10\/marcella_palestra_capa-768x619.jpg 768w, https:\/\/extensao.ifg.edu.br\/meninasceec\/wp-content\/uploads\/sites\/37\/2025\/10\/marcella_palestra_capa-1536x1237.jpg 1536w, https:\/\/extensao.ifg.edu.br\/meninasceec\/wp-content\/uploads\/sites\/37\/2025\/10\/marcella_palestra_capa-2048x1650.jpg 2048w\" sizes=\"(max-width: 2560px) 100vw, 2560px\" \/><\/a><\/figure>\n\n\n<div class=\"wp-block-group is-vertical is-nowrap is-layout-flex wp-container-core-group-is-layout-12 wp-block-group-is-layout-flex\"><h2 style=\"font-size:clamp(1.352rem, 1.352rem + ((1vw - 0.2rem) * 1.413), 2.2rem); margin-bottom:0;\" class=\"wp-block-post-title\"><a href=\"https:\/\/extensao.ifg.edu.br\/meninasceec\/2025\/10\/01\/trajetoria-profissional-como-cientista-e-o-assunto-inicial-do-ciclo-de-palestras-mulheres-em-movimento\/\" target=\"_self\" >Trajet\u00f3ria profissional como cientista \u00e9 o assunto inicial do ciclo de palestras Mulheres\u00a0em\u00a0Movimento<\/a><\/h2>\n\n<div class=\"wp-block-template-part\">\n\n<div class=\"wp-block-group has-global-padding is-layout-constrained wp-block-group-is-layout-constrained\">\n\t\n\t<div class=\"wp-block-group is-content-justification-left is-layout-flex wp-container-core-group-is-layout-10 wp-block-group-is-layout-flex\">\n\t\t<div class=\"wp-block-post-date\"><time datetime=\"2025-10-01T11:31:54-03:00\"><a href=\"https:\/\/extensao.ifg.edu.br\/meninasceec\/2025\/10\/01\/trajetoria-profissional-como-cientista-e-o-assunto-inicial-do-ciclo-de-palestras-mulheres-em-movimento\/\">out 1, 2025<\/a><\/time><\/div>\n\n\t\t\n\t\t<p class=\"has-contrast-2-color has-text-color\">\u2014<\/p>\n\t\t\n\n\t\t\n\t\t<p class=\"has-small-font-size has-contrast-2-color has-text-color\">por<\/p>\n\t\t\n\n\t\t<div class=\"wp-block-post-author-name\"><a href=\"https:\/\/extensao.ifg.edu.br\/meninasceec\/author\/20211030180195\/\" target=\"_self\" class=\"wp-block-post-author-name__link\">20211030180195<\/a><\/div>\n\n\t\t<div class=\"taxonomy-category wp-block-post-terms\"><span class=\"wp-block-post-terms__prefix\">em <\/span><a href=\"https:\/\/extensao.ifg.edu.br\/meninasceec\/category\/mulheres-em-movimento\/\" rel=\"tag\">Mulheres em Movimento<\/a><\/div>\n\n\t<\/div>\n\t\n<\/div>\n\n\n<\/div>\n\n<div class=\"wp-block-post-excerpt has-small-font-size\"><p class=\"wp-block-post-excerpt__excerpt\">Na segunda-feira, 15 de setembro, o Projeto Meninas CEEC deu in\u00edcio ao Ciclo de Palestras Mulheres em Movimento com&hellip;<\/p><p class=\"wp-block-post-excerpt__more-text\"><a class=\"wp-block-post-excerpt__more-link\" href=\"https:\/\/extensao.ifg.edu.br\/meninasceec\/2025\/10\/01\/trajetoria-profissional-como-cientista-e-o-assunto-inicial-do-ciclo-de-palestras-mulheres-em-movimento\/\">Leia mais<\/a><\/p><\/div>\n\n\n<div style=\"height:0px\" aria-hidden=\"true\" class=\"wp-block-spacer wp-container-content-7\"><\/div>\n<\/div>\n\n<\/li><\/ul>\n\n\n<div style=\"margin-top:0;margin-bottom:0;height:40px\" aria-hidden=\"true\" class=\"wp-block-spacer\"><\/div>\n\n\n<nav class=\"wp-block-query-pagination is-content-justification-space-between is-layout-flex wp-container-core-query-pagination-is-layout-1 wp-block-query-pagination-is-layout-flex\" aria-label=\"Pagina\u00e7\u00e3o\">\n\n\n<a href=\"\/meninasceec\/wp-json\/wp\/v2\/pages\/472?query-49-page=2\" class=\"wp-block-query-pagination-next\">Pr\u00f3xima p\u00e1gina<span class='wp-block-query-pagination-next-arrow is-arrow-arrow' aria-hidden='true'>\u2192<\/span><\/a>\n<\/nav><\/div>\n<\/div>\n<\/div>\n","protected":false},"excerpt":{"rendered":"","protected":false},"author":120,"featured_media":0,"parent":0,"menu_order":0,"comment_status":"closed","ping_status":"closed","template":"","meta":{"_links_to":"","_links_to_type":0,"footnotes":""},"class_list":["post-472","page","type-page","status-publish","hentry"],"_links":{"self":[{"href":"https:\/\/extensao.ifg.edu.br\/meninasceec\/wp-json\/wp\/v2\/pages\/472"}],"collection":[{"href":"https:\/\/extensao.ifg.edu.br\/meninasceec\/wp-json\/wp\/v2\/pages"}],"about":[{"href":"https:\/\/extensao.ifg.edu.br\/meninasceec\/wp-json\/wp\/v2\/types\/page"}],"author":[{"embeddable":true,"href":"https:\/\/extensao.ifg.edu.br\/meninasceec\/wp-json\/wp\/v2\/users\/120"}],"replies":[{"embeddable":true,"href":"https:\/\/extensao.ifg.edu.br\/meninasceec\/wp-json\/wp\/v2\/comments?post=472"}],"version-history":[{"count":75,"href":"https:\/\/extensao.ifg.edu.br\/meninasceec\/wp-json\/wp\/v2\/pages\/472\/revisions"}],"predecessor-version":[{"id":672,"href":"https:\/\/extensao.ifg.edu.br\/meninasceec\/wp-json\/wp\/v2\/pages\/472\/revisions\/672"}],"wp:attachment":[{"href":"https:\/\/extensao.ifg.edu.br\/meninasceec\/wp-json\/wp\/v2\/media?parent=472"}],"curies":[{"name":"wp","href":"https:\/\/api.w.org\/{rel}","templated":true}]}}