{"id":244,"date":"2025-08-25T10:47:16","date_gmt":"2025-08-25T13:47:16","guid":{"rendered":"https:\/\/extensao.ifg.edu.br\/futurodigital\/?page_id=244"},"modified":"2025-09-13T10:18:57","modified_gmt":"2025-09-13T13:18:57","slug":"tutoriais","status":"publish","type":"page","link":"https:\/\/extensao.ifg.edu.br\/futurodigital\/tutoriais\/","title":{"rendered":"Tutoriais \/ Sistemas"},"content":{"rendered":"\n<p><strong>Bem-vindo ao nosso Centro de Tutoriais!<\/strong><br \/>Aqui voc\u00ea encontra os links de acesso aos sistemas utilizados no Programa bem como tutoriais de utiliza\u00e7\u00e3o dos mesmos. Os tutoriais est\u00e3o separados em duas categorias: <strong>Treinandos<\/strong>\u00a0e <strong>Professores<\/strong>.<\/p>\n\n\n\n<h4 class=\"svelte-121hp7c\" dir=\"auto\">\ud83d\udd27 <strong>ACESSO AOS SISTEMAS<\/strong><\/h4>\n<h5 class=\"svelte-121hp7c\" dir=\"auto\"><strong>1. MOODLE SOFTEX<\/strong><\/h5>\n<p class=\"svelte-121hp7c\" dir=\"auto\"><strong>Plataforma oficial de estudos e atividades (para treinandos e professores)<\/strong><br \/>\ud83d\udd17 <strong>Acesso:<\/strong> <a href=\"https:\/\/moodle.softexpe.org.br\/login\/index.php\" target=\"_blank\" rel=\"nofollow noopener\">https:\/\/moodle.softexpe.org.br\/<\/a><\/p>\n<h4 class=\"svelte-121hp7c\" dir=\"auto\"><strong>2. BFD SOFTEX<\/strong><\/h4>\n<p class=\"svelte-121hp7c\" dir=\"auto\"><strong>Ambiente centralizado para gest\u00e3o acad\u00eamica (para professores e gest\u00e3o acad\u00eamica)<\/strong><br \/>\ud83d\udd17 <strong>Acesso:<\/strong> <a href=\"https:\/\/bfd.softexpe.org.br\/users\/sign_in\" target=\"_blank\" rel=\"nofollow noopener\">https:\/\/bfd.softexpe.org.br\/users\/sign_in<\/a><\/p>\n\n\n\n<hr class=\"wp-block-separator has-alpha-channel-opacity\"\/>\n\n\n\n<h4 class=\"svelte-121hp7c\" dir=\"auto\"><strong>\ud83c\udf93 TUTORIAIS PARA TREINANDOS<\/strong><\/h4>\n<p class=\"svelte-121hp7c\" dir=\"auto\">Tutoriais para orienta\u00e7\u00e3o de uso da plataforma Moodle:<\/p>\n<ol>\n<li><a href=\"https:\/\/drive.google.com\/file\/d\/1c-mHGLHtEb8RfJ1ONosaV5vFimi_7Oc0\/view?usp=drive_link\" target=\"_blank\" rel=\"nofollow noopener\">Como recuperar a senha (v1 &#8211; 2025-08-15)<\/a><\/li>\n<li><a href=\"https:\/\/drive.google.com\/file\/d\/1zEZKQw6kAAgguloCpQDdk08rnALpQnZY\/view?usp=drive_link\" target=\"_blank\" rel=\"nofollow noopener\">Como realizar seu primeiro acesso ao AVA WEB (v1 &#8211; 2025-08-11)<\/a><\/li>\n<li><a href=\"https:\/\/drive.google.com\/file\/d\/1osVykPjWzjYWXmVPbmKG3EL707A5E4K6\/view?usp=drive_link\" target=\"_blank\" rel=\"nofollow noopener\">Como realizar seu primeiro acesso ao AVA (Moodle Mobile) &#8211; (v1 &#8211; 2025-08-11)<\/a><\/li>\n<li><a href=\"https:\/\/drive.google.com\/file\/d\/17ry721MbCxX13V6sWWlqleZKT3gPVRSJ\/view?usp=drive_link\" target=\"_blank\" rel=\"nofollow noopener\">Como exibir as informa\u00e7\u00f5es do perfil, e como visualizar em qual turma est\u00e1 inscrito (v1 &#8211; 2025-08-18)<\/a><\/li>\n<\/ol>\n\n\n\n<hr class=\"wp-block-separator has-alpha-channel-opacity\"\/>\n\n\n\n<h4 class=\"svelte-121hp7c\" dir=\"auto\"><strong>\ud83d\udc69\u200d\ud83c\udfeb TUTORIAIS PARA PROFESSORES<\/strong><\/h4>\n<p class=\"svelte-121hp7c\" dir=\"auto\">Informa\u00e7\u00f5es essenciais para desenvolvimento das atividades dos professores (Sistema Moodle e BFD):<\/p>\n<ol dir=\"auto\" start=\"1\">\n<li class=\"text-start\"><a href=\"https:\/\/drive.google.com\/file\/d\/13x612uRoiWol4OCicu4CSJ-glmQs7III\/view?usp=drive_link\" target=\"_blank\" rel=\"nofollow noopener\">Visualizando os alunos da sua turma<\/a><\/li>\n<li class=\"text-start\"><a href=\"https:\/\/drive.google.com\/file\/d\/1S7MConAvnx1o8kNf7mVZs58mgePG8pUy\/view?usp=drive_link\" target=\"_blank\" rel=\"nofollow noopener\">Estrutura do curso para os professores<\/a><\/li>\n<li class=\"text-start\"><a href=\"https:\/\/drive.google.com\/file\/d\/1rLmimZLj69pMkkUC1hXNoPMt1SUjZKGV\/view?usp=drive_link\" target=\"_blank\" rel=\"nofollow noopener\">Como criar um evento no calend\u00e1rio<\/a><\/li>\n<li class=\"text-start\"><a href=\"https:\/\/drive.google.com\/file\/d\/1HY5phnfwYgq0hlgniocXxfujGdg8LnEZ\/view?usp=drive_link\" target=\"_blank\" rel=\"nofollow noopener\">Como cadastrar a frequencia na plataforma<\/a><\/li>\n<li class=\"text-start\"><a href=\"https:\/\/drive.google.com\/file\/d\/1seTaILhrXh0OGuq_2AaiAN4VeClFNEn1\/view?usp=drive_link\" target=\"_blank\" rel=\"nofollow noopener\">Como adicionar uma Restri\u00e7\u00e3o de Grupo \/ Turma<\/a><\/li>\n<\/ol>\n\n\n\n<hr class=\"wp-block-separator has-alpha-channel-opacity\"\/>\n\n\n\n<p class=\"svelte-121hp7c\" dir=\"auto\"><em>Precisa de suporte? Entre em contato: \ud83d\udce7\u00a0<strong><a>bfd-go@softexpe.org.br<\/a><\/strong><\/em><\/p>\n\n\n","protected":false},"excerpt":{"rendered":"<p>Bem-vindo ao nosso Centro de Tutoriais!Aqui voc\u00ea encontra os links de acesso aos sistemas utilizados no Programa bem como tutoriais de utiliza\u00e7\u00e3o dos mesmos. Os tutoriais est\u00e3o separados em duas categorias: Treinandos\u00a0e Professores. \ud83d\udd27 ACESSO AOS SISTEMAS 1. MOODLE SOFTEX Plataforma oficial de estudos e atividades (para treinandos e professores)\ud83d\udd17 Acesso: https:\/\/moodle.softexpe.org.br\/ 2. BFD SOFTEX [&hellip;]<\/p>\n","protected":false},"author":132,"featured_media":0,"parent":0,"menu_order":0,"comment_status":"closed","ping_status":"closed","template":"","meta":{"site-sidebar-layout":"default","site-content-layout":"","ast-site-content-layout":"default","site-content-style":"default","site-sidebar-style":"default","ast-global-header-display":"","ast-banner-title-visibility":"","ast-main-header-display":"","ast-hfb-above-header-display":"","ast-hfb-below-header-display":"","ast-hfb-mobile-header-display":"","site-post-title":"","ast-breadcrumbs-content":"","ast-featured-img":"","footer-sml-layout":"","ast-disable-related-posts":"","theme-transparent-header-meta":"","adv-header-id-meta":"","stick-header-meta":"","header-above-stick-meta":"","header-main-stick-meta":"","header-below-stick-meta":"","astra-migrate-meta-layouts":"default","ast-page-background-enabled":"default","ast-page-background-meta":{"desktop":{"background-color":"var(--ast-global-color-5)","background-image":"","background-repeat":"repeat","background-position":"center center","background-size":"auto","background-attachment":"scroll","background-type":"","background-media":"","overlay-type":"","overlay-color":"","overlay-opacity":"","overlay-gradient":""},"tablet":{"background-color":"","background-image":"","background-repeat":"repeat","background-position":"center center","background-size":"auto","background-attachment":"scroll","background-type":"","background-media":"","overlay-type":"","overlay-color":"","overlay-opacity":"","overlay-gradient":""},"mobile":{"background-color":"","background-image":"","background-repeat":"repeat","background-position":"center center","background-size":"auto","background-attachment":"scroll","background-type":"","background-media":"","overlay-type":"","overlay-color":"","overlay-opacity":"","overlay-gradient":""}},"ast-content-background-meta":{"desktop":{"background-color":"var(--ast-global-color-4)","background-image":"","background-repeat":"repeat","background-position":"center center","background-size":"auto","background-attachment":"scroll","background-type":"","background-media":"","overlay-type":"","overlay-color":"","overlay-opacity":"","overlay-gradient":""},"tablet":{"background-color":"var(--ast-global-color-4)","background-image":"","background-repeat":"repeat","background-position":"center center","background-size":"auto","background-attachment":"scroll","background-type":"","background-media":"","overlay-type":"","overlay-color":"","overlay-opacity":"","overlay-gradient":""},"mobile":{"background-color":"var(--ast-global-color-4)","background-image":"","background-repeat":"repeat","background-position":"center center","background-size":"auto","background-attachment":"scroll","background-type":"","background-media":"","overlay-type":"","overlay-color":"","overlay-opacity":"","overlay-gradient":""}},"_links_to":"","_links_to_type":0,"footnotes":""},"class_list":["post-244","page","type-page","status-publish","hentry"],"_links":{"self":[{"href":"https:\/\/extensao.ifg.edu.br\/futurodigital\/wp-json\/wp\/v2\/pages\/244"}],"collection":[{"href":"https:\/\/extensao.ifg.edu.br\/futurodigital\/wp-json\/wp\/v2\/pages"}],"about":[{"href":"https:\/\/extensao.ifg.edu.br\/futurodigital\/wp-json\/wp\/v2\/types\/page"}],"author":[{"embeddable":true,"href":"https:\/\/extensao.ifg.edu.br\/futurodigital\/wp-json\/wp\/v2\/users\/132"}],"replies":[{"embeddable":true,"href":"https:\/\/extensao.ifg.edu.br\/futurodigital\/wp-json\/wp\/v2\/comments?post=244"}],"version-history":[{"count":13,"href":"https:\/\/extensao.ifg.edu.br\/futurodigital\/wp-json\/wp\/v2\/pages\/244\/revisions"}],"predecessor-version":[{"id":276,"href":"https:\/\/extensao.ifg.edu.br\/futurodigital\/wp-json\/wp\/v2\/pages\/244\/revisions\/276"}],"wp:attachment":[{"href":"https:\/\/extensao.ifg.edu.br\/futurodigital\/wp-json\/wp\/v2\/media?parent=244"}],"curies":[{"name":"wp","href":"https:\/\/api.w.org\/{rel}","templated":true}]}}