{"id":123,"date":"2025-06-04T17:48:00","date_gmt":"2025-06-04T20:48:00","guid":{"rendered":"https:\/\/extensao.ifg.edu.br\/futurodigital\/?page_id=123"},"modified":"2025-09-13T10:24:23","modified_gmt":"2025-09-13T13:24:23","slug":"cursos-turmas","status":"publish","type":"page","link":"https:\/\/extensao.ifg.edu.br\/futurodigital\/cursos-turmas\/","title":{"rendered":"Cursos \/ Turmas"},"content":{"rendered":"\n<p>O <strong>Projeto Bolsa Futuro Digital<\/strong> oferece forma\u00e7\u00e3o gratuita e presencial em programa\u00e7\u00e3o, com cursos de 6 meses de dura\u00e7\u00e3o, para quem deseja ingressar na \u00e1rea de tecnologia da informa\u00e7\u00e3o. Confira abaixo os cursos e turmas dispon\u00edveis neste primeiro ciclo de forma\u00e7\u00e3o, com aulas realizadas no <strong>Instituto Federal de Goi\u00e1s \u2013 Reitoria (Rua C-198, Quadra 500, Jardim Am\u00e9rica, Goi\u00e2nia-GO).<\/strong><\/p>\n\n\n\n<h3 class=\"wp-block-heading\">\ud83e\udde9 Cursos Ofertados<\/h3>\n\n\n\n<ul class=\"wp-block-list\">\n<li><strong>Desenvolvedor Front-End<\/strong><br>\u00canfase em design, integra\u00e7\u00e3o e experi\u00eancia do usu\u00e1rio, com trilha em React.<\/li>\n\n\n\n<li><strong>Desenvolvedor Back-End<\/strong><br>\u00canfase em l\u00f3gica, dados e servidores, com trilhas espec\u00edficas em:\n<ul class=\"wp-block-list\">\n<li>Python<\/li>\n\n\n\n<li>JavaScript (Node.js)<\/li>\n<\/ul>\n<\/li>\n<\/ul>\n\n\n\n<hr class=\"wp-block-separator has-alpha-channel-opacity\"\/>\n\n\n\n<h3 class=\"wp-block-heading\">\ud83d\udcc5 Turmas Dispon\u00edveis<\/h3>\n\n\n\n<p>Confira abaixo as turmas dispon\u00edveis neste primeiro ciclo de forma\u00e7\u00e3o. As aulas ter\u00e3o in\u00edcio em 04 de agosto de 2025.<\/p>\n\n\n\n<figure class=\"wp-block-table\"><table class=\"has-fixed-layout\"><thead><tr><th>Turma<\/th><th>Curso<\/th><th>Dias da Semana<\/th><th>Hor\u00e1rio<\/th><th>Vagas<\/th><\/tr><\/thead><tbody><tr><td>Turma 01 GO &#8211; C1<\/td><td>Back-End com JavaScript<\/td><td>Segunda e Quarta<\/td><td>09h \u00e0s 12h<\/td><td>30<\/td><\/tr><tr><td>Turma 02 GO &#8211; C1<\/td><td>Front-End com React<\/td><td>Segunda e Quarta<\/td><td>14h \u00e0s 17h<\/td><td>30<\/td><\/tr><tr><td>Turma 03 GO &#8211; C1<\/td><td>Back-End com Python<\/td><td>Segunda e Quarta<\/td><td>18h \u00e0s 21h<\/td><td>30<\/td><\/tr><tr><td>Turma 04 GO &#8211; C1<\/td><td>Back-End com JavaScript<\/td><td>Ter\u00e7a e Quinta<\/td><td>09h \u00e0s 12h<\/td><td>30<\/td><\/tr><tr><td>Turma 05 GO &#8211; C1<\/td><td>Back-End com Python<\/td><td>Ter\u00e7a e Quinta<\/td><td>14h \u00e0s 17h<\/td><td>30<\/td><\/tr><tr><td>Turma 06 GO &#8211; C1<\/td><td>Back-End com JavaScript<\/td><td>Ter\u00e7a e Quinta<\/td><td>18h \u00e0s 21h<\/td><td>30<\/td><\/tr><\/tbody><\/table><\/figure>\n\n\n\n<hr class=\"wp-block-separator has-alpha-channel-opacity\"\/>\n\n\n\n<h3 class=\"wp-block-heading\">\ud83d\udccd Local das Aulas<\/h3>\n\n\n\n<p><strong>IFG \u2013 Reitoria<\/strong><br>Laborat\u00f3rio de Inform\u00e1tica da Diretoria de Educa\u00e7\u00e3o a Dist\u00e2ncia<br>Rua C-198, Quadra 500, Jardim Am\u00e9rica, Goi\u00e2nia-GO, 74270-040<\/p>\n\n\n\n<hr class=\"wp-block-separator has-alpha-channel-opacity\"\/>\n\n\n\n<h3 class=\"wp-block-heading\">\ud83d\udccc Observa\u00e7\u00f5es<\/h3>\n\n\n\n<ul class=\"wp-block-list\">\n<li>As aulas presenciais ocorrem <strong>duas vezes por semana<\/strong>, com 3 horas de dura\u00e7\u00e3o cada.<\/li>\n\n\n\n<li>A forma\u00e7\u00e3o total \u00e9 de <strong>6 meses<\/strong>, com <strong>144h presenciais<\/strong> + <strong>56h de atividades complementares a dist\u00e2ncia<\/strong>.<\/li>\n\n\n\n<li>Bolsas de incentivo ser\u00e3o oferecidas aos participantes, conforme regras do edital.<\/li>\n\n\n\n<li>Inscri\u00e7\u00f5es, previs\u00e3o de in\u00edcio das aulas e regras do processo seletivo podem ser acessadas na p\u00e1gina <a href=\"https:\/\/extensao.ifg.edu.br\/futurodigital\/editais-estudantes\/\">https:\/\/extensao.ifg.edu.br\/futurodigital\/editais-estudantes\/<\/a><\/li>\n<\/ul>\n\n\n","protected":false},"excerpt":{"rendered":"<p>O Projeto Bolsa Futuro Digital oferece forma\u00e7\u00e3o gratuita e presencial em programa\u00e7\u00e3o, com cursos de 6 meses de dura\u00e7\u00e3o, para quem deseja ingressar na \u00e1rea de tecnologia da informa\u00e7\u00e3o. Confira abaixo os cursos e turmas dispon\u00edveis neste primeiro ciclo de forma\u00e7\u00e3o, com aulas realizadas no Instituto Federal de Goi\u00e1s \u2013 Reitoria (Rua C-198, Quadra 500, [&hellip;]<\/p>\n","protected":false},"author":3,"featured_media":0,"parent":0,"menu_order":0,"comment_status":"closed","ping_status":"closed","template":"","meta":{"site-sidebar-layout":"default","site-content-layout":"","ast-site-content-layout":"default","site-content-style":"default","site-sidebar-style":"default","ast-global-header-display":"","ast-banner-title-visibility":"","ast-main-header-display":"","ast-hfb-above-header-display":"","ast-hfb-below-header-display":"","ast-hfb-mobile-header-display":"","site-post-title":"","ast-breadcrumbs-content":"","ast-featured-img":"","footer-sml-layout":"","ast-disable-related-posts":"","theme-transparent-header-meta":"","adv-header-id-meta":"","stick-header-meta":"","header-above-stick-meta":"","header-main-stick-meta":"","header-below-stick-meta":"","astra-migrate-meta-layouts":"default","ast-page-background-enabled":"default","ast-page-background-meta":{"desktop":{"background-color":"var(--ast-global-color-5)","background-image":"","background-repeat":"repeat","background-position":"center center","background-size":"auto","background-attachment":"scroll","background-type":"","background-media":"","overlay-type":"","overlay-color":"","overlay-opacity":"","overlay-gradient":""},"tablet":{"background-color":"","background-image":"","background-repeat":"repeat","background-position":"center center","background-size":"auto","background-attachment":"scroll","background-type":"","background-media":"","overlay-type":"","overlay-color":"","overlay-opacity":"","overlay-gradient":""},"mobile":{"background-color":"","background-image":"","background-repeat":"repeat","background-position":"center center","background-size":"auto","background-attachment":"scroll","background-type":"","background-media":"","overlay-type":"","overlay-color":"","overlay-opacity":"","overlay-gradient":""}},"ast-content-background-meta":{"desktop":{"background-color":"var(--ast-global-color-4)","background-image":"","background-repeat":"repeat","background-position":"center center","background-size":"auto","background-attachment":"scroll","background-type":"","background-media":"","overlay-type":"","overlay-color":"","overlay-opacity":"","overlay-gradient":""},"tablet":{"background-color":"var(--ast-global-color-4)","background-image":"","background-repeat":"repeat","background-position":"center center","background-size":"auto","background-attachment":"scroll","background-type":"","background-media":"","overlay-type":"","overlay-color":"","overlay-opacity":"","overlay-gradient":""},"mobile":{"background-color":"var(--ast-global-color-4)","background-image":"","background-repeat":"repeat","background-position":"center center","background-size":"auto","background-attachment":"scroll","background-type":"","background-media":"","overlay-type":"","overlay-color":"","overlay-opacity":"","overlay-gradient":""}},"_links_to":"","_links_to_type":0,"footnotes":""},"class_list":["post-123","page","type-page","status-publish","hentry"],"_links":{"self":[{"href":"https:\/\/extensao.ifg.edu.br\/futurodigital\/wp-json\/wp\/v2\/pages\/123"}],"collection":[{"href":"https:\/\/extensao.ifg.edu.br\/futurodigital\/wp-json\/wp\/v2\/pages"}],"about":[{"href":"https:\/\/extensao.ifg.edu.br\/futurodigital\/wp-json\/wp\/v2\/types\/page"}],"author":[{"embeddable":true,"href":"https:\/\/extensao.ifg.edu.br\/futurodigital\/wp-json\/wp\/v2\/users\/3"}],"replies":[{"embeddable":true,"href":"https:\/\/extensao.ifg.edu.br\/futurodigital\/wp-json\/wp\/v2\/comments?post=123"}],"version-history":[{"count":8,"href":"https:\/\/extensao.ifg.edu.br\/futurodigital\/wp-json\/wp\/v2\/pages\/123\/revisions"}],"predecessor-version":[{"id":280,"href":"https:\/\/extensao.ifg.edu.br\/futurodigital\/wp-json\/wp\/v2\/pages\/123\/revisions\/280"}],"wp:attachment":[{"href":"https:\/\/extensao.ifg.edu.br\/futurodigital\/wp-json\/wp\/v2\/media?parent=123"}],"curies":[{"name":"wp","href":"https:\/\/api.w.org\/{rel}","templated":true}]}}

<p>O <strong>Projeto Bolsa Futuro Digital</strong> oferece formação gratuita e presencial em programação, com cursos de 6 meses de duração, para quem deseja ingressar na área de tecnologia da informação. Confira abaixo os cursos e turmas disponíveis neste primeiro ciclo de formação, com aulas realizadas no <strong>Instituto Federal de Goiás – Reitoria (Rua C-198, Quadra 500, Jardim América, Goiânia-GO).</strong></p>



<h3 class="wp-block-heading">🧩 Cursos Ofertados</h3>



<ul class="wp-block-list">
<li><strong>Desenvolvedor Front-End</strong><br>Ênfase em design, integração e experiência do usuário, com trilha em React.</li>



<li><strong>Desenvolvedor Back-End</strong><br>Ênfase em lógica, dados e servidores, com trilhas específicas em:
<ul class="wp-block-list">
<li>Python</li>



<li>JavaScript (Node.js)</li>
</ul>
</li>
</ul>



<hr class="wp-block-separator has-alpha-channel-opacity"/>



<h3 class="wp-block-heading">📅 Turmas Disponíveis</h3>



<p>Confira abaixo as turmas disponíveis neste primeiro ciclo de formação. As aulas terão início em 04 de agosto de 2025.</p>



<figure class="wp-block-table"><table class="has-fixed-layout"><thead><tr><th>Turma</th><th>Curso</th><th>Dias da Semana</th><th>Horário</th><th>Vagas</th></tr></thead><tbody><tr><td>Turma 01 GO &#8211; C1</td><td>Back-End com JavaScript</td><td>Segunda e Quarta</td><td>09h às 12h</td><td>30</td></tr><tr><td>Turma 02 GO &#8211; C1</td><td>Front-End com React</td><td>Segunda e Quarta</td><td>14h às 17h</td><td>30</td></tr><tr><td>Turma 03 GO &#8211; C1</td><td>Back-End com Python</td><td>Segunda e Quarta</td><td>18h às 21h</td><td>30</td></tr><tr><td>Turma 04 GO &#8211; C1</td><td>Back-End com JavaScript</td><td>Terça e Quinta</td><td>09h às 12h</td><td>30</td></tr><tr><td>Turma 05 GO &#8211; C1</td><td>Back-End com Python</td><td>Terça e Quinta</td><td>14h às 17h</td><td>30</td></tr><tr><td>Turma 06 GO &#8211; C1</td><td>Back-End com JavaScript</td><td>Terça e Quinta</td><td>18h às 21h</td><td>30</td></tr></tbody></table></figure>



<hr class="wp-block-separator has-alpha-channel-opacity"/>



<h3 class="wp-block-heading">📍 Local das Aulas</h3>



<p><strong>IFG – Reitoria</strong><br>Laboratório de Informática da Diretoria de Educação a Distância<br>Rua C-198, Quadra 500, Jardim América, Goiânia-GO, 74270-040</p>



<hr class="wp-block-separator has-alpha-channel-opacity"/>



<h3 class="wp-block-heading">📌 Observações</h3>



<ul class="wp-block-list">
<li>As aulas presenciais ocorrem <strong>duas vezes por semana</strong>, com 3 horas de duração cada.</li>



<li>A formação total é de <strong>6 meses</strong>, com <strong>144h presenciais</strong> + <strong>56h de atividades complementares a distância</strong>.</li>



<li>Bolsas de incentivo serão oferecidas aos participantes, conforme regras do edital.</li>



<li>Inscrições, previsão de início das aulas e regras do processo seletivo podem ser acessadas na página <a href="https://extensao.ifg.edu.br/futurodigital/editais-estudantes/">https://extensao.ifg.edu.br/futurodigital/editais-estudantes/</a></li>
</ul>

<p>O Projeto Bolsa Futuro Digital oferece formação gratuita e presencial em programação, com cursos de 6 meses de duração, para quem deseja ingressar na área de tecnologia da informação. Confira abaixo os cursos e turmas disponíveis neste primeiro ciclo de formação, com aulas realizadas no Instituto Federal de Goiás – Reitoria (Rua C-198, Quadra 500, [&hellip;]</p>
