{"id":2,"date":"2024-09-12T17:46:58","date_gmt":"2024-09-12T20:46:58","guid":{"rendered":"http:\/\/extensao.ifg.edu.br\/extensaodivulga\/?page_id=2"},"modified":"2024-09-16T11:01:50","modified_gmt":"2024-09-16T14:01:50","slug":"pagina-exemplo","status":"publish","type":"page","link":"https:\/\/extensao.ifg.edu.br\/extensaodivulga\/pagina-exemplo\/","title":{"rendered":"Inicial"},"content":{"rendered":"<p>? Ol\u00e1! A Pr\u00f3-Reitoria de Extens\u00e3o do Instituto Federal de Goi\u00e1s (IFG) desenvolve v\u00e1rias a\u00e7\u00f5es externas ao mundo acad\u00eamico. Ou seja, as a\u00e7\u00f5es extensionistas.<\/p>\n<p>Mas o que seria extens\u00e3o?\u00a0?\u00a0 Di\u00e1logo, viv\u00eancia e transforma\u00e7\u00e3o social\u2026\u00a0? \u00e9 assim que a extens\u00e3o conduz suas atividades: ?\ufe0f dialogando, conversando, interagindo; ? se baseia nas viv\u00eancias com as pessoas, por meio dos programas, projetos e a\u00e7\u00f5es que envolvem, de fato, a comunidade externa ao IFG; e o principal: transforma a vida de muita gente!\u00a0?? E para o bem!\u00a0?<\/p>\n<p>? Por isso, que a integra\u00e7\u00e3o e o envolvimento s\u00e3o t\u00e3o importantes pra n\u00f3s! ??? Seja com a comunidade interna quanto com a externa. Por meio de editais, eventos e diversas a\u00e7\u00f5es, a Proex conversa com o mundo, transforma pessoas e vidas e tenta, com isso, contribuir para a educa\u00e7\u00e3o humana e brasileira.\u00a0?<\/p>\n<p><strong>Quer saber mais? Veja nosso site institucional:\u00a0<\/strong><\/p>\n<p><a href=\"http:\/\/www.ifg.edu.br\/estrutura-organizacional-extensao\">www.ifg.edu.br\/estrutura-organizacional-extensao\u00a0?<\/a><\/p>\n","protected":false},"excerpt":{"rendered":"<p>? Ol\u00e1! A Pr\u00f3-Reitoria de Extens\u00e3o do Instituto Federal de Goi\u00e1s (IFG) desenvolve v\u00e1rias a\u00e7\u00f5es externas ao mundo acad\u00eamico. Ou seja, as a\u00e7\u00f5es extensionistas. Mas o que seria extens\u00e3o?\u00a0?\u00a0 Di\u00e1logo, viv\u00eancia e transforma\u00e7\u00e3o social\u2026\u00a0? \u00e9 assim que a extens\u00e3o conduz suas atividades: ?\ufe0f dialogando, conversando, interagindo; ? se baseia nas viv\u00eancias com as pessoas, por &hellip; <a href=\"https:\/\/extensao.ifg.edu.br\/extensaodivulga\/pagina-exemplo\/\" class=\"more-link\">Continue lendo <span class=\"screen-reader-text\">Inicial<\/span> <span class=\"meta-nav\">&rarr;<\/span><\/a><\/p>\n","protected":false},"author":114,"featured_media":9,"parent":0,"menu_order":0,"comment_status":"closed","ping_status":"open","template":"","meta":{"_links_to":"","_links_to_type":0,"footnotes":""},"class_list":["post-2","page","type-page","status-publish","has-post-thumbnail","hentry"],"_links":{"self":[{"href":"https:\/\/extensao.ifg.edu.br\/extensaodivulga\/wp-json\/wp\/v2\/pages\/2"}],"collection":[{"href":"https:\/\/extensao.ifg.edu.br\/extensaodivulga\/wp-json\/wp\/v2\/pages"}],"about":[{"href":"https:\/\/extensao.ifg.edu.br\/extensaodivulga\/wp-json\/wp\/v2\/types\/page"}],"author":[{"embeddable":true,"href":"https:\/\/extensao.ifg.edu.br\/extensaodivulga\/wp-json\/wp\/v2\/users\/114"}],"replies":[{"embeddable":true,"href":"https:\/\/extensao.ifg.edu.br\/extensaodivulga\/wp-json\/wp\/v2\/comments?post=2"}],"version-history":[{"count":2,"href":"https:\/\/extensao.ifg.edu.br\/extensaodivulga\/wp-json\/wp\/v2\/pages\/2\/revisions"}],"predecessor-version":[{"id":13,"href":"https:\/\/extensao.ifg.edu.br\/extensaodivulga\/wp-json\/wp\/v2\/pages\/2\/revisions\/13"}],"wp:featuredmedia":[{"embeddable":true,"href":"https:\/\/extensao.ifg.edu.br\/extensaodivulga\/wp-json\/wp\/v2\/media\/9"}],"wp:attachment":[{"href":"https:\/\/extensao.ifg.edu.br\/extensaodivulga\/wp-json\/wp\/v2\/media?parent=2"}],"curies":[{"name":"wp","href":"https:\/\/api.w.org\/{rel}","templated":true}]}}