{"id":559,"date":"2025-02-13T08:51:41","date_gmt":"2025-02-13T11:51:41","guid":{"rendered":"https:\/\/extensao.ifg.edu.br\/estagio-ifg-inhumas\/?page_id=559"},"modified":"2025-10-02T16:09:36","modified_gmt":"2025-10-02T19:09:36","slug":"contato","status":"publish","type":"page","link":"https:\/\/extensao.ifg.edu.br\/estagio-ifg-inhumas\/contato\/","title":{"rendered":"Contato"},"content":{"rendered":"\n<h4 class=\"wp-block-heading\"><strong>Coordena\u00e7\u00e3o de Integra\u00e7\u00e3o Escola Empresa (CIEE)<\/strong><\/h4>\n\n\n\n<div style=\"height:38px\" aria-hidden=\"true\" class=\"wp-block-spacer\"><\/div>\n\n\n\n<p><strong>Coordenadora:<\/strong> Ana J\u00falia Rodrigues Carvalho<\/p>\n\n\n\n<p><strong>Assistente em administra\u00e7\u00e3o:<\/strong> Helen M\u00e1rcia Serravalli Camargo Maconi<\/p>\n\n\n\n<p><strong>Localiza\u00e7\u00e3o:<\/strong> GEPEX &#8211; Sala T-115<\/p>\n\n\n\n<p><strong>Email do setor:<\/strong> ciee.inhumas@ifg.edu.br<\/p>\n\n\n\n<p><strong>Whatsapp business:<\/strong> (62) 9374-4449<\/p>\n\n\n","protected":false},"excerpt":{"rendered":"<p>Coordena\u00e7\u00e3o de Integra\u00e7\u00e3o Escola Empresa (CIEE) Coordenadora: Ana J\u00falia Rodrigues Carvalho Assistente em administra\u00e7\u00e3o: Helen M\u00e1rcia Serravalli Camargo Maconi Localiza\u00e7\u00e3o: GEPEX &#8211; Sala T-115 Email do setor: ciee.inhumas@ifg.edu.br Whatsapp business: (62) 9374-4449<\/p>\n","protected":false},"author":120,"featured_media":0,"parent":0,"menu_order":6,"comment_status":"closed","ping_status":"closed","template":"","meta":{"_links_to":"","_links_to_type":0,"footnotes":""},"class_list":["post-559","page","type-page","status-publish","hentry"],"_links":{"self":[{"href":"https:\/\/extensao.ifg.edu.br\/estagio-ifg-inhumas\/wp-json\/wp\/v2\/pages\/559"}],"collection":[{"href":"https:\/\/extensao.ifg.edu.br\/estagio-ifg-inhumas\/wp-json\/wp\/v2\/pages"}],"about":[{"href":"https:\/\/extensao.ifg.edu.br\/estagio-ifg-inhumas\/wp-json\/wp\/v2\/types\/page"}],"author":[{"embeddable":true,"href":"https:\/\/extensao.ifg.edu.br\/estagio-ifg-inhumas\/wp-json\/wp\/v2\/users\/120"}],"replies":[{"embeddable":true,"href":"https:\/\/extensao.ifg.edu.br\/estagio-ifg-inhumas\/wp-json\/wp\/v2\/comments?post=559"}],"version-history":[{"count":10,"href":"https:\/\/extensao.ifg.edu.br\/estagio-ifg-inhumas\/wp-json\/wp\/v2\/pages\/559\/revisions"}],"predecessor-version":[{"id":916,"href":"https:\/\/extensao.ifg.edu.br\/estagio-ifg-inhumas\/wp-json\/wp\/v2\/pages\/559\/revisions\/916"}],"wp:attachment":[{"href":"https:\/\/extensao.ifg.edu.br\/estagio-ifg-inhumas\/wp-json\/wp\/v2\/media?parent=559"}],"curies":[{"name":"wp","href":"https:\/\/api.w.org\/{rel}","templated":true}]}}