{"id":28,"date":"2025-02-03T09:47:57","date_gmt":"2025-02-03T12:47:57","guid":{"rendered":"https:\/\/extensao.ifg.edu.br\/estagio-ifg-inhumas\/?page_id=28"},"modified":"2025-11-26T16:37:45","modified_gmt":"2025-11-26T19:37:45","slug":"entenda-o-estagio","status":"publish","type":"page","link":"https:\/\/extensao.ifg.edu.br\/estagio-ifg-inhumas\/entenda-o-estagio\/","title":{"rendered":"Entenda o Est\u00e1gio"},"content":{"rendered":"\n<div class=\"wp-block-buttons has-custom-font-size has-medium-font-size is-horizontal is-content-justification-left is-layout-flex wp-container-core-buttons-is-layout-1 wp-block-buttons-is-layout-flex\">\n<div class=\"wp-block-button is-style-fill\"><a class=\"wp-block-button__link has-white-color has-text-color has-background has-link-color has-text-align-right wp-element-button\" href=\"#principais-informacoes\" style=\"border-radius:12px;background:linear-gradient(180deg,rgb(0,77,38) 19%,rgb(0,107,107) 93%)\">Principais<br>informa\u00e7\u00f5es<br><img loading=\"lazy\" decoding=\"async\" width=\"1600\" height=\"1600\" class=\"wp-image-793\" style=\"width: 35px\" src=\"http:\/\/extensao.ifg.edu.br\/estagio-ifg-inhumas\/wp-content\/uploads\/sites\/35\/2025\/02\/arrow-right-long-solid-1.png\" alt=\"\" srcset=\"https:\/\/extensao.ifg.edu.br\/estagio-ifg-inhumas\/wp-content\/uploads\/sites\/35\/2025\/02\/arrow-right-long-solid-1.png 1600w, https:\/\/extensao.ifg.edu.br\/estagio-ifg-inhumas\/wp-content\/uploads\/sites\/35\/2025\/02\/arrow-right-long-solid-1-300x300.png 300w, https:\/\/extensao.ifg.edu.br\/estagio-ifg-inhumas\/wp-content\/uploads\/sites\/35\/2025\/02\/arrow-right-long-solid-1-1024x1024.png 1024w, https:\/\/extensao.ifg.edu.br\/estagio-ifg-inhumas\/wp-content\/uploads\/sites\/35\/2025\/02\/arrow-right-long-solid-1-150x150.png 150w, https:\/\/extensao.ifg.edu.br\/estagio-ifg-inhumas\/wp-content\/uploads\/sites\/35\/2025\/02\/arrow-right-long-solid-1-768x768.png 768w, https:\/\/extensao.ifg.edu.br\/estagio-ifg-inhumas\/wp-content\/uploads\/sites\/35\/2025\/02\/arrow-right-long-solid-1-500x500.png 500w, https:\/\/extensao.ifg.edu.br\/estagio-ifg-inhumas\/wp-content\/uploads\/sites\/35\/2025\/02\/arrow-right-long-solid-1-400x400.png 400w, https:\/\/extensao.ifg.edu.br\/estagio-ifg-inhumas\/wp-content\/uploads\/sites\/35\/2025\/02\/arrow-right-long-solid-1-1536x1536.png 1536w, https:\/\/extensao.ifg.edu.br\/estagio-ifg-inhumas\/wp-content\/uploads\/sites\/35\/2025\/02\/arrow-right-long-solid-1-50x50.png 50w, https:\/\/extensao.ifg.edu.br\/estagio-ifg-inhumas\/wp-content\/uploads\/sites\/35\/2025\/02\/arrow-right-long-solid-1-80x80.png 80w\" sizes=\"(max-width: 1600px) 100vw, 1600px\" \/><\/a><\/div>\n\n\n\n<div class=\"wp-block-button is-style-fill\"><a class=\"wp-block-button__link has-white-color has-text-color has-background has-link-color has-text-align-right wp-element-button\" href=\"#equiparacao-validacao\" style=\"border-radius:12px;background:linear-gradient(180deg,rgb(0,77,38) 19%,rgb(0,107,107) 93%)\">Equipara\u00e7\u00e3o<br>e valida\u00e7\u00e3o<br><img loading=\"lazy\" decoding=\"async\" width=\"1600\" height=\"1600\" class=\"wp-image-793\" style=\"width: 35px\" src=\"http:\/\/extensao.ifg.edu.br\/estagio-ifg-inhumas\/wp-content\/uploads\/sites\/35\/2025\/02\/arrow-right-long-solid-1.png\" alt=\"\" srcset=\"https:\/\/extensao.ifg.edu.br\/estagio-ifg-inhumas\/wp-content\/uploads\/sites\/35\/2025\/02\/arrow-right-long-solid-1.png 1600w, https:\/\/extensao.ifg.edu.br\/estagio-ifg-inhumas\/wp-content\/uploads\/sites\/35\/2025\/02\/arrow-right-long-solid-1-300x300.png 300w, https:\/\/extensao.ifg.edu.br\/estagio-ifg-inhumas\/wp-content\/uploads\/sites\/35\/2025\/02\/arrow-right-long-solid-1-1024x1024.png 1024w, https:\/\/extensao.ifg.edu.br\/estagio-ifg-inhumas\/wp-content\/uploads\/sites\/35\/2025\/02\/arrow-right-long-solid-1-150x150.png 150w, https:\/\/extensao.ifg.edu.br\/estagio-ifg-inhumas\/wp-content\/uploads\/sites\/35\/2025\/02\/arrow-right-long-solid-1-768x768.png 768w, https:\/\/extensao.ifg.edu.br\/estagio-ifg-inhumas\/wp-content\/uploads\/sites\/35\/2025\/02\/arrow-right-long-solid-1-500x500.png 500w, https:\/\/extensao.ifg.edu.br\/estagio-ifg-inhumas\/wp-content\/uploads\/sites\/35\/2025\/02\/arrow-right-long-solid-1-400x400.png 400w, https:\/\/extensao.ifg.edu.br\/estagio-ifg-inhumas\/wp-content\/uploads\/sites\/35\/2025\/02\/arrow-right-long-solid-1-1536x1536.png 1536w, https:\/\/extensao.ifg.edu.br\/estagio-ifg-inhumas\/wp-content\/uploads\/sites\/35\/2025\/02\/arrow-right-long-solid-1-50x50.png 50w, https:\/\/extensao.ifg.edu.br\/estagio-ifg-inhumas\/wp-content\/uploads\/sites\/35\/2025\/02\/arrow-right-long-solid-1-80x80.png 80w\" sizes=\"(max-width: 1600px) 100vw, 1600px\" \/><\/a><\/div>\n\n\n\n<div class=\"wp-block-button is-style-fill\"><a class=\"wp-block-button__link has-white-color has-text-color has-background has-link-color has-text-align-right wp-element-button\" href=\"#horas-estagio\" style=\"border-radius:12px;background:linear-gradient(180deg,rgb(0,77,38) 19%,rgb(0,107,107) 93%)\">Horas de est\u00e1gio<br>obrigat\u00f3rio<br><img loading=\"lazy\" decoding=\"async\" width=\"1600\" height=\"1600\" class=\"wp-image-793\" style=\"width: 35px\" src=\"http:\/\/extensao.ifg.edu.br\/estagio-ifg-inhumas\/wp-content\/uploads\/sites\/35\/2025\/02\/arrow-right-long-solid-1.png\" alt=\"\" srcset=\"https:\/\/extensao.ifg.edu.br\/estagio-ifg-inhumas\/wp-content\/uploads\/sites\/35\/2025\/02\/arrow-right-long-solid-1.png 1600w, https:\/\/extensao.ifg.edu.br\/estagio-ifg-inhumas\/wp-content\/uploads\/sites\/35\/2025\/02\/arrow-right-long-solid-1-300x300.png 300w, https:\/\/extensao.ifg.edu.br\/estagio-ifg-inhumas\/wp-content\/uploads\/sites\/35\/2025\/02\/arrow-right-long-solid-1-1024x1024.png 1024w, https:\/\/extensao.ifg.edu.br\/estagio-ifg-inhumas\/wp-content\/uploads\/sites\/35\/2025\/02\/arrow-right-long-solid-1-150x150.png 150w, https:\/\/extensao.ifg.edu.br\/estagio-ifg-inhumas\/wp-content\/uploads\/sites\/35\/2025\/02\/arrow-right-long-solid-1-768x768.png 768w, https:\/\/extensao.ifg.edu.br\/estagio-ifg-inhumas\/wp-content\/uploads\/sites\/35\/2025\/02\/arrow-right-long-solid-1-500x500.png 500w, https:\/\/extensao.ifg.edu.br\/estagio-ifg-inhumas\/wp-content\/uploads\/sites\/35\/2025\/02\/arrow-right-long-solid-1-400x400.png 400w, https:\/\/extensao.ifg.edu.br\/estagio-ifg-inhumas\/wp-content\/uploads\/sites\/35\/2025\/02\/arrow-right-long-solid-1-1536x1536.png 1536w, https:\/\/extensao.ifg.edu.br\/estagio-ifg-inhumas\/wp-content\/uploads\/sites\/35\/2025\/02\/arrow-right-long-solid-1-50x50.png 50w, https:\/\/extensao.ifg.edu.br\/estagio-ifg-inhumas\/wp-content\/uploads\/sites\/35\/2025\/02\/arrow-right-long-solid-1-80x80.png 80w\" sizes=\"(max-width: 1600px) 100vw, 1600px\" \/><\/a><\/div>\n<\/div>\n\n\n\n<div style=\"height:100px\" aria-hidden=\"true\" class=\"wp-block-spacer\"><\/div>\n\n\n\n<h3 class=\"wp-block-heading\" id=\"principais-informacoes\">Principais Informa\u00e7\u00f5es  <\/h3>\n\n\n\n<div style=\"height:39px\" aria-hidden=\"true\" class=\"wp-block-spacer\"><\/div>\n\n\n\n<h5 class=\"wp-block-heading\"><strong>O que \u00e9 o est\u00e1gio?<\/strong><\/h5>\n\n\n\n<p>Est\u00e1gio \u00e9 o ato educativo escolar supervisionado desenvolvido pelos estudantes em ambientes profissionais, que visa \u00e0 prepara\u00e7\u00e3o para o mundo do trabalho. O est\u00e1gio integra o itiner\u00e1rio formativo do estudante.<\/p>\n\n\n\n<div style=\"height:29px\" aria-hidden=\"true\" class=\"wp-block-spacer\"><\/div>\n\n\n\n<h5 class=\"wp-block-heading has-text-align-left\"><strong>Quais s\u00e3o as legisla\u00e7\u00f5es e resolu\u00e7\u00f5es do IFG que tratam sobre est\u00e1gio curricular?<\/strong><\/h5>\n\n\n\n<p>Atualmente, a pr\u00e1tica de est\u00e1gio curricular no IFG segue as orienta\u00e7\u00f5es da Lei n\u00ba 11.788 de 25 de setembro de 2008 e da Resolu\u00e7\u00e3o n\u00ba 57 de 17 de novembro de 2014. <a href=\"https:\/\/ifg.edu.br\/inhumas\/campus\/extensao\/estagio?showall=&amp;start=2\" data-type=\"link\" data-id=\"https:\/\/ifg.edu.br\/inhumas\/campus\/extensao\/estagio?showall=&amp;start=2\">Os documentos podem ser acessados aqui<\/a>.<\/p>\n\n\n\n<div style=\"height:29px\" aria-hidden=\"true\" class=\"wp-block-spacer\"><\/div>\n\n\n\n<h5 class=\"wp-block-heading\"><strong>Quais s\u00e3o as modalidades de est\u00e1gio?<\/strong><\/h5>\n\n\n\n<p>O est\u00e1gio pode ser <strong>obrigat\u00f3rio<\/strong> conforme definido no Projeto Pedag\u00f3gico do Curso (PPC), cuja carga hor\u00e1ria \u00e9 requisito para aprova\u00e7\u00e3o e obten\u00e7\u00e3o do diploma, conforme o \u00a7 1\u00ba do art. 2\u00ba da Lei n\u00ba 11.788\/2008, e pode ser tamb\u00e9m <strong>n\u00e3o obrigat\u00f3rio<\/strong> quando desenvolvido como <strong>atividade opcional<\/strong>, acrescida \u00e0 carga hor\u00e1ria regular e obrigat\u00f3ria.<\/p>\n\n\n\n<p>&nbsp;<\/p>\n<p>&nbsp;<\/p>\n\n\n\n<h5 class=\"wp-block-heading\"><strong>O que \u00e9 Termo de Compromisso de Est\u00e1gio (TCE)? Como solicitar?<\/strong><\/h5>\n\n\n\n<p>O TCE \u00e9 um documento que regulamenta a contrata\u00e7\u00e3o dos estagi\u00e1rios e \u00e9 celebrado entre o estudante, a concedente do est\u00e1gio e o IFG, prevendo as condi\u00e7\u00f5es de adequa\u00e7\u00e3o do est\u00e1gio \u00e0 proposta pedag\u00f3gica do curso, \u00e0 etapa e modalidade da forma\u00e7\u00e3o escolar do estudante e ao hor\u00e1rio e calend\u00e1rio escolar. <a href=\"https:\/\/docs.google.com\/forms\/d\/e\/1FAIpQLScMn0gO9IK0_mQsWutNKJ0bxefEbhNw03KzHmEIiO_YdGULCA\/viewform\" data-type=\"link\" data-id=\"https:\/\/docs.google.com\/forms\/d\/e\/1FAIpQLScMn0gO9IK0_mQsWutNKJ0bxefEbhNw03KzHmEIiO_YdGULCA\/viewform\">Para solicitar a formula\u00e7\u00e3o do TCE, clique aqui<\/a>.<\/p>\n\n\n\n<div style=\"height:29px\" aria-hidden=\"true\" class=\"wp-block-spacer\"><\/div>\n\n\n\n<h5 class=\"wp-block-heading\" id=\"termo-aditivo\"><strong>O que \u00e9 Termo Aditivo?<\/strong><\/h5>\n\n\n\n<p>Termo Aditivo \u00e9 um documento complementar ao Termo de Compromisso de Est\u00e1gio (TCE) utilizado quando h\u00e1 necessidade de alterar alguma condi\u00e7\u00e3o previamente estabelecida no contrato de est\u00e1gio, como:<\/p>\n\n\n\n<ul class=\"wp-block-list\">\n<li>\u25cf Mudan\u00e7as no supervisor(a) ou orientador(a) do est\u00e1gio;<\/li>\n\n\n\n<li>\u25cf Ajustes na carga hor\u00e1ria di\u00e1ria e semanal do est\u00e1gio;<\/li>\n\n\n\n<li>\u25cf Altera\u00e7\u00f5es no per\u00edodo de realiza\u00e7\u00e3o do est\u00e1gio;<\/li>\n\n\n\n<li>\u25cf Demais altera\u00e7\u00f5es necess\u00e1rias.<\/li>\n<\/ul>\n\n\n\n<p>Esse termo visa formalizar as mudan\u00e7as de maneira legal e garantir que todas as partes envolvidas estejam cientes e concordem com as novas condi\u00e7\u00f5es. <a href=\"https:\/\/extensao.ifg.edu.br\/estagio-ifg-inhumas\/fluxo-de-estagio\/#termo-aditivo\" data-type=\"link\" data-id=\"https:\/\/extensao.ifg.edu.br\/estagio-ifg-inhumas\/fluxo-de-estagio\/#termo-aditivo\">Como solicitar a cria\u00e7\u00e3o do termo aditivo? Acesse aqui.<\/a><\/p>\n\n\n\n<hr class=\"wp-block-separator has-alpha-channel-opacity is-style-wide\" \/>\n\n\n\n<div style=\"height:75px\" aria-hidden=\"true\" class=\"wp-block-spacer\"><\/div>\n\n\n\n<h3 class=\"wp-block-heading\" id=\"equiparacao-validacao\">Equipara\u00e7\u00e3o e Valida\u00e7\u00e3o<\/h3>\n\n\n\n<div style=\"height:90px\" aria-hidden=\"true\" class=\"wp-block-spacer\"><\/div>\n\n\n\n<figure class=\"wp-block-image size-full\"><img loading=\"lazy\" decoding=\"async\" width=\"1490\" height=\"1079\" src=\"https:\/\/extensao.ifg.edu.br\/estagio-ifg-inhumas\/wp-content\/uploads\/sites\/35\/2025\/02\/image.png\" alt=\"Diferen\u00e7a entre Equipara\u00e7\u00e3o e Valida\u00e7\u00e3o do est\u00e1gio. Equipara\u00e7\u00e3o se refere ao reconhecimento de atividades acad\u00eamicas como equivalentes ao est\u00e1gio. J\u00e1 a valida\u00e7\u00e3o se refere ao reconhecimento do  v\u00ednculo formal de trabalho como est\u00e1gio.\" class=\"wp-image-235\" srcset=\"https:\/\/extensao.ifg.edu.br\/estagio-ifg-inhumas\/wp-content\/uploads\/sites\/35\/2025\/02\/image.png 1490w, https:\/\/extensao.ifg.edu.br\/estagio-ifg-inhumas\/wp-content\/uploads\/sites\/35\/2025\/02\/image-300x217.png 300w, https:\/\/extensao.ifg.edu.br\/estagio-ifg-inhumas\/wp-content\/uploads\/sites\/35\/2025\/02\/image-1024x742.png 1024w, https:\/\/extensao.ifg.edu.br\/estagio-ifg-inhumas\/wp-content\/uploads\/sites\/35\/2025\/02\/image-768x556.png 768w\" sizes=\"(max-width: 1490px) 100vw, 1490px\" \/><\/figure>\n\n\n\n<div style=\"height:107px\" aria-hidden=\"true\" class=\"wp-block-spacer\"><\/div>\n\n\n\n<h5 class=\"wp-block-heading\"><strong>\u00c9 poss\u00edvel a <mark style=\"background-color:#ffffff\" class=\"has-inline-color has-luminous-vivid-orange-color\">equipara\u00e7\u00e3o<\/mark> ao est\u00e1gio curricular por meio de atividades de extens\u00e3o, monitoria e inicia\u00e7\u00e3o cient\u00edfica e tecnol\u00f3gica? Como proceder para realizar a equipara\u00e7\u00e3o?<\/strong><\/h5>\n\n\n\n\n\n<p>Sim, desde que seja previsto no Projeto Pedag\u00f3gico do Curso (PPC), conforme o art. 1\u00ba, \u00a73\u00ba da Lei n\u00ba 11.788\/2008 e compatibilidade das a\u00e7\u00f5es desenvolvidas com os objetivos de forma\u00e7\u00e3o do curso.<\/p>\n\n\n\n<p>O estudante deve juntar todos os documentos para solicitar o processo de equipara\u00e7\u00e3o da seguinte forma:<\/p>\n\n\n\n<ol class=\"wp-block-list\">\n<li>Preencher e assinar o \u201cFormul\u00e1rio de Solicita\u00e7\u00e3o para Equipara\u00e7\u00e3o de Est\u00e1gio Curricular Obrigat\u00f3rio\u201d. <a href=\"https:\/\/view.officeapps.live.com\/op\/view.aspx?src=https%3A%2F%2Fifg.edu.br%2Fattachments%2Farticle%2F1349%2F8%2520-%2520Formul%25C3%25A1rio%2520de%2520Equipara%25C3%25A7%25C3%25A3o%2520(1).doc&amp;wdOrigin=BROWSELINK\" data-type=\"link\" data-id=\"https:\/\/view.officeapps.live.com\/op\/view.aspx?src=https%3A%2F%2Fifg.edu.br%2Fattachments%2Farticle%2F1349%2F8%2520-%2520Formul%25C3%25A1rio%2520de%2520Equipara%25C3%25A7%25C3%25A3o%2520(1).doc&amp;wdOrigin=BROWSELINK\">Acesse aqui o formul\u00e1rio<\/a>;<\/li>\n\n\n\n<li>Anexar ao formul\u00e1rio os documentos necess\u00e1rios, que est\u00e3o indicados abaixo;<\/li>\n\n\n\n<li>Solicitar a abertura do processo de valida\u00e7\u00e3o pela CIEE via e-mail: <strong>ciee.inhumas@ifg.edu.br<\/strong>;<\/li>\n<\/ol>\n\n\n\n<div style=\"height:29px\" aria-hidden=\"true\" class=\"wp-block-spacer\"><\/div>\n\n\n\n<h5 class=\"wp-block-heading\"><strong>Quais s\u00e3o os documentos necess\u00e1rios para solicitar a <mark style=\"background-color:#ffffff\" class=\"has-inline-color has-luminous-vivid-orange-color\">equipara\u00e7\u00e3o<\/mark> ao est\u00e1gio curricular na CIEE (Coordena\u00e7\u00e3o de Intera\u00e7\u00e3o Escola &#8211; Empresa\/ Coordena\u00e7\u00e3o de Est\u00e1gio)?<\/strong><\/h5>\n\n\n\n<p>Os documentos para realizar a equipara\u00e7\u00e3o ao est\u00e1gio podem ser acessados no link abaixo:<\/p>\n\n\n\n<div class=\"wp-block-group wp-elements-c7d4aa296599cf9491acdcb3ab3e687f\" style=\"font-size:20px\"><div class=\"wp-block-group__inner-container is-layout-constrained wp-block-group-is-layout-constrained\">\n<div class=\"wp-block-file alignleft\"><a id=\"wp-block-file--media-aceda87e-33cd-4d65-9a5b-46db42f8e935\" href=\"http:\/\/extensao.ifg.edu.br\/estagio-ifg-inhumas\/wp-content\/uploads\/sites\/35\/2025\/02\/Equiparacao-de-estagio-Documentos.pdf\">Equipara\u00e7\u00e3o de est\u00e1gio &#8211; Documentos<\/a><\/div>\n<\/div><\/div>\n\n\n\n<div style=\"height:68px\" aria-hidden=\"true\" class=\"wp-block-spacer\"><\/div>\n\n\n\n\n\n<h3 class=\"wp-block-heading\" id=\"equiparacao-validacao\">Est\u00e1gio Obrigat\u00f3rio e Est\u00e1gio n\u00e3o Obrigat\u00f3rio <\/h3>\n\n\n\n\n\n<div style=\"height:101px\" aria-hidden=\"true\" class=\"wp-block-spacer\"><\/div>\n\n\n\n<figure class=\"wp-block-image size-full\"><img loading=\"lazy\" decoding=\"async\" width=\"1536\" height=\"1024\" src=\"http:\/\/extensao.ifg.edu.br\/estagio-ifg-inhumas\/wp-content\/uploads\/sites\/35\/2025\/11\/estagio-correcao.png\" alt=\"\" class=\"wp-image-941\" srcset=\"https:\/\/extensao.ifg.edu.br\/estagio-ifg-inhumas\/wp-content\/uploads\/sites\/35\/2025\/11\/estagio-correcao.png 1536w, https:\/\/extensao.ifg.edu.br\/estagio-ifg-inhumas\/wp-content\/uploads\/sites\/35\/2025\/11\/estagio-correcao-300x200.png 300w, https:\/\/extensao.ifg.edu.br\/estagio-ifg-inhumas\/wp-content\/uploads\/sites\/35\/2025\/11\/estagio-correcao-1024x683.png 1024w, https:\/\/extensao.ifg.edu.br\/estagio-ifg-inhumas\/wp-content\/uploads\/sites\/35\/2025\/11\/estagio-correcao-768x512.png 768w\" sizes=\"(max-width: 1536px) 100vw, 1536px\" \/><\/figure>\n\n\n\n<div style=\"height:101px\" aria-hidden=\"true\" class=\"wp-block-spacer\"><\/div>\n\n\n\n<h5><strong>\u00c9 poss\u00edvel solicitar a <span style=\"color: #ff6600\">equipara\u00e7\u00e3o<\/span> entre est\u00e1gio n\u00e3o &#8211; obrigat\u00f3rio e est\u00e1gio curricular obrigat\u00f3rio?<\/strong><\/h5>\n<p style=\"text-align: left\">Sim, desde que previsto no\u00a0 Projeto Pedag\u00f3gico do Curso (PPC),como tamb\u00e9m indique que as atividades desenvolvidas nesse local de est\u00e1gio sejam compat\u00edveis com habilidades e compet\u00eancias exigidas pela forma\u00e7\u00e3o profissional do curso.<\/p>\n<p style=\"text-align: left\">O estudante deve juntar todos os documentos para solicitar o processo de equipara\u00e7\u00e3o da seguinte forma:<\/p>\n<p style=\"text-align: left\">1. Preencher e assinar o \u201cFormul\u00e1rio de Solicita\u00e7\u00e3o para Equipara\u00e7\u00e3o de Est\u00e1gio n\u00e3o \u2013<br \/>obrigat\u00f3rio para Curricular Obrigat\u00f3rio\u201d. <a href=\"http:\/\/extensao.ifg.edu.br\/estagio-ifg-inhumas\/wp-content\/uploads\/sites\/35\/2025\/11\/17-Formulario-de-Equiparacao-para-estagio-nao-obrigatorio-8.docx\">Acesse aqui o formul\u00e1rio <\/a>;<br \/>2. Anexar ao formul\u00e1rio os documentos necess\u00e1rios, que est\u00e3o indicados no rodap\u00e9 desse<br \/>mesmo documento;<br \/>3. Solicitar a abertura do processo de equipara\u00e7\u00e3o entre est\u00e1gio n\u00e3o &#8211; obrigat\u00f3rio ao curricular obrigat\u00f3rio pela CIEE via e-mail: ciee.inhumas@ifg.edu.br;<\/p>\n<p>\u00a0<\/p>\n<p>\u00a0<\/p>\n\n\n\n<h5 class=\"wp-block-heading\"><strong>\u00c9 poss\u00edvel a <mark style=\"background-color:#ffffff\" class=\"has-inline-color has-luminous-vivid-orange-color\">valida\u00e7\u00e3o<\/mark> ao est\u00e1gio curricular por meio do exerc\u00edcio de atividades profissionais na condi\u00e7\u00e3o de empregado, empres\u00e1rio ou aut\u00f4nomo? Como proceder para realizar a valida\u00e7\u00e3o?<\/strong><\/h5>\n\n\n\n<p>Sim, \u00e9 poss\u00edvel. Nesse caso, o estudante dever\u00e1 verificar a caracter\u00edstica de sua atividade profissional de acordo com o PPC;<br>Em seguida dever\u00e1:<\/p>\n\n\n\n<ol class=\"wp-block-list\">\n<li>Preencher e assinar o \u201cFormul\u00e1rio de Solicita\u00e7\u00e3o para Valida\u00e7\u00e3o de Est\u00e1gio Curricular Obrigat\u00f3rio\u201d. <a href=\"https:\/\/view.officeapps.live.com\/op\/view.aspx?src=https%3A%2F%2Fifg.edu.br%2Fattachments%2Farticle%2F1349%2F9%2520-%2520Formul%25C3%25A1rio%2520de%2520Valida%25C3%25A7%25C3%25A3o%2520(1).doc&amp;wdOrigin=BROWSELINK\" data-type=\"link\" data-id=\"https:\/\/view.officeapps.live.com\/op\/view.aspx?src=https%3A%2F%2Fifg.edu.br%2Fattachments%2Farticle%2F1349%2F9%2520-%2520Formul%25C3%25A1rio%2520de%2520Valida%25C3%25A7%25C3%25A3o%2520(1).doc&amp;wdOrigin=BROWSELINK\">Acesse aqui o formul\u00e1rio<\/a>;<\/li>\n\n\n\n<li>Anexar ao formul\u00e1rio os documentos necess\u00e1rios, que est\u00e3o indicados abaixo;<\/li>\n\n\n\n<li>Solicitar a abertura do processo de valida\u00e7\u00e3o pela CIEE via e-mail: <strong>ciee.inhumas@ifg.edu.br<\/strong>;<\/li>\n<\/ol>\n\n\n\n<div style=\"height:29px\" aria-hidden=\"true\" class=\"wp-block-spacer\"><\/div>\n\n\n\n<h5 class=\"wp-block-heading\"><strong>Quais s\u00e3o os documentos necess\u00e1rios para solicitar a <mark style=\"background-color:#ffffff\" class=\"has-inline-color has-luminous-vivid-orange-color\">valida\u00e7\u00e3o<\/mark> do est\u00e1gio curricular na CIEE (Coordena\u00e7\u00e3o de Intera\u00e7\u00e3o Escola &#8211; Empresa\/ Coordena\u00e7\u00e3o de Est\u00e1gio)?<\/strong><\/h5>\n\n\n\n<p>Os documentos para realizar a valida\u00e7\u00e3o do est\u00e1gio podem ser acessados no link abaixo:<\/p>\n\n\n\n<div class=\"wp-block-group wp-elements-35598e180eb7b56f015064ac91b60f14\" style=\"font-size:20px\"><div class=\"wp-block-group__inner-container is-layout-constrained wp-block-group-is-layout-constrained\">\n<div class=\"wp-block-file\"><a id=\"wp-block-file--media-3b485a07-914c-48ad-8c6f-727385d29efa\" href=\"http:\/\/extensao.ifg.edu.br\/estagio-ifg-inhumas\/wp-content\/uploads\/sites\/35\/2025\/02\/Validacao-de-estagio-Documentos.pdf\">Valida\u00e7\u00e3o de est\u00e1gio &#8211; Documentos<\/a><\/div>\n<\/div><\/div>\n\n\n\n<div style=\"height:29px\" aria-hidden=\"true\" class=\"wp-block-spacer\"><\/div>\n\n\n\n<hr class=\"wp-block-separator has-alpha-channel-opacity\" \/>\n\n\n\n<div style=\"height:29px\" aria-hidden=\"true\" class=\"wp-block-spacer\"><\/div>\n\n\n\n<h5 class=\"wp-block-heading\" id=\"horas-estagio\"><strong>Horas de est\u00e1gio exigidas por cada PPC (Projeto Pedag\u00f3gico de Curso):<\/strong><\/h5>\n\n\n\n<div style=\"height:25px\" aria-hidden=\"true\" class=\"wp-block-spacer\"><\/div>\n\n\n\n\n\n<p><a href=\"http:\/\/cursos.ifg.edu.br\/info\/tecint\/tecnico-quimica\/CP-INH\" data-type=\"link\" data-id=\"http:\/\/cursos.ifg.edu.br\/info\/tecint\/tecnico-quimica\/CP-INH\">T\u00e9cnico Integrado em Qu\u00edmica<\/a>: <strong>200 horas<\/strong>;<\/p>\n\n\n\n<p><a href=\"http:\/\/cursos.ifg.edu.br\/info\/tecint\/tec-inf-internet\/CP-INH\" data-type=\"link\" data-id=\"http:\/\/cursos.ifg.edu.br\/info\/tecint\/tec-inf-internet\/CP-INH\">T\u00e9cnico Integrado em Inform\u00e1tica para Internet<\/a>: <strong>200 horas<\/strong>;<\/p>\n\n\n\n<p><a href=\"http:\/\/cursos.ifg.edu.br\/info\/tecint\/tec-agroindustria\/CP-INH\" data-type=\"link\" data-id=\"http:\/\/cursos.ifg.edu.br\/info\/tecint\/tec-agroindustria\/CP-INH\">T\u00e9cnico Integrado em Agroind\u00fastria<\/a>: <strong>200 horas<\/strong>;<\/p>\n\n\n\n<p><a href=\"http:\/\/cursos.ifg.edu.br\/info\/bach\/cbcta\/CP-INH\" data-type=\"link\" data-id=\"http:\/\/cursos.ifg.edu.br\/info\/bach\/cbcta\/CP-INH\">Bacharelado em Ci\u00eancia e Tecnologia de Alimentos<\/a>: <strong>400 horas<\/strong>;<\/p>\n\n\n\n<p><a href=\"http:\/\/cursos.ifg.edu.br\/info\/bach\/bengs\/CP-INH\" data-type=\"link\" data-id=\"http:\/\/cursos.ifg.edu.br\/info\/bach\/bengs\/CP-INH\">Bacharelado em Engenharia de Software<\/a>: <strong>360 horas<\/strong>;<\/p>\n\n\n\n<p><a href=\"http:\/\/cursos.ifg.edu.br\/info\/lic\/lic-quimica\/CP-INH\" data-type=\"link\" data-id=\"http:\/\/cursos.ifg.edu.br\/info\/lic\/lic-quimica\/CP-INH\">Licenciatura em Qu\u00edmica<\/a>: <strong>405 horas<\/strong>.<\/p>\n\n\n\n<p>Bacharelado em Sistema de Informa\u00e7\u00e3o: <strong>400 horas<\/strong>.<\/p>\n\n\n\n<p><a href=\"http:\/\/cursos.ifg.edu.br\/\" target=\"_blank\" rel=\"noreferrer noopener\">O Projeto Pedag\u00f3gico (PPC) de cada curso pode ser acessado aqui.<\/a><\/p>\n","protected":false},"excerpt":{"rendered":"<p>Principais Informa\u00e7\u00f5es O que \u00e9 o est\u00e1gio? Est\u00e1gio \u00e9 o ato educativo escolar supervisionado desenvolvido pelos estudantes em ambientes profissionais, que visa \u00e0 prepara\u00e7\u00e3o para o mundo do trabalho. O est\u00e1gio integra o itiner\u00e1rio formativo do estudante. Quais s\u00e3o as legisla\u00e7\u00f5es e resolu\u00e7\u00f5es do IFG que tratam sobre est\u00e1gio curricular? Atualmente, a pr\u00e1tica de est\u00e1gio [&hellip;]<\/p>\n","protected":false},"author":120,"featured_media":0,"parent":0,"menu_order":2,"comment_status":"closed","ping_status":"closed","template":"","meta":{"_links_to":"","_links_to_type":0,"footnotes":""},"class_list":["post-28","page","type-page","status-publish","hentry"],"_links":{"self":[{"href":"https:\/\/extensao.ifg.edu.br\/estagio-ifg-inhumas\/wp-json\/wp\/v2\/pages\/28"}],"collection":[{"href":"https:\/\/extensao.ifg.edu.br\/estagio-ifg-inhumas\/wp-json\/wp\/v2\/pages"}],"about":[{"href":"https:\/\/extensao.ifg.edu.br\/estagio-ifg-inhumas\/wp-json\/wp\/v2\/types\/page"}],"author":[{"embeddable":true,"href":"https:\/\/extensao.ifg.edu.br\/estagio-ifg-inhumas\/wp-json\/wp\/v2\/users\/120"}],"replies":[{"embeddable":true,"href":"https:\/\/extensao.ifg.edu.br\/estagio-ifg-inhumas\/wp-json\/wp\/v2\/comments?post=28"}],"version-history":[{"count":254,"href":"https:\/\/extensao.ifg.edu.br\/estagio-ifg-inhumas\/wp-json\/wp\/v2\/pages\/28\/revisions"}],"predecessor-version":[{"id":964,"href":"https:\/\/extensao.ifg.edu.br\/estagio-ifg-inhumas\/wp-json\/wp\/v2\/pages\/28\/revisions\/964"}],"wp:attachment":[{"href":"https:\/\/extensao.ifg.edu.br\/estagio-ifg-inhumas\/wp-json\/wp\/v2\/media?parent=28"}],"curies":[{"name":"wp","href":"https:\/\/api.w.org\/{rel}","templated":true}]}}