{"id":18,"date":"2018-09-02T15:29:21","date_gmt":"2018-09-02T18:29:21","guid":{"rendered":"http:\/\/extensao.ifg.edu.br\/clubedeciencias\/?page_id=18"},"modified":"2018-09-09T17:14:49","modified_gmt":"2018-09-09T20:14:49","slug":"biblioteca","status":"publish","type":"page","link":"https:\/\/extensao.ifg.edu.br\/clubedeciencias\/biblioteca\/","title":{"rendered":"Biblioteca"},"content":{"rendered":"<p>Nessa p\u00e1gina encontram-se alguns materiais de refer\u00eancia sobre a educa\u00e7\u00e3o cient\u00edfica, a alfabetiza\u00e7\u00e3o cient\u00edfica, os clubes de ci\u00eancias e outros.<\/p>\n<table>\n<tbody>\n<tr>\n<td>Material<\/td>\n<\/tr>\n<tr>\n<td><a href=\"http:\/\/extensao.ifg.edu.br\/clubedeciencias\/wp-content\/uploads\/sites\/12\/2018\/09\/1753.pdf\" target=\"_blank\">Ensino de Ci\u00eancias nos Anos Iniciais Do Ensino Fundamental: o que pensam os professores <\/a><\/td>\n<\/tr>\n<tr>\n<td><a href=\"http:\/\/extensao.ifg.edu.br\/clubedeciencias\/wp-content\/uploads\/sites\/12\/2018\/09\/2014-Pra-Tomio-Clube-de-Ciencias-e-producao-em-educacao-cientifica.pdf\">Clube de Ci\u00eancias: condi\u00e7\u00f5es de produ\u00e7\u00e3o da pesquisa em educa\u00e7\u00e3o cient\u00edfica no Brasil <\/a><\/td>\n<\/tr>\n<tr>\n<td>\u00a0<a href=\"http:\/\/extensao.ifg.edu.br\/clubedeciencias\/wp-content\/uploads\/sites\/12\/2018\/09\/172-2.pdf\">Guia de orienta\u00e7\u00f5es para implementa\u00e7\u00e3o de um Clube de Ci\u00eancias<\/a><\/td>\n<\/tr>\n<tr>\n<td><\/td>\n<\/tr>\n<tr>\n<td><\/td>\n<\/tr>\n<tr>\n<td><\/td>\n<\/tr>\n<tr>\n<td><\/td>\n<\/tr>\n<tr>\n<td><\/td>\n<\/tr>\n<tr>\n<td><\/td>\n<\/tr>\n<\/tbody>\n<\/table>\n<p>&nbsp;<\/p>\n","protected":false},"excerpt":{"rendered":"<p>Nessa p\u00e1gina encontram-se alguns materiais de refer\u00eancia sobre a educa\u00e7\u00e3o cient\u00edfica, a alfabetiza\u00e7\u00e3o cient\u00edfica, os clubes de ci\u00eancias e outros. Material Ensino de Ci\u00eancias nos Anos Iniciais Do Ensino Fundamental: o que pensam os professores Clube de Ci\u00eancias: condi\u00e7\u00f5es de produ\u00e7\u00e3o da pesquisa em educa\u00e7\u00e3o cient\u00edfica no Brasil \u00a0Guia de orienta\u00e7\u00f5es para implementa\u00e7\u00e3o de um [&hellip;]<\/p>\n","protected":false},"author":39,"featured_media":0,"parent":0,"menu_order":0,"comment_status":"closed","ping_status":"closed","template":"","meta":{"_links_to":"","_links_to_type":0,"footnotes":""},"class_list":["post-18","page","type-page","status-publish","hentry"],"_links":{"self":[{"href":"https:\/\/extensao.ifg.edu.br\/clubedeciencias\/wp-json\/wp\/v2\/pages\/18"}],"collection":[{"href":"https:\/\/extensao.ifg.edu.br\/clubedeciencias\/wp-json\/wp\/v2\/pages"}],"about":[{"href":"https:\/\/extensao.ifg.edu.br\/clubedeciencias\/wp-json\/wp\/v2\/types\/page"}],"author":[{"embeddable":true,"href":"https:\/\/extensao.ifg.edu.br\/clubedeciencias\/wp-json\/wp\/v2\/users\/39"}],"replies":[{"embeddable":true,"href":"https:\/\/extensao.ifg.edu.br\/clubedeciencias\/wp-json\/wp\/v2\/comments?post=18"}],"version-history":[{"count":12,"href":"https:\/\/extensao.ifg.edu.br\/clubedeciencias\/wp-json\/wp\/v2\/pages\/18\/revisions"}],"predecessor-version":[{"id":69,"href":"https:\/\/extensao.ifg.edu.br\/clubedeciencias\/wp-json\/wp\/v2\/pages\/18\/revisions\/69"}],"wp:attachment":[{"href":"https:\/\/extensao.ifg.edu.br\/clubedeciencias\/wp-json\/wp\/v2\/media?parent=18"}],"curies":[{"name":"wp","href":"https:\/\/api.w.org\/{rel}","templated":true}]}}