{"id":5,"date":"2021-09-14T14:18:46","date_gmt":"2021-09-14T17:18:46","guid":{"rendered":"http:\/\/extensao.ifg.edu.br\/cienciafeitaaqui\/?page_id=5"},"modified":"2021-10-05T20:10:21","modified_gmt":"2021-10-05T23:10:21","slug":"quem-somos","status":"publish","type":"page","link":"https:\/\/extensao.ifg.edu.br\/cienciafeitaaqui\/quem-somos\/","title":{"rendered":"Quem Somos"},"content":{"rendered":"<p><b>DANIEL ORDINE VIEIRA LOPES<\/b><\/p>\n<figure id=\"attachment_44\" aria-describedby=\"caption-attachment-44\" style=\"width: 292px\" class=\"wp-caption alignnone\"><img loading=\"lazy\" decoding=\"async\" class=\"wp-image-44\" src=\"http:\/\/extensao.ifg.edu.br\/cienciafeitaaqui\/wp-content\/uploads\/sites\/16\/2021\/09\/Daniel-Ordine-1.jpeg\" alt=\"Daniel Ordine\" width=\"292\" height=\"325\" \/><figcaption id=\"caption-attachment-44\" class=\"wp-caption-text\">Ol\u00e1! Daniel Ordine<strong>,<\/strong> professor de F\u00edsica do c\u00e2mpus Formosa se apresentando. Sou o coordenador desse projeto, que criei porque acredito que a divulga\u00e7\u00e3o cient\u00edfica, em todas as \u00e1reas, seja fundamental para que tenhamos uma sociedade mais consciente e mais curiosa em entender como o mundo funciona.<\/figcaption><\/figure>\n<p><strong>ADRIANA MARTINI MARTINS<\/strong><\/p>\n<figure id=\"attachment_52\" aria-describedby=\"caption-attachment-52\" style=\"width: 289px\" class=\"wp-caption alignnone\"><img loading=\"lazy\" decoding=\"async\" class=\"wp-image-52\" src=\"http:\/\/extensao.ifg.edu.br\/cienciafeitaaqui\/wp-content\/uploads\/sites\/16\/2021\/09\/Adriana-Martini.jpeg\" alt=\"Adriana Martini\" width=\"289\" height=\"385\" \/><figcaption id=\"caption-attachment-52\" class=\"wp-caption-text\">Ol\u00e1 pessoal, eu sou a Adriana, professora de Qu\u00edmica no c\u00e2mpus Formosa. Sou uma entusiasta de a\u00e7\u00f5es de divulga\u00e7\u00e3o cient\u00edfica, e como tenho estudado sobre a participa\u00e7\u00e3o das mulheres nas ci\u00eancias, atualmente me preocupo especificamente em divulgar o trabalho cient\u00edfico realizado por elas (n\u00f3s ^.^). Espero que, atrav\u00e9s do nosso projeto, voc\u00eas possam conhecer mais da ci\u00eancia que fazemos aqui!<\/figcaption><\/figure>\n<p><strong>HAISSA MELO DE LIMA GUNTHER<\/strong><\/p>\n<figure id=\"attachment_50\" aria-describedby=\"caption-attachment-50\" style=\"width: 290px\" class=\"wp-caption alignnone\"><img loading=\"lazy\" decoding=\"async\" class=\"wp-image-50\" src=\"http:\/\/extensao.ifg.edu.br\/cienciafeitaaqui\/wp-content\/uploads\/sites\/16\/2021\/09\/Haissa-Lima.jpeg\" alt=\"Haissa Lima\" width=\"290\" height=\"337\" \/><figcaption id=\"caption-attachment-50\" class=\"wp-caption-text\">Ol\u00e1, sou a Haissa Lima, professora de biologia do campus Formosa e estou colaborando com esse maravilhoso projeto de divulga\u00e7\u00e3o cient\u00edfica do nosso IFG. Acredito que os resultados da ci\u00eancia que realizamos diariamente devem estar mais pr\u00f3ximo da sociedade e o meio de podcast \u00e9 uma alternativa para isso. Espero que aproveitem ao m\u00e1ximo o que ir\u00e3o ouvir.<\/figcaption><\/figure>\n<p><strong>GERALDO WITEZE JUNIOR\u00a0<\/strong><\/p>\n<figure id=\"attachment_94\" aria-describedby=\"caption-attachment-94\" style=\"width: 292px\" class=\"wp-caption alignnone\"><img loading=\"lazy\" decoding=\"async\" class=\"wp-image-94\" src=\"http:\/\/extensao.ifg.edu.br\/cienciafeitaaqui\/wp-content\/uploads\/sites\/16\/2021\/09\/Geraldo-Witeze.jpeg\" alt=\"Geraldo Witeze\" width=\"292\" height=\"292\" \/><figcaption id=\"caption-attachment-94\" class=\"wp-caption-text\">Oi, gente! Meu nome \u00e9 Geraldo, sou professor de Hist\u00f3ria no IFG em An\u00e1polis. Gosto muito de ler, ver e ouvir materiais de divulga\u00e7\u00e3o cient\u00edfica sobre diversos assuntos, por isso fiquei muito animado em participar deste projeto. Os pesquisadores do IFG produzem muito conhecimento e esperamos contribuir para divulg\u00e1-lo.<\/figcaption><\/figure>\n<p><strong>RANGEL GOMES GODINHO<\/strong><\/p>\n<figure id=\"attachment_51\" aria-describedby=\"caption-attachment-51\" style=\"width: 293px\" class=\"wp-caption alignnone\"><img loading=\"lazy\" decoding=\"async\" class=\"wp-image-51\" src=\"http:\/\/extensao.ifg.edu.br\/cienciafeitaaqui\/wp-content\/uploads\/sites\/16\/2021\/09\/Rangel-Gomes.jpeg\" alt=\"Rangel Gomes\" width=\"293\" height=\"260\" \/><figcaption id=\"caption-attachment-51\" class=\"wp-caption-text\">Sauda\u00e7\u00f5es! Sou Rangel Gomes Godinho, professor de Geografia do IFG-Campus An\u00e1polis. Colaboro com o projeto na realiza\u00e7\u00e3o de entrevistas com pesquisadores(as) do IFG que fazem a ci\u00eancia se desenvolver na institui\u00e7\u00e3o e assim semeiam conhecimento, consci\u00eancia na constru\u00e7\u00e3o de um mundo melhor.<\/figcaption><\/figure>\n<p><strong>MICHELLE EDUARDA BARBOSA SOARES<\/strong><\/p>\n<figure id=\"attachment_40\" aria-describedby=\"caption-attachment-40\" style=\"width: 292px\" class=\"wp-caption alignnone\"><img loading=\"lazy\" decoding=\"async\" class=\"wp-image-40\" src=\"http:\/\/extensao.ifg.edu.br\/cienciafeitaaqui\/wp-content\/uploads\/sites\/16\/2021\/09\/eu.jpg\" alt=\"Michelle\" width=\"292\" height=\"327\" \/><figcaption id=\"caption-attachment-40\" class=\"wp-caption-text\">Ol\u00e1 pessoal, sou Michelle uma das editoras do projeto e fa\u00e7o as imagens, posts para divulga\u00e7\u00f5es e tamb\u00e9m edito os podcasts, sou do IFG-Campus An\u00e1polis e entrei nesse projeto porque junto com os objetivos do projeto de divulga\u00e7\u00e3o da ci\u00eancia em nossos campus, tamb\u00e9m quero fazer parte desse passo incr\u00edvel que estamos dando em dire\u00e7\u00e3o a uma ci\u00eancia que possa ser conhecida por todos.<\/figcaption><\/figure>\n<p><strong>\u00cdTALO HENRIQUE BATISTA <\/strong><strong>DE CARVALHO<\/strong><\/p>\n<figure id=\"attachment_41\" aria-describedby=\"caption-attachment-41\" style=\"width: 289px\" class=\"wp-caption alignnone\"><img loading=\"lazy\" decoding=\"async\" class=\"wp-image-41\" src=\"http:\/\/extensao.ifg.edu.br\/cienciafeitaaqui\/wp-content\/uploads\/sites\/16\/2021\/09\/\u00cdtalo.jpeg\" alt=\"\u00cdtalo\" width=\"289\" height=\"362\" \/><figcaption id=\"caption-attachment-41\" class=\"wp-caption-text\">Ol\u00e1 gente, sou \u00cdtalo Henrique um dos editores do programa, sou novo no assunto &#8220;editar&#8221;, mas pretendo fazer o melhor para melhorar a sua e a minha experi\u00eancia. Adoro jogar, ver animes e outras coisas do mundo geek al\u00e9m de gostar de falar sobre tudo a ver com a \u00e1rea de pol\u00edtica. Entrei agora no campus formosa-GO, estou adorando o pouco tempo que estou aqui, temos \u00f3timos profissionais al\u00e9m de um \u00f3timo ambiente de estudo.<\/figcaption><\/figure>\n","protected":false},"excerpt":{"rendered":"<p>DANIEL ORDINE VIEIRA LOPES ADRIANA MARTINI MARTINS HAISSA MELO DE LIMA GUNTHER GERALDO WITEZE JUNIOR\u00a0 RANGEL GOMES GODINHO MICHELLE EDUARDA BARBOSA SOARES \u00cdTALO HENRIQUE BATISTA DE CARVALHO<\/p>\n","protected":false},"author":62,"featured_media":0,"parent":0,"menu_order":0,"comment_status":"closed","ping_status":"closed","template":"","meta":{"_links_to":"","_links_to_type":0,"footnotes":""},"class_list":["post-5","page","type-page","status-publish","hentry"],"_links":{"self":[{"href":"https:\/\/extensao.ifg.edu.br\/cienciafeitaaqui\/wp-json\/wp\/v2\/pages\/5"}],"collection":[{"href":"https:\/\/extensao.ifg.edu.br\/cienciafeitaaqui\/wp-json\/wp\/v2\/pages"}],"about":[{"href":"https:\/\/extensao.ifg.edu.br\/cienciafeitaaqui\/wp-json\/wp\/v2\/types\/page"}],"author":[{"embeddable":true,"href":"https:\/\/extensao.ifg.edu.br\/cienciafeitaaqui\/wp-json\/wp\/v2\/users\/62"}],"replies":[{"embeddable":true,"href":"https:\/\/extensao.ifg.edu.br\/cienciafeitaaqui\/wp-json\/wp\/v2\/comments?post=5"}],"version-history":[{"count":11,"href":"https:\/\/extensao.ifg.edu.br\/cienciafeitaaqui\/wp-json\/wp\/v2\/pages\/5\/revisions"}],"predecessor-version":[{"id":97,"href":"https:\/\/extensao.ifg.edu.br\/cienciafeitaaqui\/wp-json\/wp\/v2\/pages\/5\/revisions\/97"}],"wp:attachment":[{"href":"https:\/\/extensao.ifg.edu.br\/cienciafeitaaqui\/wp-json\/wp\/v2\/media?parent=5"}],"curies":[{"name":"wp","href":"https:\/\/api.w.org\/{rel}","templated":true}]}}